758
CXAK56 PAFG 211221
CF6OME
PRELIMINARY LOCAL CLIMATOLOGICAL DATA (WS FORM: F-6)

                                          STATION:   NOME AK
                                          MONTH:     NOVEMBER
                                          YEAR:      2017
                                          LATITUDE:   64 30 N
                                          LONGITUDE: 165 26 W

  TEMPERATURE IN F:       :PCPN:    SNOW:  WIND      :SUNSHINE: SKY     :PK WND
================================================================================
1   2   3   4   5  6A  6B    7    8   9   10  11  12  13   14  15   16   17  18
                                     12Z  AVG MX 2MIN
DY MAX MIN AVG DEP HDD CDD  WTR  SNW DPTH SPD SPD DIR MIN PSBL S-S WX    SPD DR
================================================================================

 1  35  11  23   1  42   0 0.02  0.0    6  7.7 17 220   M    M   6 128    20 220
 2  43  32  38  17  27   0 0.01  0.0    5 11.8 18 280   M    M   8 18     22 260
 3  36  32  34  13  31   0 0.01  0.0    3  6.7 21 120   M    M  10 1      25 110
 4  37  32  35  14  30   0 0.05  0.1    2 16.9 26 280   M    M   9 1      31 280
 5  34  26  30  10  35   0 0.00  0.0    1  8.5 26 280   M    M   5        30 280
 6  36  30  33  13  32   0 0.00  0.0    1 13.4 23 140   M    M   9 1      33 110
 7  37  32  35  15  30   0 0.08  1.0    1 17.5 32 160   M    M   8 1      40 160
 8  36  28  32  13  33   0 0.59  6.9    1 20.2 40 200   M    M   9 1      47 200
 9  29  20  25   6  40   0    T  0.3    7 14.8 33 290   M    M   9 1689   39 290
10  25  10  18  -1  47   0 0.00  0.0    7  4.9 13  80   M    M   6 1      15  70
11  37  24  31  13  34   0 0.21  1.3    8 20.2 39 260   M    M  10 16     47 260
12  33  19  26   8  39   0    T    T    2 11.9 35 270   M    M   6 1      43 260
13  26  17  22   4  43   0 0.00  0.0    1  4.0 12 340   M    M   2        12 330
14  32  23  28  11  37   0    T    T    1 13.5 23 130   M    M   8        29 140
15  34  30  32  15  33   0 0.40  3.9    4  8.3 22 130   M    M  10 16     26 140
16  33  23  28  11  37   0 0.05  0.4    4 13.1 25 300   M    M   9 1      31 280
17  27   9  18   2  47   0 0.00  0.0    4  7.4 22 310   M    M   5 1      27 310
18  28   9  19   3  46   0 0.31  5.3    4 18.7 32 110   M    M   9 12     40 120
19  26   5  16   0  49   0 0.10  1.6   11 13.4 30  20   M    M   7 1      35  10
20  27   0  14  -1  51   0 0.03  0.5   11 16.4 38 140   M    M   6 12     47 140
================================================================================
SM  651  412       763   0  1.86    21.3 249.3          M      151
================================================================================
AV 32.6 20.6                              12.5 FASTST   M    M   8    MAX(MPH)
                                 MISC ---->  # 40 200               # 47  200
================================================================================
NOTES:
# LAST OF SEVERAL OCCURRENCES

COLUMN 17 PEAK WIND IN M.P.H.

PRELIMINARY LOCAL CLIMATOLOGICAL DATA (WS FORM: F-6) , PAGE 2

                                          STATION:  NOME AK
                                          MONTH:    NOVEMBER
                                          YEAR:     2017
                                          LATITUDE:   64 30 N
                                          LONGITUDE: 165 26 W

[TEMPERATURE DATA]      [PRECIPITATION DATA]       SYMBOLS USED IN COLUMN 16

AVERAGE MONTHLY: 26.6   TOTAL FOR MONTH:   1.86    1 = FOG OR MIST
DPTR FM NORMAL:   8.1   DPTR FM NORMAL:    1.01    2 = FOG REDUCING VISIBILITY
HIGHEST:    43 ON  2    GRTST 24HR  0.59 ON  8- 8      TO 1/4 MILE OR LESS
LOWEST:      0 ON 20                               3 = THUNDER
                        SNOW, ICE PELLETS, HAIL    4 = ICE PELLETS
                        TOTAL MONTH:  21.3 INCHES  5 = HAIL
                        GRTST 24HR   6.9 ON  8- 8  6 = FREEZING RAIN OR DRIZZLE
                        GRTST DEPTH:  11 ON 20,19  7 = DUSTSTORM OR SANDSTORM:
                                                       VSBY 1/2 MILE OR LESS
                                                   8 = SMOKE OR HAZE
[NO. OF DAYS WITH]      [WEATHER - DAYS WITH]      9 = BLOWING SNOW
                                                   X = TORNADO
MAX 32 OR BELOW:   8    0.01 INCH OR MORE:  12
MAX 90 OR ABOVE:   0    0.10 INCH OR MORE:   5
MIN 32 OR BELOW:  20    0.50 INCH OR MORE:   1
MIN  0 OR BELOW:   1    1.00 INCH OR MORE:   0

[HDD (BASE 65) ]
TOTAL THIS MO.   763    CLEAR  (SCALE 0-3)   1
DPTR FM NORMAL  -169    PTCLDY (SCALE 4-7)  10
TOTAL FM JUL 1  3318    CLOUDY (SCALE 8-10)  9
DPTR FM NORMAL  -264

[CDD (BASE 65) ]
TOTAL THIS MO.     0
DPTR FM NORMAL     0    [PRESSURE DATA]
TOTAL FM JAN 1     4    HIGHEST SLP M ON M
DPTR FM NORMAL     1    LOWEST  SLP 29.34 ON 12

[REMARKS]
