000
CXUS56 KOTX 251500
CF6OMK
PRELIMINARY LOCAL CLIMATOLOGICAL DATA (WS FORM: F-6)

                                          STATION:   OMAK WA AIRPORT
                                          MONTH:     DECEMBER
                                          YEAR:      2014
                                          LATITUDE:   48 27 N
                                          LONGITUDE: 119 31 W

  TEMPERATURE IN F:       :PCPN:    SNOW:  WIND      :SUNSHINE: SKY     :PK WND
================================================================================
1   2   3   4   5  6A  6B    7    8   9   10  11  12  13   14  15   16   17  18
                                     12Z  AVG MX 2MIN
DY MAX MIN AVG DEP HDD CDD  WTR  SNW DPTH SPD SPD DIR MIN PSBL S-S WX    SPD DR
================================================================================

 1  21   9  15 -15  50   0 0.00    M    M  3.4  8 360   M    M   4         9 350
 2  26   6  16 -13  49   0 0.00    M    M  5.6 16 350   M    M   1        21 340
 3  28  16  22  -7  43   0 0.00    M    M 11.2 20 340   M    M   1        26 340
 4  28  21  25  -3  40   0    T    M    M  8.1 13 360   M    M  10        17  10
 5  31  27  29   1  36   0    T    M    M  2.0  8  10   M    M  10 18      9  10
 6  37  31  34   6  31   0 0.17    M    M  5.0 17 190   M    M  10 16     23 180
 7  38  32  35   8  30   0 0.00    M    M  1.2  6 350   M    M  10 1       9 350
 8  37  30  34   7  31   0 0.04    M    M  1.9  8 150   M    M   9 1       9 150
 9  41  36  39  12  26   0 0.21    M    M  6.6 20 210   M    M  10 1      25 220
10  45  36  41  15  24   0 0.31    M    M  4.8 16 200   M    M   8 12     21 210
11  44  34  39  13  26   0 0.21    M    M  5.8 18 320   M    M   5 1      21 320
12  43  28  36  10  29   0 0.00    M    M  1.4 13 210   M    M   1 12     15 210
13  41  22  32   6  33   0 0.00    M    M  2.1  7 330   M    M   3 12      8 340
14  34  27  31   5  34   0 0.00    M    M  5.9 14 350   M    M   7        17 350
15  38  26  32   7  33   0 0.00    M    M  4.1 12 360   M    M   7        14 360
16  33  30  32   7  33   0 0.02    M    M  2.2 13  10   M    M  10 1      15  20
17  33  32  33   8  32   0 0.11    M    M  0.9  6 280   M    M  10 12      6 250
18  37  33  35  10  30   0 0.21    M    M  3.6  9 190   M    M   9 1      16 180
19  39  33  36  11  29   0 0.38    M    M  2.6 12 210   M    M  10 1      16 210
20  36  33  35  11  30   0 0.83    M    M  0.8  8 140   M    M  10 1      10 140
21  51  32  42  18  23   0 0.03    M    M  7.7 21 190   M    M   1 1      24 190
22  46  26  36  12  29   0 0.00    M    M  2.7  9 250   M    M   0        13  20
23  42  32  37  13  28   0 0.00    M    M  6.6 15 220   M    M   9        19 230
24  40  26  33   9  32   0 0.00    M    M  3.7 12 360   M    M   4        14 350
================================================================================
SM  889  658       781   0  2.52    M     99.9          M      159
================================================================================
AV 37.0 27.4                               4.2 FASTST   M    M   7    MAX(MPH)
                                 MISC ---->  # 21 190               # 26  340
================================================================================
NOTES:
# LAST OF SEVERAL OCCURRENCES

COLUMN 17 PEAK WIND IN M.P.H.

PRELIMINARY LOCAL CLIMATOLOGICAL DATA (WS FORM: F-6) , PAGE 2

                                          STATION:  OMAK WA AIRPORT
                                          MONTH:    DECEMBER
                                          YEAR:     2014
                                          LATITUDE:   48 27 N
                                          LONGITUDE: 119 31 W

[TEMPERATURE DATA]      [PRECIPITATION DATA]       SYMBOLS USED IN COLUMN 16

AVERAGE MONTHLY: 32.2   TOTAL FOR MONTH:   2.52    1 = FOG OR MIST
DPTR FM NORMAL:   6.1   DPTR FM NORMAL:    0.62    2 = FOG REDUCING VISIBILITY
HIGHEST:    51 ON 21    GRTST 24HR  0.86 ON 20-21      TO 1/4 MILE OR LESS
LOWEST:      6 ON  2                               3 = THUNDER
                        SNOW, ICE PELLETS, HAIL    4 = ICE PELLETS
                        TOTAL MONTH:    M          5 = HAIL
                        GRTST 24HR    M  ON   M    6 = FREEZING RAIN OR DRIZZLE
                        GRTST DEPTH:  M  ON   M    7 = DUSTSTORM OR SANDSTORM:
                                                       VSBY 1/2 MILE OR LESS
                                                   8 = SMOKE OR HAZE
[NO. OF DAYS WITH]      [WEATHER - DAYS WITH]      9 = BLOWING SNOW
                                                   X = TORNADO
MAX 32 OR BELOW:   5    0.01 INCH OR MORE:  11
MAX 90 OR ABOVE:   0    0.10 INCH OR MORE:   8
MIN 32 OR BELOW:  18    0.50 INCH OR MORE:   1
MIN  0 OR BELOW:   0    1.00 INCH OR MORE:   0

[HDD (BASE 65) ]
TOTAL THIS MO.   781    CLEAR  (SCALE 0-3)   6
DPTR FM NORMAL  -152    PTCLDY (SCALE 4-7)   5
TOTAL FM JUL 1  2178    CLOUDY (SCALE 8-10) 13
DPTR FM NORMAL  -288

[CDD (BASE 65) ]
TOTAL THIS MO.     0
DPTR FM NORMAL     0    [PRESSURE DATA]
TOTAL FM JAN 1   873    HIGHEST SLP M ON M
DPTR FM NORMAL   208    LOWEST  SLP  0.00 ON M

[REMARKS]
