000
CXUS56 KBOI 011002
CF6ONO
PRELIMINARY LOCAL CLIMATOLOGICAL DATA (WS FORM: F-6)

                                          STATION:   ONTARIO OR
                                          MONTH:     JULY
                                          YEAR:      2015
                                          LATITUDE:   44  1 N
                                          LONGITUDE: 117  1 W

  TEMPERATURE IN F:       :PCPN:    SNOW:  WIND      :SUNSHINE: SKY     :PK WND
================================================================================
1   2   3   4   5  6A  6B    7    8   9   10  11  12  13   14  15   16   17  18
                                     12Z  AVG MX 2MIN
DY MAX MIN AVG DEP HDD CDD  WTR  SNW DPTH SPD SPD DIR MIN PSBL S-S WX    SPD DR
================================================================================

 1 106  73  90  17   0  25 0.00    M    M  4.3 15 320   M    M   0        33 210
 2 107  68  88  15   0  23 0.00    M    M  5.2 17 320   M    M   0        21 320
 3 105  71  88  15   0  23 0.00    M    M  4.1 14 330   M    M   0        18  20
 4 101  67  84  10   0  19 0.00    M    M  4.8 10 300   M    M   0        18 320
 5  95  69  82   8   0  17 0.00    M    M  8.1 23 160   M    M   0 8      29 150
 6  97  61  79   5   0  14 0.00    M    M  4.0 12 150   M    M   0 8      15 140
 7  97  63  80   5   0  15    T    M    M  3.1 15 270   M    M   2        18 260
 8  92  63  78   3   0  13 0.11    M    M  6.4 21 190   M    M   0 38     31  50
 9  88  61  75   0   0  10    T    M    M  1.9  6  99   M    M   2 8       M  M
10  89  61  75   0   0  10 0.02    M    M  5.4 23 140   M    M   1 8      29 170
11  88  64  76   0   0  11 0.03    M    M  3.8 31 240   M    M   4 38     40 240
12  87  56  72  -4   0   7 0.22    M    M  4.3 24 310   M    M   3 13     32 250
13  83  55  69  -7   0   4 0.00    M    M  5.7 16 330   M    M   1        22 300
14  90  55  73  -3   0   8    T    M    M  5.9 25 310   M    M   0        31 310
15  93  59  76   0   0  11 0.00    M    M  6.5 16 320   M    M   0        22 330
16  91  59  75  -2   0  10 0.00    M    M 10.1 26 330   M    M   0        33 330
17  87  62  75  -2   0  10 0.00    M    M 11.6 20 320   M    M   0        26 320
18  90  57  74  -3   0   9 0.00    M    M  4.0 13 330   M    M   0        16 330
19  94  55  75  -2   0  10 0.00    M    M  2.8  8  50   M    M   0        13  80
20  99  56  78   1   0  13 0.00    M    M  4.6 22 320   M    M   0        28 320
21  98  70  84   7   0  19    T    M    M  9.8 28 170   M    M   0 38     41 160
22  92  64  78   1   0  13 0.11    M    M  4.6 35 230   M    M   2 138    44 230
23  90  58  74  -3   0   9 0.00    M    M  4.3 14 170   M    M   0 18     18 170
24  93  57  75  -3   0  10 0.00    M    M  4.7 15 320   M    M   0 8      18 320
25  92  66  79   1   0  14 0.00    M    M  6.9 26 320   M    M   0        31 310
26  86  62  74  -4   0   9    T    M    M 12.1 35 320   M    M   3        42 320
27  80  57  69  -9   0   4 0.00    M    M 14.0 25 310   M    M   3        32 300
28  82  44  63 -14   2   0 0.00    M    M  2.8  8 170   M    M   0 8      14 230
29  89  46  68  -9   0   3 0.00    M    M  2.7  9 180   M    M   0 8      12 170
30  97  51  74  -3   0   9 0.00    M    M  1.9  7 160   M    M   0        10 140
31 102  54  78   1   0  13 0.00    M    M  3.0  7 170   M    M   0        10 170
================================================================================
SM 2880 1864         2 365  0.49    M    173.4          M       21
================================================================================
AV 92.9 60.1                               5.6 FASTST   M    M   1    MAX(MPH)
                                 MISC ---->  # 35 230               # 44  230
================================================================================
NOTES:
# LAST OF SEVERAL OCCURRENCES

COLUMN 17 PEAK WIND IN M.P.H.

PRELIMINARY LOCAL CLIMATOLOGICAL DATA (WS FORM: F-6) , PAGE 2

                                          STATION:  ONTARIO OR
                                          MONTH:    JULY
                                          YEAR:     2015
                                          LATITUDE:   44  1 N
                                          LONGITUDE: 117  1 W

[TEMPERATURE DATA]      [PRECIPITATION DATA]       SYMBOLS USED IN COLUMN 16

AVERAGE MONTHLY: 76.5   TOTAL FOR MONTH:   0.49    1 = FOG OR MIST
DPTR FM NORMAL:   0.4   DPTR FM NORMAL:    0.19    2 = FOG REDUCING VISIBILITY
HIGHEST:   107 ON  2    GRTST 24HR  0.22 ON 11-12      TO 1/4 MILE OR LESS
LOWEST:     44 ON 28                               3 = THUNDER
                        SNOW, ICE PELLETS, HAIL    4 = ICE PELLETS
                        TOTAL MONTH:    M          5 = HAIL
                        GRTST 24HR    M  ON   M    6 = FREEZING RAIN OR DRIZZLE
                        GRTST DEPTH:  M  ON   M    7 = DUSTSTORM OR SANDSTORM:
                                                       VSBY 1/2 MILE OR LESS
                                                   8 = SMOKE OR HAZE
[NO. OF DAYS WITH]      [WEATHER - DAYS WITH]      9 = BLOWING SNOW
                                                   X = TORNADO
MAX 32 OR BELOW:   0    0.01 INCH OR MORE:   5
MAX 90 OR ABOVE:  21    0.10 INCH OR MORE:   3
MIN 32 OR BELOW:   0    0.50 INCH OR MORE:   0
MIN  0 OR BELOW:   0    1.00 INCH OR MORE:   0

[HDD (BASE 65) ]
TOTAL THIS MO.     2    CLEAR  (SCALE 0-3)  30
DPTR FM NORMAL    -3    PTCLDY (SCALE 4-7)   1
TOTAL FM JUL 1     2    CLOUDY (SCALE 8-10)  0
DPTR FM NORMAL    -3

[CDD (BASE 65) ]
TOTAL THIS MO.   365
DPTR FM NORMAL    17    [PRESSURE DATA]
TOTAL FM JAN 1   763    HIGHEST SLP 30.19 ON 29
DPTR FM NORMAL   240    LOWEST  SLP 29.57 ON  9

[REMARKS]
#FINAL-07-15#
