000
CXUS56 KSGX 251545
CF6ONT
PRELIMINARY LOCAL CLIMATOLOGICAL DATA (WS FORM: F-6)

                                          STATION:   ONTARIO INTL AIRPORT CA
                                          MONTH:     MAY
                                          YEAR:      2016
                                          LATITUDE:   34  2 N
                                          LONGITUDE: 117 37 W

  TEMPERATURE IN F:       :PCPN:    SNOW:  WIND      :SUNSHINE: SKY     :PK WND
================================================================================
1   2   3   4   5  6A  6B    7    8   9   10  11  12  13   14  15   16   17  18
                                     12Z  AVG MX 2MIN
DY MAX MIN AVG DEP HDD CDD  WTR  SNW DPTH SPD SPD DIR MIN PSBL S-S WX    SPD DR
================================================================================

 1  77  50  64  -1   1   0 0.00  0.0    0  7.2 17 270   M    M   3        22 280
 2  87  53  70   5   0   5 0.00  0.0    0  5.8 20 250   M    M   3 8      26 240
 3  92  57  75  10   0  10 0.00  0.0    0  6.3 20 260   M    M   4        25 260
 4  80  54  67   1   0   2    T  0.0    0  9.2 23 240   M    M   5 18     30 250
 5  66  54  60  -6   5   0 0.01  0.0    0  8.9 20 220   M    M   9 1      25 230
 6  66  43  55 -11  10   0 1.26    M    0  8.0 20 310   M    M   8 135    23 310
 7  66  54  60  -6   5   0 0.00  0.0    0  8.0 18 260   M    M   7        20 260
 8  68  52  60  -6   5   0 0.00  0.0    0  7.6 16 250   M    M   7        16 250
 9  72  57  65  -1   0   0 0.00  0.0    0  7.8 14 240   M    M   6        21 240
10  76  55  66   0   0   1 0.00  0.0    0  7.3 15 240   M    M   5 18     15 240
11  83  58  71   4   0   6 0.00  0.0    0  7.0 16 250   M    M   6 18     21 250
12  91  57  74   7   0   9 0.00  0.0    0  8.0 21 250   M    M   0 18     26 250
13  88  57  73   6   0   8 0.00  0.0    0  9.8 20 250   M    M   3 18     20 250
14  76  60  68   1   0   3 0.00  0.0    0 10.3 20 220   M    M   7 8      24 220
15  67  59  63  -4   2   0    T  0.0    0 10.7 15 260   M    M   9        15 260
16  71  58  65  -2   0   0    T  0.0    0  9.2 18 270   M    M   8        23 280
17  78  59  69   2   0   4 0.00  0.0    0 10.0 18 250   M    M   6 8      25 270
18  82  59  71   3   0   6 0.00  0.0    0  7.7 21 270   M    M   5 8      26 240
19  79  59  69   1   0   4 0.00  0.0    0  7.1 17 270   M    M   7 18     23 250
20  72  56  64  -4   1   0    T  0.0    0 10.2 22 250   M    M   7        28 290
21  70  51  61  -7   4   0 0.00  0.0    0  8.6 20 220   M    M   5        25 230
22  74  49  62  -6   3   0 0.00  0.0    0  7.2 18 240   M    M   2        24 270
23  73  51  62  -6   3   0 0.00  0.0    0  6.7 17 250   M    M   4        23 250
24  72  55  64  -4   1   0 0.00  0.0    0  9.1 20 230   M    M   7        25 220
================================================================================
SM 1826 1317        40  58  1.27     0.0 197.7          M      133
================================================================================
AV 76.1 54.9                               8.2 FASTST   M    M   6    MAX(MPH)
                                 MISC ---->  # 23 240               # 30  250
================================================================================
NOTES:
# LAST OF SEVERAL OCCURRENCES

COLUMN 17 PEAK WIND IN M.P.H.

PRELIMINARY LOCAL CLIMATOLOGICAL DATA (WS FORM: F-6) , PAGE 2

                                          STATION:  ONTARIO INTL AIRPORT CA
                                          MONTH:    MAY
                                          YEAR:     2016
                                          LATITUDE:   34  2 N
                                          LONGITUDE: 117 37 W

[TEMPERATURE DATA]      [PRECIPITATION DATA]       SYMBOLS USED IN COLUMN 16

AVERAGE MONTHLY: 65.5   TOTAL FOR MONTH:   1.27    1 = FOG OR MIST
DPTR FM NORMAL:  -1.3   DPTR FM NORMAL:    1.00    2 = FOG REDUCING VISIBILITY
HIGHEST:    92 ON  3    GRTST 24HR  1.27 ON  5- 6      TO 1/4 MILE OR LESS
LOWEST:     43 ON  6                               3 = THUNDER
                        SNOW, ICE PELLETS, HAIL    4 = ICE PELLETS
                        TOTAL MONTH:   0.0 INCH    5 = HAIL
                        GRTST 24HR     0.0         6 = FREEZING RAIN OR DRIZZLE
                        GRTST DEPTH:   0           7 = DUSTSTORM OR SANDSTORM:
                                                       VSBY 1/2 MILE OR LESS
                                                   8 = SMOKE OR HAZE
[NO. OF DAYS WITH]      [WEATHER - DAYS WITH]      9 = BLOWING SNOW
                                                   X = TORNADO
MAX 32 OR BELOW:   0    0.01 INCH OR MORE:   2
MAX 90 OR ABOVE:   2    0.10 INCH OR MORE:   1
MIN 32 OR BELOW:   0    0.50 INCH OR MORE:   1
MIN  0 OR BELOW:   0    1.00 INCH OR MORE:   1

[HDD (BASE 65) ]
TOTAL THIS MO.    40    CLEAR  (SCALE 0-3)   5
DPTR FM NORMAL     8    PTCLDY (SCALE 4-7)  16
TOTAL FM JUL 1  1214    CLOUDY (SCALE 8-10)  3
DPTR FM NORMAL  -311

[CDD (BASE 65) ]
TOTAL THIS MO.    58
DPTR FM NORMAL   -20    [PRESSURE DATA]
TOTAL FM JAN 1   215    HIGHEST SLP M ON M
DPTR FM NORMAL    78    LOWEST  SLP 29.81 ON 20

[REMARKS]
