000
CXUS54 KMRX 191000
CF6OQT
PRELIMINARY LOCAL CLIMATOLOGICAL DATA (WS FORM: F-6)

                                          STATION:   OAK_RIDGE_(ASOS)
                                          MONTH:     AUGUST
                                          YEAR:      2017
                                          LATITUDE:   36  1 N
                                          LONGITUDE:  84 14 W

  TEMPERATURE IN F:       :PCPN:    SNOW:  WIND      :SUNSHINE: SKY     :PK WND
================================================================================
1   2   3   4   5  6A  6B    7    8   9   10  11  12  13   14  15   16   17  18
                                     12Z  AVG MX 2MIN
DY MAX MIN AVG DEP HDD CDD  WTR  SNW DPTH SPD SPD DIR MIN PSBL S-S WX    SPD DR
================================================================================

 1  83  63  73  -5   0   8 0.00    M    M  0.8  6 170   M    M   0         7 250
 2  88  67  78   0   0  13 0.00    M    M  1.0  8 170   M    M   2 12     14 190
 3  89  65  77  -1   0  12 0.00    M    M  1.5  8 190   M    M   1 1      13 190
 4  84  68  76  -2   0  11 1.92    M    M  2.1 15 340   M    M   7 1      25 340
 5  82  58  70  -8   0   5 0.00    M    M  1.5  9  70   M    M   1        13  50
 6  88  58  73  -5   0   8 0.67    M    M  0.8 12 280   M    M   2 1      22 203
 7  82  71  77  -1   0  12 1.97    M    M  2.0  9 200   M    M   9 1      15 200
 8  84  67  76  -2   0  11 0.00    M    M  1.9  9 350   M    M   3 1      15  80
 9  86  66  76  -2   0  11 0.05    M    M  2.4  8 190   M    M   5 1      13 200
10  82  71  77  -1   0  12 0.27    M    M  0.3  8 190   M    M   9 1      16 190
11  85  71  78   0   0  13 0.53    M    M  1.4  9 260   M    M   6 1      15 200
12  84  71  78   0   0  13 2.41    M    M  0.7 13 340   M    M   4 1      22 330
13  87  70  79   1   0  14 0.00    M    M  1.0  7  70   M    M   4 1      10  60
14  86  72  79   1   0  14 0.07    M    M  2.2  9 180   M    M   3 1      15 190
15  89  74  82   4   0  17    T    M    M  2.8 12 270   M    M   4 1      16 270
16  88  71  80   2   0  15    T    M    M  1.9  9 280   M    M   2        15 200
17  91  74  83   5   0  18    T    M    M  2.8 10 250   M    M   3        17 270
18  90  69  80   2   0  15 0.04    M    M  3.3 10 270   M    M   3 1      17 280
================================================================================
SM 1548 1226         0 222  7.93    M     30.4          M       68
================================================================================
AV 86.0 68.1                               1.7 FASTST   M    M   4    MAX(MPH)
                                 MISC ---->  # 15 340               # 25  340
================================================================================
NOTES:
# LAST OF SEVERAL OCCURRENCES

COLUMN 17 PEAK WIND IN M.P.H.

PRELIMINARY LOCAL CLIMATOLOGICAL DATA (WS FORM: F-6) , PAGE 2

                                          STATION:  OAK_RIDGE_(ASOS)
                                          MONTH:    AUGUST
                                          YEAR:     2017
                                          LATITUDE:   36  1 N
                                          LONGITUDE:  84 14 W

[TEMPERATURE DATA]      [PRECIPITATION DATA]       SYMBOLS USED IN COLUMN 16

AVERAGE MONTHLY: 77.1   TOTAL FOR MONTH:   7.93    1 = FOG OR MIST
DPTR FM NORMAL:  -0.9   DPTR FM NORMAL:    6.25    2 = FOG REDUCING VISIBILITY
HIGHEST:    91 ON 17    GRTST 24HR  2.41 ON 12-12      TO 1/4 MILE OR LESS
LOWEST:     58 ON  6, 5                            3 = THUNDER
                        SNOW, ICE PELLETS, HAIL    4 = ICE PELLETS
                        TOTAL MONTH:    M          5 = HAIL
                        GRTST 24HR    M  ON   M    6 = FREEZING RAIN OR DRIZZLE
                        GRTST DEPTH:  M  ON   M    7 = DUSTSTORM OR SANDSTORM:
                                                       VSBY 1/2 MILE OR LESS
                                                   8 = SMOKE OR HAZE
[NO. OF DAYS WITH]      [WEATHER - DAYS WITH]      9 = BLOWING SNOW
                                                   X = TORNADO
MAX 32 OR BELOW:   0    0.01 INCH OR MORE:   9
MAX 90 OR ABOVE:   2    0.10 INCH OR MORE:   6
MIN 32 OR BELOW:   0    0.50 INCH OR MORE:   5
MIN  0 OR BELOW:   0    1.00 INCH OR MORE:   3

[HDD (BASE 65) ]
TOTAL THIS MO.     0    CLEAR  (SCALE 0-3)   9
DPTR FM NORMAL     0    PTCLDY (SCALE 4-7)   7
TOTAL FM JUL 1     0    CLOUDY (SCALE 8-10)  2
DPTR FM NORMAL     0

[CDD (BASE 65) ]
TOTAL THIS MO.   222
DPTR FM NORMAL   -13    [PRESSURE DATA]
TOTAL FM JAN 1  1209    HIGHEST SLP M ON M
DPTR FM NORMAL   107    LOWEST  SLP 29.85 ON 14

[REMARKS]
