000
CXUS54 KMRX 171241
CF6OQT
PRELIMINARY LOCAL CLIMATOLOGICAL DATA (WS FORM: F-6)

                                          STATION:   OAK_RIDGE_(ASOS)
                                          MONTH:     JANUARY
                                          YEAR:      2017
                                          LATITUDE:   36  1 N
                                          LONGITUDE:  84 14 W

  TEMPERATURE IN F:       :PCPN:    SNOW:  WIND      :SUNSHINE: SKY     :PK WND
================================================================================
1   2   3   4   5  6A  6B    7    8   9   10  11  12  13   14  15   16   17  18
                                     12Z  AVG MX 2MIN
DY MAX MIN AVG DEP HDD CDD  WTR  SNW DPTH SPD SPD DIR MIN PSBL S-S WX    SPD DR
================================================================================

 1  49  40  45   7  20   0 0.35    M    M  1.7  7  30   M    M  10 1      10 250
 2  61  49  55  17  10   0 0.41    M    M  1.0  9  60   M    M   7 1      13  60
 3  64  54  59  21   6   0 0.45    M    M  4.7 12 210   M    M   9 1      20 200
 4  56  29  43   5  22   0 0.00    M    M  4.0 13 340   M    M   4        19 330
 5  37  27  32  -6  33   0    T    M    M  2.1  8 360   M    M   8        12 360
 6  33  21  27 -11  38   0 0.11    M    M  4.5  8  60   M    M   9 1      17  10
 7  28  16  22 -16  43   0 0.03    M    M  3.4 10 340   M    M   4        16 350
 8  28  10  19 -19  46   0 0.00    M    M  1.7  8  90   M    M   0        14 330
 9  42  18  30  -8  35   0 0.00    M    M  3.5 15 190   M    M   2        21 170
10  50  34  42   4  23   0 0.09    M    M  4.2 10 260   M    M  10 1      21 220
11  59  46  53  16  12   0 0.77    M    M  0.7 10 200   M    M   8 1      17 190
12  66  53  60  23   5   0 0.03    M    M  4.5 15 200   M    M  10 1      23 210
13  61  56  59  22   6   0 0.03    M    M  1.2  6  70   M    M  10 12      8  70
14  69  52  61  24   4   0    T    M    M  1.5  8 280   M    M  10 12     14 220
15  64  54  59  22   6   0 0.06    M    M  0.8  6 250   M    M  10 1      11 250
16  63  53  58  20   7   0    T  0.0    0  0.1  5  60   M    M   8 1       6  60
================================================================================
SM  830  612       316   0  2.33     0.0  39.6          M      119
================================================================================
AV 51.9 38.3                               2.5 FASTST   M    M   7    MAX(MPH)
                                 MISC ---->  # 15 190               # 23  210
================================================================================
NOTES:
# LAST OF SEVERAL OCCURRENCES

COLUMN 17 PEAK WIND IN M.P.H.

PRELIMINARY LOCAL CLIMATOLOGICAL DATA (WS FORM: F-6) , PAGE 2

                                          STATION:  OAK_RIDGE_(ASOS)
                                          MONTH:    JANUARY
                                          YEAR:     2017
                                          LATITUDE:   36  1 N
                                          LONGITUDE:  84 14 W

[TEMPERATURE DATA]      [PRECIPITATION DATA]       SYMBOLS USED IN COLUMN 16

AVERAGE MONTHLY: 45.1   TOTAL FOR MONTH:   2.33    1 = FOG OR MIST
DPTR FM NORMAL:   7.4   DPTR FM NORMAL:    0.18    2 = FOG REDUCING VISIBILITY
HIGHEST:    69 ON 14    GRTST 24HR  0.86 ON 10-11      TO 1/4 MILE OR LESS
LOWEST:     10 ON  8                               3 = THUNDER
                        SNOW, ICE PELLETS, HAIL    4 = ICE PELLETS
                        TOTAL MONTH:   0.0 INCH    5 = HAIL
                        GRTST 24HR     0.0         6 = FREEZING RAIN OR DRIZZLE
                        GRTST DEPTH:   0           7 = DUSTSTORM OR SANDSTORM:
                                                       VSBY 1/2 MILE OR LESS
                                                   8 = SMOKE OR HAZE
[NO. OF DAYS WITH]      [WEATHER - DAYS WITH]      9 = BLOWING SNOW
                                                   X = TORNADO
MAX 32 OR BELOW:   2    0.01 INCH OR MORE:  10
MAX 90 OR ABOVE:   0    0.10 INCH OR MORE:   5
MIN 32 OR BELOW:   6    0.50 INCH OR MORE:   1
MIN  0 OR BELOW:   0    1.00 INCH OR MORE:   0

[HDD (BASE 65) ]
TOTAL THIS MO.   316    CLEAR  (SCALE 0-3)   2
DPTR FM NORMAL  -124    PTCLDY (SCALE 4-7)   5
TOTAL FM JUL 1  1424    CLOUDY (SCALE 8-10)  9
DPTR FM NORMAL  -483

[CDD (BASE 65) ]
TOTAL THIS MO.     0
DPTR FM NORMAL     0    [PRESSURE DATA]
TOTAL FM JAN 1     0    HIGHEST SLP M ON M
DPTR FM NORMAL     0    LOWEST  SLP 29.77 ON  3

[REMARKS]
