000
CXUS51 KBOX 271200
CF6ORH
PRELIMINARY LOCAL CLIMATOLOGICAL DATA (WS FORM: F-6)

                                          STATION:   WORCESTER MA
                                          MONTH:     AUGUST
                                          YEAR:      2015
                                          LATITUDE:   42 16 N
                                          LONGITUDE:  71 52 W

  TEMPERATURE IN F:       :PCPN:    SNOW:  WIND      :SUNSHINE: SKY     :PK WND
================================================================================
1   2   3   4   5  6A  6B    7    8   9   10  11  12  13   14  15   16   17  18
                                     12Z  AVG MX 2MIN
DY MAX MIN AVG DEP HDD CDD  WTR  SNW DPTH SPD SPD DIR MIN PSBL S-S WX    SPD DR
================================================================================

 1  81  63  72   2   0   7 0.03  0.0    M  9.3 30 310   M    M   2 3      41 300
 2  81  59  70   0   0   5 0.00  0.0    M 10.4 17 200   M    M   0        22 240
 3  84  64  74   4   0   9 0.00  0.0    M 11.6 22 180   M    M   0 1      28 210
 4  83  64  74   4   0   9 0.32  0.0    M  9.2 36 300   M    M   5 13     49 300
 5  78  59  69  -1   0   4 0.00  0.0    M  9.8 18 290   M    M   1        26 270
 6  75  58  67  -3   0   2 0.00  0.0    M  9.4 17 270   M    M   1 8      22 280
 7  77  61  69  -1   0   4 0.00  0.0    M  5.7 10 350   M    M   1        13 360
 8  76  61  69  -1   0   4 0.00  0.0    M  4.3 12 360   M    M   1        14 360
 9  73  58  66  -4   0   1 0.00  0.0    M  6.8 15  20   M    M   3        21  20
10  79  57  68  -2   0   3 0.00  0.0    M 10.6 17 190   M    M   3        25 190
11  69  63  66  -4   0   1 0.76  0.0    M 10.9 22 150   M    M  10 1      28 160
12  77  63  70   0   0   5 0.00  0.0    M  9.8 16 260   M    M   3        20 280
13  77  60  69  -1   0   4 0.00  0.0    M  8.3 15 250   M    M   0        21 240
14  81  60  71   2   0   6 0.00  0.0    M  9.3 15 210   M    M   0        20 220
15  85  64  75   6   0  10 1.67  0.0    M  7.2 36 250   M    M   4 13     46 250
16  83  63  73   4   0   8 0.00  0.0    M  7.8 15 280   M    M   0        19 280
17  86  69  78   9   0  13 0.00  0.0    M  6.7 14 290   M    M   1        17 280
18  87  68  78   9   0  13 0.28  0.0    M  7.6 18 230   M    M   2 38     22 240
19  83  68  76   7   0  11 0.00  0.0    M 10.1 17 240   M    M   2 1      21 240
20  81  68  75   6   0  10 0.00  0.0    M  9.0 20 150   M    M   7 1      25 150
21  80  69  75   7   0  10 0.11  0.0    M  6.5 16 270   M    M  10 1      21 280
22  77  64  71   3   0   6 0.00  0.0    M  7.4 12  70   M    M   5        17 310
23  69  63  66  -2   0   1 0.04  0.0    M  5.8 10  20   M    M  10 12     14  20
24  78  65  72   4   0   7 0.00  0.0    M  5.4 13 220   M    M   8 12     17 160
25  80  66  73   5   0   8 0.00  0.0    M  8.1 18 170   M    M   6 12     23 180
26  76  61  69   1   0   4 0.00  0.0    M  8.6 16 270   M    M   2 1      21 270
================================================================================
SM 2056 1638         0 165  3.21     0.0 215.6          M       87
================================================================================
AV 79.1 63.0                               8.3 FASTST   M    M   3    MAX(MPH)
                                 MISC ---->  # 36 300               # 49  300
================================================================================
NOTES:
# LAST OF SEVERAL OCCURRENCES

COLUMN 17 PEAK WIND IN M.P.H.

PRELIMINARY LOCAL CLIMATOLOGICAL DATA (WS FORM: F-6) , PAGE 2

                                          STATION:  WORCESTER MA
                                          MONTH:    AUGUST
                                          YEAR:     2015
                                          LATITUDE:   42 16 N
                                          LONGITUDE:  71 52 W

[TEMPERATURE DATA]      [PRECIPITATION DATA]       SYMBOLS USED IN COLUMN 16

AVERAGE MONTHLY: 71.0   TOTAL FOR MONTH:   3.21    1 = FOG OR MIST
DPTR FM NORMAL:   1.8   DPTR FM NORMAL:    0.03    2 = FOG REDUCING VISIBILITY
HIGHEST:    87 ON 18    GRTST 24HR  1.67 ON 14-15      TO 1/4 MILE OR LESS
LOWEST:     57 ON 10                               3 = THUNDER
                        SNOW, ICE PELLETS, HAIL    4 = ICE PELLETS
                        TOTAL MONTH:   0.0 INCH    5 = HAIL
                        GRTST 24HR     0.0         6 = FREEZING RAIN OR DRIZZLE
                        GRTST DEPTH:  M  ON   M    7 = DUSTSTORM OR SANDSTORM:
                                                       VSBY 1/2 MILE OR LESS
                                                   8 = SMOKE OR HAZE
[NO. OF DAYS WITH]      [WEATHER - DAYS WITH]      9 = BLOWING SNOW
                                                   X = TORNADO
MAX 32 OR BELOW:   0    0.01 INCH OR MORE:   7
MAX 90 OR ABOVE:   0    0.10 INCH OR MORE:   5
MIN 32 OR BELOW:   0    0.50 INCH OR MORE:   2
MIN  0 OR BELOW:   0    1.00 INCH OR MORE:   1

[HDD (BASE 65) ]
TOTAL THIS MO.     0    CLEAR  (SCALE 0-3)  17
DPTR FM NORMAL   -17    PTCLDY (SCALE 4-7)   6
TOTAL FM JUL 1     1    CLOUDY (SCALE 8-10)  3
DPTR FM NORMAL   -30

[CDD (BASE 65) ]
TOTAL THIS MO.   165
DPTR FM NORMAL    37    [PRESSURE DATA]
TOTAL FM JAN 1   538    HIGHEST SLP M ON M
DPTR FM NORMAL   129    LOWEST  SLP 29.70 ON  1

[REMARKS]
