745
CXUS56 KMFR 251000
CF6OTH
PRELIMINARY LOCAL CLIMATOLOGICAL DATA (WS FORM: F-6)

                                          STATION:   NORTH BEND OR
                                          MONTH:     AUGUST
                                          YEAR:      2016
                                          LATITUDE:   43 25 N
                                          LONGITUDE: 124 15 W

  TEMPERATURE IN F:       :PCPN:    SNOW:  WIND      :SUNSHINE: SKY     :PK WND
================================================================================
1   2   3   4   5  6A  6B    7    8   9   10  11  12  13   14  15   16   17  18
                                     12Z  AVG MX 2MIN
DY MAX MIN AVG DEP HDD CDD  WTR  SNW DPTH SPD SPD DIR MIN PSBL S-S WX    SPD DR
================================================================================

 1  64  52  58  -1   7   0 0.00    M    M 13.9 30 360   M    M   2        38 360
 2  70  54  62   3   3   0 0.00    M    M 11.3 24 360   M    M   3        30 360
 3  68  52  60   1   5   0 0.00    M    M 15.1 28 360   M    M   1        36 360
 4  61  52  57  -2   8   0 0.00    M    M 15.4 28 360   M    M   9        37 360
 5  64  54  59   0   6   0 0.00    M    M 16.9 25 360   M    M   5        32 360
 6  66  48  57  -2   8   0 0.00    M    M  7.2 17 360   M    M   4        22 360
 7  70  52  61   2   4   0 0.00    M    M  6.2 12 290   0    0   0         M  M
 8  70  52  61   2   4   0 0.00    M    M  6.5 12 300   M    M   M         M  M
 9  72  57  65   6   0   0 0.00    M    M  8.8 18 350   M    M   5        25 350
10  72  54  63   4   2   0 0.00    M    M 12.1 28 360   M    M   3        33 360
11  64  55  60   1   5   0 0.00    M    M 11.8 22 350   M    M   7        28 350
12  66  54  60   1   5   0 0.00    M    M  5.4 13 340   M    M   7        17 320
13  66  55  61   2   4   0 0.00    M    M 10.1 20 360   M    M   9        28 360
14  63  54  59   0   6   0 0.00    M    M 15.4 29 350   M    M   9        41 360
15  63  52  58  -1   7   0 0.00    M    M 14.6 29 360   M    M   7        35 360
16  63  54  59   0   6   0 0.00    M    M 16.8 32 360   M    M   9        39 360
17  64  50  57  -2   8   0 0.00    M    M 17.1 29 360   M    M   5        37 360
18  68  52  60   1   5   0 0.00    M    M  7.4 17 350   M    M   4        23 350
19  70  50  60   1   5   0 0.00    M    M  5.0 14 280   M    M   M         M  M
20  61  48  55  -4  10   0 0.00    M    M  3.8 10 270   M    M   M         M  M
21  66  54  60   1   5   0 0.00    M    M  9.7 24 360   M    M   5        32 360
22  66  48  57  -2   8   0 0.00    M    M 14.0 28 360   M    M   0        37 360
23  63  48  56  -3   9   0 0.00    M    M  8.4 22 350   M    M   4        29 350
24  64  48  56  -3   9   0 0.00    M    M  4.6 13 330   0    0   0         M  M
================================================================================
SM 1584 1249       139   0  0.00    M    257.5            0     98
================================================================================
AV 66.0 52.0                              10.7 FASTST    0   0   5    MAX(MPH)
                                 MISC ---->    32   M                 41    M
================================================================================
NOTES:
# LAST OF SEVERAL OCCURRENCES

COLUMN 17 PEAK WIND IN M.P.H.

PRELIMINARY LOCAL CLIMATOLOGICAL DATA (WS FORM: F-6) , PAGE 2

                                          STATION:  NORTH BEND OR
                                          MONTH:    AUGUST
                                          YEAR:     2016
                                          LATITUDE:   43 25 N
                                          LONGITUDE: 124 15 W

[TEMPERATURE DATA]      [PRECIPITATION DATA]       SYMBOLS USED IN COLUMN 16

AVERAGE MONTHLY: 59.0   TOTAL FOR MONTH:   0.00    1 = FOG OR MIST
DPTR FM NORMAL:   0.0   DPTR FM NORMAL:   -0.42    2 = FOG REDUCING VISIBILITY
HIGHEST:    72 ON 10, 9 GRTST 24HR  0.00 ON 24-24      TO 1/4 MILE OR LESS
LOWEST:     48 ON 24,23                            3 = THUNDER
                        SNOW, ICE PELLETS, HAIL    4 = ICE PELLETS
                        TOTAL MONTH:    M          5 = HAIL
                        GRTST 24HR    M  ON   M    6 = FREEZING RAIN OR DRIZZLE
                        GRTST DEPTH:  M  ON   M    7 = DUSTSTORM OR SANDSTORM:
                                                       VSBY 1/2 MILE OR LESS
                                                   8 = SMOKE OR HAZE
[NO. OF DAYS WITH]      [WEATHER - DAYS WITH]      9 = BLOWING SNOW
                                                   X = TORNADO
MAX 32 OR BELOW:   0    0.01 INCH OR MORE:   0
MAX 90 OR ABOVE:   0    0.10 INCH OR MORE:   0
MIN 32 OR BELOW:   0    0.50 INCH OR MORE:   0
MIN  0 OR BELOW:   0    1.00 INCH OR MORE:   0

[HDD (BASE 65) ]
TOTAL THIS MO.   139    CLEAR  (SCALE 0-3)   6
DPTR FM NORMAL    -5    PTCLDY (SCALE 4-7)  11
TOTAL FM JUL 1   255    CLOUDY (SCALE 8-10)  4
DPTR FM NORMAL   -86

[CDD (BASE 65) ]
TOTAL THIS MO.     0
DPTR FM NORMAL     0    [PRESSURE DATA]
TOTAL FM JAN 1     9    HIGHEST SLP M ON M
DPTR FM NORMAL     9    LOWEST  SLP  0.00 ON  6

[REMARKS]
