000
CXUS53 KDMX 010920
CF6OTM
PRELIMINARY LOCAL CLIMATOLOGICAL DATA (WS FORM: F-6)

                                          STATION:   OTTUMWA IA
                                          MONTH:     FEBRUARY
                                          YEAR:      2015
                                          LATITUDE:   41  6 N
                                          LONGITUDE:  92 27 W

  TEMPERATURE IN F:       :PCPN:    SNOW:  WIND      :SUNSHINE: SKY     :PK WND
================================================================================
1   2   3   4   5  6A  6B    7    8   9   10  11  12  13   14  15   16   17  18
                                     12Z  AVG MX 2MIN
DY MAX MIN AVG DEP HDD CDD  WTR  SNW DPTH SPD SPD DIR MIN PSBL S-S WX    SPD DR
================================================================================

 1  33  10  22  -1  43   0 0.21    M    M 17.4 30 360   M    M  10 1      37 360
 2  16  -1   8 -16  57   0 0.00  0.0    M  8.5 17 320   M    M   3        20 320
 3  29   4  17  -7  48   0 0.00  0.0    M  6.3 17 160   M    M   3 18     20 150
 4  19  -4   8 -16  57   0    M    M    M 14.1 25 340   M    M   5 18     29 340
 5  16 -12   2 -22  63   0 0.00  0.0    M  8.0 15 190   M    M   0 18     18 190
 6  39  11  25   1  40   0 0.00  0.0    M  8.4 17 210   M    M   0 1      21 210
 7  46  28  37  13  28   0 0.00  0.0    M  9.9 20 210   M    M   0 1      24 210
 8  41  32  37  12  28   0    T  0.0    M  9.8 17 320   M    M   5 18     20 330
 9  33  22  28   3  37   0 0.00  0.0    M  7.7 15  30   M    M   9 18     18  30
10  31  20  26   1  39   0 0.00  0.0    M  9.1 18 170   M    M   3 18     23 160
11  37  16  27   1  38   0    T    M    M 19.3 33 330   M    M   7        42 330
12  17   4  11 -15  54   0    T    M    M 13.0 39 340   M    M   1        47 330
13  35  14  25  -1  40   0    T    M    M 10.5 17 260   M    M   5        22 260
14  33   3  18  -8  47   0    T    M    M 19.5 38 350   M    M   4        44 350
15  13   4   9 -18  56   0 0.00  0.0    M 10.1 15 130   M    M   9        19  80
16  24  10  17 -10  48   0 0.00  0.0    M  4.3 12 310   M    M   6        14 300
17  25  10  18 -10  47   0    T    M    M 12.0 25 320   M    M   7 8      30 330
18  12   0   6 -22  59   0 0.00  0.0    M 18.3 30 330   M    M   3 89     38 330
19  16  -6   5 -23  60   0 0.00  0.0    M  5.8 15 330   M    M   1        19 330
20  39  13  26  -3  39   0 0.00  0.0    M 12.4 22 180   M    M   6        26 180
21  35  16  26  -3  39   0 0.00  0.0    M 11.7 23 330   M    M   8 18     27 330
22  16  -2   7 -23  58   0 0.00  0.0    M 16.8 25 340   M    M   2        33 350
23  18  -7   6 -24  59   0 0.00  0.0    M  7.0 16 210   M    M   0        19 200
24  41  10  26  -4  39   0 0.00  0.0    M 15.2 25 250   M    M   4        32 310
25  31  14  23  -8  42   0 0.01    M    M 12.6 24 360   M    M   8 18     30  40
26  14  -4   5 -26  60   0    T    M    M 16.6 24 340   M    M   4 8      29 340
27  14 -10   2 -30  63   0 0.00    M    M  5.1  9 300   M    M   0        12 310
28  22  -5   9 -23  56   0    T    M    M  7.2 15 170   M    M   3 18     19 160
================================================================================
SM  745  190      1344   0  0.22     0.0 316.6          M      116
================================================================================
AV 26.6  6.8                              11.3 FASTST   M    M   4    MAX(MPH)
                                 MISC ---->  # 39 340               # 47  330
================================================================================
NOTES:
# LAST OF SEVERAL OCCURRENCES

COLUMN 17 PEAK WIND IN M.P.H.

PRELIMINARY LOCAL CLIMATOLOGICAL DATA (WS FORM: F-6) , PAGE 2

                                          STATION:  OTTUMWA IA
                                          MONTH:    FEBRUARY
                                          YEAR:     2015
                                          LATITUDE:   41  6 N
                                          LONGITUDE:  92 27 W

[TEMPERATURE DATA]      [PRECIPITATION DATA]       SYMBOLS USED IN COLUMN 16

AVERAGE MONTHLY: 16.7   TOTAL FOR MONTH:   0.22    1 = FOG OR MIST
DPTR FM NORMAL: -10.4   DPTR FM NORMAL:   -1.06    2 = FOG REDUCING VISIBILITY
HIGHEST:    46 ON  7    GRTST 24HR  0.77 ON 31- 1      TO 1/4 MILE OR LESS
LOWEST:    -12 ON  5                               3 = THUNDER
                        SNOW, ICE PELLETS, HAIL    4 = ICE PELLETS
                        TOTAL MONTH:   0.0 INCH    5 = HAIL
                        GRTST 24HR     0.0         6 = FREEZING RAIN OR DRIZZLE
                        GRTST DEPTH:  M  ON   M    7 = DUSTSTORM OR SANDSTORM:
                                                       VSBY 1/2 MILE OR LESS
                                                   8 = SMOKE OR HAZE
[NO. OF DAYS WITH]      [WEATHER - DAYS WITH]      9 = BLOWING SNOW
                                                   X = TORNADO
MAX 32 OR BELOW:  17    0.01 INCH OR MORE:   2
MAX 90 OR ABOVE:   0    0.10 INCH OR MORE:   1
MIN 32 OR BELOW:  28    0.50 INCH OR MORE:   0
MIN  0 OR BELOW:  10    1.00 INCH OR MORE:   0

[HDD (BASE 65) ]
TOTAL THIS MO.  1344    CLEAR  (SCALE 0-3)  11
DPTR FM NORMAL   281    PTCLDY (SCALE 4-7)  13
TOTAL FM JUL 1  5131    CLOUDY (SCALE 8-10)  4
DPTR FM NORMAL   246

[CDD (BASE 65) ]
TOTAL THIS MO.     0
DPTR FM NORMAL     0    [PRESSURE DATA]
TOTAL FM JAN 1     0    HIGHEST SLP 30.85 ON 23
DPTR FM NORMAL     0    LOWEST  SLP 29.59 ON  8

[REMARKS]
#FINAL-02-15#
