000
CXUS53 KDMX 200920
CF6OTM
PRELIMINARY LOCAL CLIMATOLOGICAL DATA (WS FORM: F-6)

                                          STATION:   OTTUMWA IA
                                          MONTH:     OCTOBER
                                          YEAR:      2014
                                          LATITUDE:   41  6 N
                                          LONGITUDE:  92 27 W

  TEMPERATURE IN F:       :PCPN:    SNOW:  WIND      :SUNSHINE: SKY     :PK WND
================================================================================
1   2   3   4   5  6A  6B    7    8   9   10  11  12  13   14  15   16   17  18
                                     12Z  AVG MX 2MIN
DY MAX MIN AVG DEP HDD CDD  WTR  SNW DPTH SPD SPD DIR MIN PSBL S-S WX    SPD DR
================================================================================

 1  70  54  62   4   3   0 0.16  0.0    0  8.9 22 130   M    M   7 1      27 140
 2  66  55  61   4   4   0 0.82  0.0    0  8.0 23 320   M    M  10 123    30 330
 3  56  39  48  -9  17   0 0.00  0.0    0 16.3 32 300   M    M   8        41 330
 4  52  34  43 -14  22   0 0.00  0.0    0 11.8 24 280   M    M   1        30 300
 5  63  40  52  -4  13   0    T  0.0    0  6.9 17 290   M    M   8        24 290
 6  63  44  54  -2  11   0    T  0.0    0  9.7 25 310   M    M   3        33 310
 7  69  45  57   1   8   0    T  0.0    0  9.8 26 300   M    M   4        36 290
 8  69  39  54  -1  11   0    T    M    0  5.3 10 220   M    M   2 8      15 260
 9  64  49  57   2   8   0 0.22  0.0    0  8.3 15  20   M    M   9 1      18  10
10  58  36  47  -7  18   0 0.00  0.0    0  7.8 14 350   M    M   0        18 360
11  62  32  47  -7  18   0 0.00  0.0    0  5.2 10 150   M    M   0 18     12 150
12  53  34  44 -10  21   0 0.02  0.0    0  6.9 13 130   M    M   8 128    15 130
13  57  52  55   2  10   0 1.78  0.0    0 14.5 31 340   M    M   9 12     37 340
14  53  50  52  -1  13   0 0.51  0.0    0 22.0 32 350   M    M  10 1      42 350
15  67  41  54   1  11   0 0.00  0.0    0 11.7 26 330   M    M   1        32 330
16  73  39  56   4   9   0 0.00  0.0    0  6.9 15 210   M    M   0        21 210
17  62  48  55   3  10   0 0.00  0.0    0 14.4 28 310   M    M   6        34 310
18  55  37  46  -6  19   0 0.00  0.0    0  8.8 17 330   M    M   4        21 330
19  65  36  51   0  14   0 0.00  0.0    0  8.8 17 200   M    M   1        25 210
================================================================================
SM 1177  804       240   0  3.51     0.0 192.0          M       91
================================================================================
AV 61.9 42.3                              10.1 FASTST   M    M   5    MAX(MPH)
                                 MISC ---->  # 32 300               # 42  350
================================================================================
NOTES:
# LAST OF SEVERAL OCCURRENCES

COLUMN 17 PEAK WIND IN M.P.H.

PRELIMINARY LOCAL CLIMATOLOGICAL DATA (WS FORM: F-6) , PAGE 2

                                          STATION:  OTTUMWA IA
                                          MONTH:    OCTOBER
                                          YEAR:     2014
                                          LATITUDE:   41  6 N
                                          LONGITUDE:  92 27 W

[TEMPERATURE DATA]      [PRECIPITATION DATA]       SYMBOLS USED IN COLUMN 16

AVERAGE MONTHLY: 52.1   TOTAL FOR MONTH:   3.51    1 = FOG OR MIST
DPTR FM NORMAL:  -2.3   DPTR FM NORMAL:    1.76    2 = FOG REDUCING VISIBILITY
HIGHEST:    73 ON 16    GRTST 24HR  2.00 ON 13-14      TO 1/4 MILE OR LESS
LOWEST:     32 ON 11                               3 = THUNDER
                        SNOW, ICE PELLETS, HAIL    4 = ICE PELLETS
                        TOTAL MONTH:   0.0 INCH    5 = HAIL
                        GRTST 24HR     0.0         6 = FREEZING RAIN OR DRIZZLE
                        GRTST DEPTH:   0           7 = DUSTSTORM OR SANDSTORM:
                                                       VSBY 1/2 MILE OR LESS
                                                   8 = SMOKE OR HAZE
[NO. OF DAYS WITH]      [WEATHER - DAYS WITH]      9 = BLOWING SNOW
                                                   X = TORNADO
MAX 32 OR BELOW:   0    0.01 INCH OR MORE:   6
MAX 90 OR ABOVE:   0    0.10 INCH OR MORE:   5
MIN 32 OR BELOW:   1    0.50 INCH OR MORE:   3
MIN  0 OR BELOW:   0    1.00 INCH OR MORE:   1

[HDD (BASE 65) ]
TOTAL THIS MO.   240    CLEAR  (SCALE 0-3)   8
DPTR FM NORMAL    31    PTCLDY (SCALE 4-7)   7
TOTAL FM JUL 1   374    CLOUDY (SCALE 8-10)  4
DPTR FM NORMAL    44

[CDD (BASE 65) ]
TOTAL THIS MO.     0
DPTR FM NORMAL    -9    [PRESSURE DATA]
TOTAL FM JAN 1   800    HIGHEST SLP M ON M
DPTR FM NORMAL  -136    LOWEST  SLP 29.56 ON M

[REMARKS]
