000
CXUS53 KARX 220930
CF6OVS
PRELIMINARY LOCAL CLIMATOLOGICAL DATA (WS FORM: F-6)

                                          STATION:   BOSCOBEL_(ASOS) WI
                                          MONTH:     JULY
                                          YEAR:      2016
                                          LATITUDE:   43  9 N
                                          LONGITUDE:  90 41 W

  TEMPERATURE IN F:       :PCPN:    SNOW:  WIND      :SUNSHINE: SKY     :PK WND
================================================================================
1   2   3   4   5  6A  6B    7    8   9   10  11  12  13   14  15   16   17  18
                                     12Z  AVG MX 2MIN
DY MAX MIN AVG DEP HDD CDD  WTR  SNW DPTH SPD SPD DIR MIN PSBL S-S WX    SPD DR
================================================================================

 1  77  55  66  -5   0   1 0.00  0.0    0  3.1 13 360   M    M   3        17  10
 2  77  53  65  -6   0   0 0.00  0.0    0  2.6 12 190   M    M   2 1      16 220
 3  81  50  66  -6   0   1 0.00  0.0    0  3.2 13 100   M    M   3 12     18 120
 4  76  51  64  -8   1   0 0.00  0.0    0  2.7  8 280   M    M   7 128    11 110
 5  89  68  79   7   0  14 0.80  0.0    0  4.7 33 320   M    M   6 13     42 320
 6  86  68  77   5   0  12    T  0.0    0  2.7 10 250   M    M   2 1      13 120
 7  87  67  77   5   0  12 0.42  0.0    0  3.4 14 310   M    M   5 123    21 300
 8  84  61  73   1   0   8 0.00  0.0    0  7.2 23 280   M    M   2        31 280
 9  84  57  71  -1   0   6 0.00  0.0    0  1.4  9  40   M    M   0 1      13  40
10  82  59  71  -1   0   6 0.08  0.0    0  2.3 14 170   M    M   4 12     20 190
11  93  68  81   9   0  16 0.00  0.0    0  6.5 17 200   M    M   2 1      26 200
12  84  67  76   4   0  11 0.08  0.0    0  7.2 18 260   M    M   3 13     27 230
13  86  63  75   3   0  10 0.03  0.0    0  4.8 15 260   M    M   2 12     21 280
14  85  61  73   1   0   8 0.00  0.0    0  8.0 22 270   M    M   1 1      32 280
15  77  55  66  -6   0   1 0.07  0.0    0  4.0 13 320   M    M   6 1      18 330
16  82  52  67  -5   0   2 0.00  0.0    0  3.1 12 180   M    M   4 12     15 210
17  87  67  77   5   0  12 1.04  0.0    0  6.2 18 260   M    M   2 13     25 150
18  88  63  76   4   0  11 0.00  0.0    0  2.2  9 260   M    M   3 12     13 260
19  86  64  75   3   0  10 0.00  0.0    0  1.9 17 230   M    M   4 12     25 230
20  87  66  77   5   0  12 0.41  0.0    0  3.5 12 210   M    M   3 123    19 200
21  95  71  83  11   0  18 2.11  0.0    0  6.2 30  70   M    M   5 13     45  60
================================================================================
SM 1773 1286         1 171  5.04     0.0  86.9          M       69
================================================================================
AV 84.4 61.2                               4.1 FASTST   M    M   3    MAX(MPH)
                                 MISC ---->  # 33 320               # 45   60
================================================================================
NOTES:
# LAST OF SEVERAL OCCURRENCES

COLUMN 17 PEAK WIND IN M.P.H.

PRELIMINARY LOCAL CLIMATOLOGICAL DATA (WS FORM: F-6) , PAGE 2

                                          STATION:  BOSCOBEL_(ASOS) WI
                                          MONTH:    JULY
                                          YEAR:     2016
                                          LATITUDE:   43  9 N
                                          LONGITUDE:  90 41 W

[TEMPERATURE DATA]      [PRECIPITATION DATA]       SYMBOLS USED IN COLUMN 16

AVERAGE MONTHLY: 72.8   TOTAL FOR MONTH:   5.04    1 = FOG OR MIST
DPTR FM NORMAL:   0.9   DPTR FM NORMAL:    2.05    2 = FOG REDUCING VISIBILITY
HIGHEST:    95 ON 21    GRTST 24HR  2.11 ON 21-21      TO 1/4 MILE OR LESS
LOWEST:     50 ON  3                               3 = THUNDER
                        SNOW, ICE PELLETS, HAIL    4 = ICE PELLETS
                        TOTAL MONTH:   0.0 INCH    5 = HAIL
                        GRTST 24HR     0.0         6 = FREEZING RAIN OR DRIZZLE
                        GRTST DEPTH:   0           7 = DUSTSTORM OR SANDSTORM:
                                                       VSBY 1/2 MILE OR LESS
                                                   8 = SMOKE OR HAZE
[NO. OF DAYS WITH]      [WEATHER - DAYS WITH]      9 = BLOWING SNOW
                                                   X = TORNADO
MAX 32 OR BELOW:   0    0.01 INCH OR MORE:   9
MAX 90 OR ABOVE:   2    0.10 INCH OR MORE:   5
MIN 32 OR BELOW:   0    0.50 INCH OR MORE:   3
MIN  0 OR BELOW:   0    1.00 INCH OR MORE:   2

[HDD (BASE 65) ]
TOTAL THIS MO.     1    CLEAR  (SCALE 0-3)  11
DPTR FM NORMAL     1    PTCLDY (SCALE 4-7)  10
TOTAL FM JUL 1     1    CLOUDY (SCALE 8-10)  0
DPTR FM NORMAL     1

[CDD (BASE 65) ]
TOTAL THIS MO.   171
DPTR FM NORMAL    16    [PRESSURE DATA]
TOTAL FM JAN 1   395    HIGHEST SLP M ON M
DPTR FM NORMAL    80    LOWEST  SLP 29.68 ON 12

[REMARKS]
