048
CXUS53 KARX 200930
CF6OVS
PRELIMINARY LOCAL CLIMATOLOGICAL DATA (WS FORM: F-6)

                                          STATION:   BOSCOBEL_(ASOS) WI
                                          MONTH:     FEBRUARY
                                          YEAR:      2017
                                          LATITUDE:   43  9 N
                                          LONGITUDE:  90 41 W

  TEMPERATURE IN F:       :PCPN:    SNOW:  WIND      :SUNSHINE: SKY     :PK WND
================================================================================
1   2   3   4   5  6A  6B    7    8   9   10  11  12  13   14  15   16   17  18
                                     12Z  AVG MX 2MIN
DY MAX MIN AVG DEP HDD CDD  WTR  SNW DPTH SPD SPD DIR MIN PSBL S-S WX    SPD DR
================================================================================

 1  35  15  25   5  40   0    T    M    M  8.1 18 330   M    M   3        25 330
 2  19  12  16  -4  49   0 0.00  0.0    M  7.5 16 270   M    M   0        22 280
 3  24   8  16  -4  49   0 0.00  0.0    M  5.8 14 240   M    M   0        19 240
 4  32   2  17  -4  48   0 0.00  0.0    M  5.5 16 190   M    M   4 1      24 200
 5  37  20  29   8  36   0 0.00  0.0    M  4.4 12 310   M    M   3 18     15 300
 6  45  16  31  10  34   0 0.00  0.0    M  2.1  9 110   M    M   1 18     11 120
 7  38  26  32  10  33   0 0.05  0.0    M  6.0 21 280   M    M  10 18     28 280
 8  26  14  20  -2  45   0 0.00  0.0    M  8.4 15 290   M    M   4        21 280
 9  22  10  16  -6  49   0 0.00  0.0    M  5.8 16 330   M    M   2 8      24 320
10  47  21  34  12  31   0 0.00  0.0    M  6.6 15 220   M    M   2        21 200
11  47  33  40  17  25   0 0.01  0.0    M  0.8  7 230   M    M   7 18      8 270
12  42  27  35  12  30   0 0.03    M    M  9.8 24 300   M    M   3 1      33 310
13  50  20  35  11  30   0 0.00  0.0    M  6.5 18 210   M    M   0 1      26 210
14  47  30  39  15  26   0 0.00  0.0    M  9.6 20 280   M    M   2        25 270
15  38  24  31   7  34   0 0.00  0.0    0  6.1 15 360   M    M   2        21 360
16  42  25  34   9  31   0 0.00  0.0    0  2.4 12 120   M    M   2 8      19 120
17  65  24  45  20  20   0 0.00  0.0    0  3.0 13 210   M    M   0 18     18 200
18  66  29  48  23  17   0 0.00  0.0    0  3.6  9 210   M    M   0 1      12 330
19  67  24  46  20  19   0 0.00  0.0    0  1.1 10 200   M    M   0 1      17 180
================================================================================
SM  789  380       646   0  0.09     0.0 103.1          M       45
================================================================================
AV 41.5 20.0                               5.4 FASTST   M    M   2    MAX(MPH)
                                 MISC ---->  # 24 300               # 33  310
================================================================================
NOTES:
# LAST OF SEVERAL OCCURRENCES

COLUMN 17 PEAK WIND IN M.P.H.

PRELIMINARY LOCAL CLIMATOLOGICAL DATA (WS FORM: F-6) , PAGE 2

                                          STATION:  BOSCOBEL_(ASOS) WI
                                          MONTH:    FEBRUARY
                                          YEAR:     2017
                                          LATITUDE:   43  9 N
                                          LONGITUDE:  90 41 W

[TEMPERATURE DATA]      [PRECIPITATION DATA]       SYMBOLS USED IN COLUMN 16

AVERAGE MONTHLY: 30.8   TOTAL FOR MONTH:   0.09    1 = FOG OR MIST
DPTR FM NORMAL:   8.1   DPTR FM NORMAL:   -0.55    2 = FOG REDUCING VISIBILITY
HIGHEST:    67 ON 19    GRTST 24HR  0.05 ON  7- 7      TO 1/4 MILE OR LESS
LOWEST:      2 ON  4                               3 = THUNDER
                        SNOW, ICE PELLETS, HAIL    4 = ICE PELLETS
                        TOTAL MONTH:   0.0 INCH    5 = HAIL
                        GRTST 24HR     0.0         6 = FREEZING RAIN OR DRIZZLE
                        GRTST DEPTH:   0           7 = DUSTSTORM OR SANDSTORM:
                                                       VSBY 1/2 MILE OR LESS
                                                   8 = SMOKE OR HAZE
[NO. OF DAYS WITH]      [WEATHER - DAYS WITH]      9 = BLOWING SNOW
                                                   X = TORNADO
MAX 32 OR BELOW:   5    0.01 INCH OR MORE:   3
MAX 90 OR ABOVE:   0    0.10 INCH OR MORE:   0
MIN 32 OR BELOW:  18    0.50 INCH OR MORE:   0
MIN  0 OR BELOW:   0    1.00 INCH OR MORE:   0

[HDD (BASE 65) ]
TOTAL THIS MO.   646    CLEAR  (SCALE 0-3)  14
DPTR FM NORMAL  -158    PTCLDY (SCALE 4-7)   4
TOTAL FM JUL 1  4148    CLOUDY (SCALE 8-10)  1
DPTR FM NORMAL  -889

[CDD (BASE 65) ]
TOTAL THIS MO.     0
DPTR FM NORMAL     0    [PRESSURE DATA]
TOTAL FM JAN 1     0    HIGHEST SLP M ON M
DPTR FM NORMAL     0    LOWEST  SLP 29.45 ON  7

[REMARKS]
