000
CXUS55 KRIW 300945
CF6P60
PRELIMINARY LOCAL CLIMATOLOGICAL DATA (WS FORM: F-6)

                                          STATION:   LAKE YELLOWSTONE WY
                                          MONTH:     SEPTEMBER
                                          YEAR:      2016
                                          LATITUDE:   44 32 N
                                          LONGITUDE: 110 25 W

  TEMPERATURE IN F:       :PCPN:    SNOW:  WIND      :SUNSHINE: SKY     :PK WND
================================================================================
1   2   3   4   5  6A  6B    7    8   9   10  11  12  13   14  15   16   17  18
                                     12Z  AVG MX 2MIN
DY MAX MIN AVG DEP HDD CDD  WTR  SNW DPTH SPD SPD DIR MIN PSBL S-S WX    SPD DR
================================================================================

 1  75  39  57   5   8   0 0.00  0.0    0  2.7 10 240   M    M   0        20 230
 2  72  39  56   4   9   0 0.00  0.0    0  4.7 17 270   M    M   0        31 290
 3  63  44  54   3  11   0 0.00  0.0    0  2.6 14 260   M    M   0        25 260
 4  59  38  49  -2  16   0 0.03    M    0  2.8 15 290   M    M   0        22 300
 5  46  27  37 -13  28   0 0.19    M    M  4.4 14 280   M    M   0        22 280
 6  59  26  43  -7  22   0 0.00  0.0    0  3.1 10 280   M    M   0        18 250
 7  59  36  48  -2  17   0 0.00  0.0    0  3.8 15 280   M    M   0        25 300
 8  59  37  48  -2  17   0 0.00  0.0    0  5.1 18 280   M    M   0        29 300
 9  54  29  42  -7  23   0 0.00  0.0    0  3.5 10 310   M    M   0        20 310
10  68  25  47  -2  18   0 0.00  0.0    0  3.1 14 280   M    M   0        22 210
11  68  26  47  -1  18   0 0.00  0.0    0  6.0 18 260   M    M   0        30 270
12  44  30  37 -11  28   0 0.76    M    M  1.4  8  40   M    M   0        15  20
13  52  31  42  -6  23   0 0.01    M    M  0.4  5 320   M    M   0        10  40
14  52  32  42  -5  23   0 0.00  0.0    0  1.8 13 280   M    M   0        21 280
15  49  28  39  -8  26   0 0.00  0.0    0  2.5  9 290   M    M   0        16 290
16  58  27  43  -4  22   0 0.00  0.0    0  2.5 10 270   M    M   0        19 270
17  58  28  43  -3  22   0 0.00  0.0    0  3.6 13 270   M    M   0        24 280
18  60  49  55   9  10   0 0.00  0.0    0  5.8 15 260   M    M   0        29 220
19  64  32  48   2  17   0 0.00  0.0    0  4.2 15 270   M    M   0        26 280
20  69  36  53   8  12   0 0.00  0.0    0  4.1 14 260   M    M   0        27 230
21  66  32  49   4  16   0 0.02    M    0  2.4 12 270   M    M   0        20 180
22  57  42  50   6  15   0 0.68  0.0    0  1.6  8 270   M    M   0        14 300
23  56  38  47   3  18   0 0.37  0.0    0  3.1 12 300   M    M   0        22 280
24  49  27  38  -6  27   0 0.07  0.0    0  3.3 13 310   M    M   0        24 330
25  55  25  40  -3  25   0 0.00  0.0    0  2.3 13 280   M    M   0        20 260
26  61  28  45   2  20   0 0.00  0.0    0  1.5  7 110   M    M   0         9 110
27  65  29  47   5  18   0 0.00  0.0    0  1.7  7 120   M    M   0         9 150
28  69  30  50   8  15   0 0.00    M    M  1.8 10 270   M    M   0        16 290
29  60  32  46   4  19   0 0.01    M    M  1.7  9 270   M    M   0        17 240
================================================================================
SM 1726  942       543   0  2.14     0.0  87.5          M        0
================================================================================
AV 59.5 32.5                               3.0 FASTST   M    M   0    MAX(MPH)
                                 MISC ---->  # 18 280               # 31  290
================================================================================
NOTES:
# LAST OF SEVERAL OCCURRENCES

COLUMN 17 PEAK WIND IN M.P.H.

PRELIMINARY LOCAL CLIMATOLOGICAL DATA (WS FORM: F-6) , PAGE 2

                                          STATION:  LAKE YELLOWSTONE WY
                                          MONTH:    SEPTEMBER
                                          YEAR:     2016
                                          LATITUDE:   44 32 N
                                          LONGITUDE: 110 25 W

[TEMPERATURE DATA]      [PRECIPITATION DATA]       SYMBOLS USED IN COLUMN 16

AVERAGE MONTHLY: 46.0   TOTAL FOR MONTH:   2.14    1 = FOG OR MIST
DPTR FM NORMAL:  -0.9   DPTR FM NORMAL:    0.87    2 = FOG REDUCING VISIBILITY
HIGHEST:    75 ON  1    GRTST 24HR  0.76 ON 12-12      TO 1/4 MILE OR LESS
LOWEST:     25 ON 25,10                            3 = THUNDER
                        SNOW, ICE PELLETS, HAIL    4 = ICE PELLETS
                        TOTAL MONTH:   0.0 INCH    5 = HAIL
                        GRTST 24HR     0.0         6 = FREEZING RAIN OR DRIZZLE
                        GRTST DEPTH:   0           7 = DUSTSTORM OR SANDSTORM:
                                                       VSBY 1/2 MILE OR LESS
                                                   8 = SMOKE OR HAZE
[NO. OF DAYS WITH]      [WEATHER - DAYS WITH]      9 = BLOWING SNOW
                                                   X = TORNADO
MAX 32 OR BELOW:   0    0.01 INCH OR MORE:   9
MAX 90 OR ABOVE:   0    0.10 INCH OR MORE:   4
MIN 32 OR BELOW:  19    0.50 INCH OR MORE:   2
MIN  0 OR BELOW:   0    1.00 INCH OR MORE:   0

[HDD (BASE 65) ]
TOTAL THIS MO.   543    CLEAR  (SCALE 0-3)  29
DPTR FM NORMAL    20    PTCLDY (SCALE 4-7)   0
TOTAL FM JUL 1  1126    CLOUDY (SCALE 8-10)  0
DPTR FM NORMAL    16

[CDD (BASE 65) ]
TOTAL THIS MO.     0
DPTR FM NORMAL     0    [PRESSURE DATA]
TOTAL FM JAN 1     0    HIGHEST SLP M ON M
DPTR FM NORMAL     0    LOWEST  SLP 29.66 ON  4

[REMARKS]
