000
CXUS56 KLKN 271009
CF6P68
PRELIMINARY LOCAL CLIMATOLOGICAL DATA (WS FORM: F-6)

                                          STATION:   EUREKA AIRPORT NV
                                          MONTH:     FEBRUARY
                                          YEAR:      2015
                                          LATITUDE:   39 30 N
                                          LONGITUDE: 115 58 W

  TEMPERATURE IN F:       :PCPN:    SNOW:  WIND      :SUNSHINE: SKY     :PK WND
================================================================================
1   2   3   4   5  6A  6B    7    8   9   10  11  12  13   14  15   16   17  18
                                     12Z  AVG MX 2MIN
DY MAX MIN AVG DEP HDD CDD  WTR  SNW DPTH SPD SPD DIR MIN PSBL S-S WX    SPD DR
================================================================================

 1  53  19  36  10  29   0 0.00    M    M  5.5 10 220   M    M   M        13 220
 2  58  29  44  18  21   0 0.00    M    M  5.9 28 250   M    M   M        38 270
 3  61  33  47  21  18   0 0.00    M    M  8.0 25 280   M    M   M        32 270
 4  62  25  44  18  21   0 0.00    M    M  5.1 13 160   M    M   M        16 260
 5  62  31  47  20  18   0 0.00    M    M  9.3 20 170   M    M   M        24 170
 6  64  45  55  28  10   0 0.00    M    M 14.6 32 180   M    M   M        40 180
 7  62  34  48  21  17   0 0.00    M    M  5.5 23 260   M    M   M        31 270
 8  63  27  45  18  20   0 0.00    M    M  9.6 25 160   M    M   M        32 160
 9  58  25  42  14  23   0 0.09    M    M  9.8 29 310   M    M   M        34 310
10  50  19  35   7  30   0 0.00    M    M  5.4 13  20   M    M   M        16  20
11  58  18  38  10  27   0 0.00    M    M  5.3 15 150   M    M   M        18 140
12  65  25  45  17  20   0 0.00    M    M  4.3 12 210   M    M   M        13 200
13  69  28  49  20  16   0 0.00    M    M  4.6 10 210   M    M   M        12 190
14  65  28  47  18  18   0 0.00    M    M  6.0 13 210   M    M   M        16 210
15  55  20  38   9  27   0 0.00    M    M  5.9 17 360   M    M   M        24  20
16  52  14  33   3  32   0 0.00    M    M  7.5 18  20   M    M   M        25 360
17  57  14  36   6  29   0 0.00    M    M  4.7  9 200   M    M   M        14  40
18  64  18  41  11  24   0 0.00    M    M  5.3 12 180   M    M   M        12 180
19  65  19  42  12  23   0 0.00    M    M  5.6 15 320   M    M   M        22 250
20  54  16  35   4  30   0 0.00    M    M  7.8 21  20   M    M   M        25  20
21  48  19  34   3  31   0 0.00    M    M  6.3 20  20   M    M   M        27 360
22  41  11  26  -5  39   0 0.00    M    M  8.1 17  40   M    M   M        22  20
23  42   9  26  -6  39   0 0.00    M    M  6.6 21 350   M    M   M        27 360
24  51   4  28  -4  37   0 0.00    M    M  6.1 16  20   M    M   M        24  30
25  54  12  33   1  32   0 0.00    M    M  7.0 22 350   M    M   M        29  30
26  42  21  32   0  33   0 0.00    M    M  8.1 21 350   M    M   M        27 360
================================================================================
SM 1475  563       664   0  0.09    M    177.9          M        M
================================================================================
AV 56.7 21.7                               6.8 FASTST   M    M   1    MAX(MPH)
                                 MISC ---->  # 32 180               # 40  180
================================================================================
NOTES:
# LAST OF SEVERAL OCCURRENCES

COLUMN 17 PEAK WIND IN M.P.H.

PRELIMINARY LOCAL CLIMATOLOGICAL DATA (WS FORM: F-6) , PAGE 2

                                          STATION:  EUREKA AIRPORT NV
                                          MONTH:    FEBRUARY
                                          YEAR:     2015
                                          LATITUDE:   39 30 N
                                          LONGITUDE: 115 58 W

[TEMPERATURE DATA]      [PRECIPITATION DATA]       SYMBOLS USED IN COLUMN 16

AVERAGE MONTHLY: 39.2   TOTAL FOR MONTH:   0.09    1 = FOG OR MIST
DPTR FM NORMAL:  10.3   DPTR FM NORMAL:   -0.71    2 = FOG REDUCING VISIBILITY
HIGHEST:    69 ON 13    GRTST 24HR  0.09 ON  9- 9      TO 1/4 MILE OR LESS
LOWEST:      4 ON 24                               3 = THUNDER
                        SNOW, ICE PELLETS, HAIL    4 = ICE PELLETS
                        TOTAL MONTH:    M          5 = HAIL
                        GRTST 24HR    M  ON   M    6 = FREEZING RAIN OR DRIZZLE
                        GRTST DEPTH:  M  ON   M    7 = DUSTSTORM OR SANDSTORM:
                                                       VSBY 1/2 MILE OR LESS
                                                   8 = SMOKE OR HAZE
[NO. OF DAYS WITH]      [WEATHER - DAYS WITH]      9 = BLOWING SNOW
                                                   X = TORNADO
MAX 32 OR BELOW:   0    0.01 INCH OR MORE:   1
MAX 90 OR ABOVE:   0    0.10 INCH OR MORE:   0
MIN 32 OR BELOW:  23    0.50 INCH OR MORE:   0
MIN  0 OR BELOW:   0    1.00 INCH OR MORE:   0

[HDD (BASE 65) ]
TOTAL THIS MO.   664    CLEAR  (SCALE 0-3)   0
DPTR FM NORMAL  -275    PTCLDY (SCALE 4-7)   0
TOTAL FM JUL 1  3975    CLOUDY (SCALE 8-10)  0
DPTR FM NORMAL -1247

[CDD (BASE 65) ]
TOTAL THIS MO.     0
DPTR FM NORMAL     0    [PRESSURE DATA]
TOTAL FM JAN 1     0    HIGHEST SLP M ON M
DPTR FM NORMAL     0    LOWEST  SLP 29.76 ON  6

[REMARKS]
