000
CXUS56 KLKN 221009
CF6P68
PRELIMINARY LOCAL CLIMATOLOGICAL DATA (WS FORM: F-6)

                                          STATION:   EUREKA AIRPORT NV
                                          MONTH:     SEPTEMBER
                                          YEAR:      2017
                                          LATITUDE:   39 30 N
                                          LONGITUDE: 115 58 W

  TEMPERATURE IN F:       :PCPN:    SNOW:  WIND      :SUNSHINE: SKY     :PK WND
================================================================================
1   2   3   4   5  6A  6B    7    8   9   10  11  12  13   14  15   16   17  18
                                     12Z  AVG MX 2MIN
DY MAX MIN AVG DEP HDD CDD  WTR  SNW DPTH SPD SPD DIR MIN PSBL S-S WX    SPD DR
================================================================================

 1  89  46  68   5   0   3 0.00    M    M  5.1 12  10   M    M   M        16 350
 2  93  48  71   8   0   6 0.00    M    M  4.5 12 360   M    M   M        15 360
 3  95  52  74  11   0   9 0.00    M    M  6.0 18 190   M    M   M        23 190
 4  94  54  74  12   0   9 0.00    M    M  6.0 26 310   M    M   M        37 320
 5  96  52  74  12   0   9 0.00    M    M  6.1 15  10   M    M   M        19 360
 6  92  55  74  12   0   9 0.02    M    M  7.7 30 210   M    M   M        39 210
 7  85  51  68   7   0   3 0.00    M    M  7.4 28 140   M    M   M        40 200
 8  80  54  67   6   0   2 0.00    M    M  7.0 24 210   M    M   M        32 230
 9  76  55  66   5   0   1 0.00    M    M  4.9 16 330   M    M   M        21 330
10  84  47  66   6   0   1 0.00    M    M  4.8 12 170   M    M   M        14 170
11  89  47  68   8   0   3 0.00    M    M  4.8 16  10   M    M   M        20 330
12  83  54  69   9   0   4 0.03    M    M  8.7 26 180   M    M   M        33 170
13  83  51  67   8   0   2 0.09    M    M  7.3 35 200   M    M   M        43 210
14  80  48  64   5   1   0 0.01    M    M  9.1 30 290   M    M   M        37 290
15  65  32  49  -9  16   0 0.00    M    M  6.9 21 310   M    M   M        27 320
16  70  30  50  -8  15   0 0.00    M    M  4.4 12 190   M    M   M        14 160
17  77  36  57  -1   8   0 0.00    M    M  6.4 20 290   M    M   M        25 270
18  80  41  61   4   4   0 0.00    M    M 10.0 22 200   M    M   M        39 190
19  67  36  52  -5  13   0 0.00    M    M  8.1 23 290   M    M   M        30 270
20  77  34  56   0   9   0 0.00  0.0    0  9.0 14  20   M    M   0        23 320
21  45  33  39 -17  26   0 0.52    M    0  6.3 16 120   M    M   0         M  M
================================================================================
SM 1700  956        92  61  0.67     0.0 140.5          M        0
================================================================================
AV 81.0 45.5                               6.7 FASTST   M    M   0    MAX(MPH)
                                 MISC ---->  # 35 200               # 43  210
================================================================================
NOTES:
# LAST OF SEVERAL OCCURRENCES

COLUMN 17 PEAK WIND IN M.P.H.

PRELIMINARY LOCAL CLIMATOLOGICAL DATA (WS FORM: F-6) , PAGE 2

                                          STATION:  EUREKA AIRPORT NV
                                          MONTH:    SEPTEMBER
                                          YEAR:     2017
                                          LATITUDE:   39 30 N
                                          LONGITUDE: 115 58 W

[TEMPERATURE DATA]      [PRECIPITATION DATA]       SYMBOLS USED IN COLUMN 16

AVERAGE MONTHLY: 63.2   TOTAL FOR MONTH:   0.67    1 = FOG OR MIST
DPTR FM NORMAL:   3.4   DPTR FM NORMAL:    0.26    2 = FOG REDUCING VISIBILITY
HIGHEST:    96 ON  5    GRTST 24HR  0.52 ON 21-21      TO 1/4 MILE OR LESS
LOWEST:     30 ON 16                               3 = THUNDER
                        SNOW, ICE PELLETS, HAIL    4 = ICE PELLETS
                        TOTAL MONTH:   0.0 INCH    5 = HAIL
                        GRTST 24HR     0.0         6 = FREEZING RAIN OR DRIZZLE
                        GRTST DEPTH:   0           7 = DUSTSTORM OR SANDSTORM:
                                                       VSBY 1/2 MILE OR LESS
                                                   8 = SMOKE OR HAZE
[NO. OF DAYS WITH]      [WEATHER - DAYS WITH]      9 = BLOWING SNOW
                                                   X = TORNADO
MAX 32 OR BELOW:   0    0.01 INCH OR MORE:   5
MAX 90 OR ABOVE:   5    0.10 INCH OR MORE:   1
MIN 32 OR BELOW:   2    0.50 INCH OR MORE:   1
MIN  0 OR BELOW:   0    1.00 INCH OR MORE:   0

[HDD (BASE 65) ]
TOTAL THIS MO.    92    CLEAR  (SCALE 0-3)   2
DPTR FM NORMAL   -26    PTCLDY (SCALE 4-7)   0
TOTAL FM JUL 1    96    CLOUDY (SCALE 8-10)  0
DPTR FM NORMAL   -69

[CDD (BASE 65) ]
TOTAL THIS MO.    61
DPTR FM NORMAL    52    [PRESSURE DATA]
TOTAL FM JAN 1   570    HIGHEST SLP M ON M
DPTR FM NORMAL   284    LOWEST  SLP 29.59 ON 14

[REMARKS]
