000
CXUS54 KLZK 261130
CF6PBF
PRELIMINARY LOCAL CLIMATOLOGICAL DATA (WS FORM: F-6)

                                          STATION:   Pine Bluff
                                          MONTH:     JUNE
                                          YEAR:      2017
                                          LATITUDE:   34 10 N
                                          LONGITUDE:  91 56 W

  TEMPERATURE IN F:       :PCPN:    SNOW:  WIND      :SUNSHINE: SKY     :PK WND
================================================================================
1   2   3   4   5  6A  6B    7    8   9   10  11  12  13   14  15   16   17  18
                                     12Z  AVG MX 2MIN
DY MAX MIN AVG DEP HDD CDD  WTR  SNW DPTH SPD SPD DIR MIN PSBL S-S WX    SPD DR
================================================================================

 1  80  67  74  -2   0   9 0.00  0.0    0  3.5 16 150   M    M   2 1      19 160
 2  81  68  75  -1   0  10 0.05  0.0    0  4.5 17  60   M    M   6 13     22  80
 3  86  67  77   1   0  12 0.57  0.0    0  4.9 16 120   M    M   4 123    18 120
 4  82  70  76  -1   0  11 0.39  0.0    0  4.8 16 190   M    M   7 13     21 190
 5  83  71  77   0   0  12 0.83  0.0    0  4.5 17  10   M    M   7 13     20 360
 6  87  71  79   2   0  14 0.00  0.0    0  9.6 15  10   M    M   4 3      27 360
 7  81  63  72  -5   0   7 0.00  0.0    0  8.8 17  10   M    M   0        26  20
 8  81  60  71  -7   0   6 0.00  0.0    0  5.0 14 360   M    M   0        20 340
 9  82  57  70  -8   0   5 0.00  0.0    0  1.9  9 180   M    M   0 1      12 180
10  86  59  73  -5   0   8 0.00  0.0    0  6.2 17 170   M    M   1 1      21 150
11  89  65  77  -1   0  12 0.00  0.0    0  7.5 17 190   M    M   2        24 180
12  91  71  81   2   0  16 0.00  0.0    0  8.5 16 150   M    M   5 3      20 150
13  89  69  79   0   0  14    T  0.0    0  7.0 16 160   M    M   4 1      20 160
14  90  72  81   2   0  16 0.00  0.0    0  8.2 15 190   M    M   2        19 230
15  87  71  79   0   0  14 0.20  0.0    0  4.3 17  20   M    M   1 138    24  10
16  91  72  82   3   0  17    T  0.0    0  7.0 20 120   M    M   1 1      23 130
17  89  69  79  -1   0  14 0.00  0.0    0  7.8 17 210   M    M   1        24 210
18  85  71  78  -2   0  13    T  0.0    0  6.9 17 230   M    M   4 3      22 230
19  85  66  76  -4   0  11 0.12  0.0    0  4.6 12 150   M    M   5 13     17 140
20  90  65  78  -2   0  13 0.00  0.0    0  4.1 14  80   M    M   0 1      16  50
21  85  66  76  -4   0  11 0.01  0.0    0  9.4 23  90   M    M   5 1      29 100
22  85  74  80   0   0  15 0.93  0.0    0 11.4 23 130   M    M   9 1      30 130
23  87  70  79  -1   0  14 2.41  0.0    0  9.6 28 360   M    M   8 13     39  10
24  82  69  76  -5   0  11 0.00  0.0    0  6.9 15 360   M    M   3        20 360
25  84  67  76  -5   0  11 0.00  0.0    0  3.9 10  80   M    M   1        14  40
================================================================================
SM 2138 1690         0 296  5.51     0.0 160.8          M       82
================================================================================
AV 85.5 67.6                               6.4 FASTST   M    M   3    MAX(MPH)
                                 MISC ---->  # 28 360               # 39   10
================================================================================
NOTES:
# LAST OF SEVERAL OCCURRENCES

COLUMN 17 PEAK WIND IN M.P.H.

PRELIMINARY LOCAL CLIMATOLOGICAL DATA (WS FORM: F-6) , PAGE 2

                                          STATION:  Pine Bluff
                                          MONTH:    JUNE
                                          YEAR:     2017
                                          LATITUDE:   34 10 N
                                          LONGITUDE:  91 56 W

[TEMPERATURE DATA]      [PRECIPITATION DATA]       SYMBOLS USED IN COLUMN 16

AVERAGE MONTHLY: 76.6   TOTAL FOR MONTH:   5.51    1 = FOG OR MIST
DPTR FM NORMAL:  -2.0   DPTR FM NORMAL:    2.43    2 = FOG REDUCING VISIBILITY
HIGHEST:    91 ON 16,12 GRTST 24HR  2.41 ON 23-23      TO 1/4 MILE OR LESS
LOWEST:     57 ON  9                               3 = THUNDER
                        SNOW, ICE PELLETS, HAIL    4 = ICE PELLETS
                        TOTAL MONTH:   0.0 INCH    5 = HAIL
                        GRTST 24HR     0.0         6 = FREEZING RAIN OR DRIZZLE
                        GRTST DEPTH:   0           7 = DUSTSTORM OR SANDSTORM:
                                                       VSBY 1/2 MILE OR LESS
                                                   8 = SMOKE OR HAZE
[NO. OF DAYS WITH]      [WEATHER - DAYS WITH]      9 = BLOWING SNOW
                                                   X = TORNADO
MAX 32 OR BELOW:   0    0.01 INCH OR MORE:   9
MAX 90 OR ABOVE:   4    0.10 INCH OR MORE:   7
MIN 32 OR BELOW:   0    0.50 INCH OR MORE:   4
MIN  0 OR BELOW:   0    1.00 INCH OR MORE:   1

[HDD (BASE 65) ]
TOTAL THIS MO.     0    CLEAR  (SCALE 0-3)  13
DPTR FM NORMAL     0    PTCLDY (SCALE 4-7)  11
TOTAL FM JUL 1  2034    CLOUDY (SCALE 8-10)  1
DPTR FM NORMAL  -847

[CDD (BASE 65) ]
TOTAL THIS MO.   296
DPTR FM NORMAL   -45    [PRESSURE DATA]
TOTAL FM JAN 1   639    HIGHEST SLP M ON M
DPTR FM NORMAL    -9    LOWEST  SLP 29.66 ON 23

[REMARKS]
ALL SNOWFALL DATA IS FROM THE PINE BLUFF WATER PLANT SITE
