000
CXUS52 KMFL 231000
CF6PBI
PRELIMINARY LOCAL CLIMATOLOGICAL DATA (WS FORM: F-6)

                                          STATION:   WEST PALM BEACH
                                          MONTH:     MARCH
                                          YEAR:      2017
                                          LATITUDE:   26 40 N
                                          LONGITUDE:  80  7 W

  TEMPERATURE IN F:       :PCPN:    SNOW:  WIND      :SUNSHINE: SKY     :PK WND
================================================================================
1   2   3   4   5  6A  6B    7    8   9   10  11  12  13   14  15   16   17  18
                                     12Z  AVG MX 2MIN
DY MAX MIN AVG DEP HDD CDD  WTR  SNW DPTH SPD SPD DIR MIN PSBL S-S WX    SPD DR
================================================================================

 1  82  70  76   7   0  11 0.00  0.0    0 10.6 17 120   M    M   5        25 150
 2  87  65  76   7   0  11 0.00  0.0    0  6.7 20 350   M    M   4        26 350
 3  76  68  72   3   0   7    T  0.0    0 15.3 24  10   M    M   7        31  20
 4  76  68  72   3   0   7 0.00  0.0    0 16.4 23  70   M    M   6        31  50
 5  75  67  71   1   0   6 0.02  0.0    0 20.4 29  90   M    M   7        36 100
 6  76  67  72   2   0   7    T  0.0    0 19.8 29 100   M    M   7        36  90
 7  78  68  73   3   0   8 0.05  0.0    0 17.8 23  90   M    M   7        32 100
 8  79  64  72   2   0   7 0.02  0.0    0  8.3 21 130   M    M   7        25 130
 9  81  60  71   1   0   6    T  0.0    0  5.6 14 120   M    M   4        17 120
10  86  61  74   4   0   9 0.00  0.0    0  5.9 15 320   M    M   4        20 320
11  82  61  72   2   0   7 0.00  0.0    0  9.8 16  30   M    M   4        22  70
12  81  64  73   3   0   8 0.26  0.0    0  8.2 23 320   M    M   5 13     27 310
13  82  62  72   2   0   7 0.01  0.0    0 10.8 23 160   M    M   7 123    29 150
14  76  59  68  -2   0   3 0.60  0.0    0 14.8 31 270   M    M   7 123    40 270
15  67  52  60 -10   5   0 0.00  0.0    0 11.2 20 290   M    M   3        25 320
16  68  46  57 -13   8   0 0.00  0.0    0 10.4 17  50   M    M   2        24  40
17  74  50  62  -8   3   0 0.00  0.0    0  9.8 18  50   M    M   5        25  40
18  75  56  66  -5   0   1 0.00  0.0    0  6.5 14 340   M    M   4        20 110
19  82  53  68  -3   0   3 0.00  0.0    0 10.4 22 300   M    M   2        29 290
20  75  56  66  -5   0   1 0.00  0.0    0  8.2 16  50   M    M   4        23  30
21  76  57  67  -4   0   2 0.00  0.0    0  4.9 14 120   M    M   3        21 130
22  83  55  69  -2   0   4 0.00  0.0    0  5.6 14 100   M    M   1 1      19 280
================================================================================
SM 1717 1329        16 115  0.96     0.0 237.4          M      105
================================================================================
AV 78.1 60.4                              10.8 FASTST   M    M   5    MAX(MPH)
                                 MISC ---->  # 31 270               # 40  270
================================================================================
NOTES:
# LAST OF SEVERAL OCCURRENCES

COLUMN 17 PEAK WIND IN M.P.H.

PRELIMINARY LOCAL CLIMATOLOGICAL DATA (WS FORM: F-6) , PAGE 2

                                          STATION:  WEST PALM BEACH
                                          MONTH:    MARCH
                                          YEAR:     2017
                                          LATITUDE:   26 40 N
                                          LONGITUDE:  80  7 W

[TEMPERATURE DATA]      [PRECIPITATION DATA]       SYMBOLS USED IN COLUMN 16

AVERAGE MONTHLY: 69.2   TOTAL FOR MONTH:   0.96    1 = FOG OR MIST
DPTR FM NORMAL:  -0.8   DPTR FM NORMAL:   -2.29    2 = FOG REDUCING VISIBILITY
HIGHEST:    87 ON  2    GRTST 24HR  0.60 ON 14-14      TO 1/4 MILE OR LESS
LOWEST:     46 ON 16                               3 = THUNDER
                        SNOW, ICE PELLETS, HAIL    4 = ICE PELLETS
                        TOTAL MONTH:   0.0 INCH    5 = HAIL
                        GRTST 24HR     0.0         6 = FREEZING RAIN OR DRIZZLE
                        GRTST DEPTH:   0           7 = DUSTSTORM OR SANDSTORM:
                                                       VSBY 1/2 MILE OR LESS
                                                   8 = SMOKE OR HAZE
[NO. OF DAYS WITH]      [WEATHER - DAYS WITH]      9 = BLOWING SNOW
                                                   X = TORNADO
MAX 32 OR BELOW:   0    0.01 INCH OR MORE:   6
MAX 90 OR ABOVE:   0    0.10 INCH OR MORE:   2
MIN 32 OR BELOW:   0    0.50 INCH OR MORE:   1
MIN  0 OR BELOW:   0    1.00 INCH OR MORE:   0

[HDD (BASE 65) ]
TOTAL THIS MO.    16    CLEAR  (SCALE 0-3)   4
DPTR FM NORMAL    -6    PTCLDY (SCALE 4-7)  18
TOTAL FM JUL 1    68    CLOUDY (SCALE 8-10)  0
DPTR FM NORMAL  -159

[CDD (BASE 65) ]
TOTAL THIS MO.   115
DPTR FM NORMAL   -15    [PRESSURE DATA]
TOTAL FM JAN 1   455    HIGHEST SLP M ON M
DPTR FM NORMAL    90    LOWEST  SLP 29.86 ON 14

[REMARKS]
