000
CXUS56 KPQR 261200
CF6PDX
PRELIMINARY LOCAL CLIMATOLOGICAL DATA (WS FORM: F-6)

                                          STATION:   PORTLAND OR
                                          MONTH:     FEBRUARY
                                          YEAR:      2017
                                          LATITUDE:   45 35 N
                                          LONGITUDE: 122 36 W

  TEMPERATURE IN F:       :PCPN:    SNOW:  WIND      :SUNSHINE: SKY     :PK WND
================================================================================
1   2   3   4   5  6A  6B    7    8   9   10  11  12  13   14  15   16   17  18
                                     12Z  AVG MX 2MIN
DY MAX MIN AVG DEP HDD CDD  WTR  SNW DPTH SPD SPD DIR MIN PSBL S-S WX    SPD DR
================================================================================

 1  41  35  38  -5  27   0 0.00  0.0    0 27.9 38 100   M    M   7        50  80
 2  39  32  36  -7  29   0    T    T    0 29.5 40  90   M    M   9        51  90
 3  34  31  33 -10  32   0 0.55  0.0    0 14.5 24 100   M    M  10 146    30 110
 4  52  33  43   0  22   0 0.59  0.0    0 13.6 21 200   M    M  10 1      26 200
 5  46  34  40  -3  25   0 2.19    T    0  5.5 16 230   M    M  10 1      21 230
 6  44  33  39  -4  26   0 0.04  0.0    0  8.1 22 200   M    M   8 1      28 190
 7  39  32  36  -7  29   0 0.08    T    0  6.0 14 120   M    M  10 12     15 120
 8  37  35  36  -7  29   0 1.01  0.0    0 12.6 26 110   M    M  10 1      31 120
 9  59  37  48   5  17   0 0.96  0.0    0 14.8 26 220   M    M   8 13     35 210
10  51  36  44   1  21   0 0.09  0.0    0  9.5 22 240   M    M   8        29 240
11  53  35  44   1  21   0    T  0.0    0  1.5  7 120   M    M   7         8 130
12  51  31  41  -2  24   0 0.00  0.0    0  3.4 10 290   M    M   8 12     13 280
13  53  29  41  -3  24   0 0.00  0.0    0 10.0 21 120   M    M   1 1      25 120
14  50  33  42  -2  23   0 0.01  0.0    0 10.8 28 110   M    M   6        33 120
15  43  38  41  -3  24   0 0.98  0.0    0 17.2 25 120   M    M  10 1      32 120
16  49  41  45   1  20   0 1.70  0.0    0 10.1 22 110   M    M  10 1      30 250
17  57  40  49   5  16   0    T  0.0    0  3.5 13  90   M    M   8 12     16  70
18  46  40  43  -1  22   0 0.25  0.0    0  6.0 13 110   M    M  10 1      16 110
19  51  40  46   2  19   0 0.27  0.0    0 10.5 24 180   M    M   9 1      38 180
20  50  40  45   1  20   0 0.81  0.0    0  6.5 18 210   M    M  10 1      23 210
21  48  36  42  -2  23   0 0.52  0.0    0  3.7 17 190   M    M   9 1      21 190
22  45  31  38  -6  27   0    T  0.0    0  2.4 13 300   M    M   9 12     16 300
23  44  32  38  -7  27   0    T    T    0  3.6 10 300   M    M   8 18     13 300
24  41  32  37  -8  28   0 0.07  0.0    0  6.1 14 110   M    M   9 1      17 100
25  48  31  40  -5  25   0 0.05  0.0    0  3.0  9 160   M    M   8 1      11 310
================================================================================
SM 1171  867       600   0 10.17    T    240.3          M      212
================================================================================
AV 46.8 34.7                               9.6 FASTST   M    M   8    MAX(MPH)
                                 MISC ---->  # 40  90               # 51   90
================================================================================
NOTES:
# LAST OF SEVERAL OCCURRENCES

COLUMN 17 PEAK WIND IN M.P.H.

PRELIMINARY LOCAL CLIMATOLOGICAL DATA (WS FORM: F-6) , PAGE 2

                                          STATION:  PORTLAND OR
                                          MONTH:    FEBRUARY
                                          YEAR:     2017
                                          LATITUDE:   45 35 N
                                          LONGITUDE: 122 36 W

[TEMPERATURE DATA]      [PRECIPITATION DATA]       SYMBOLS USED IN COLUMN 16

AVERAGE MONTHLY: 40.8   TOTAL FOR MONTH:  10.17    1 = FOG OR MIST
DPTR FM NORMAL:  -2.9   DPTR FM NORMAL:    6.90    2 = FOG REDUCING VISIBILITY
HIGHEST:    59 ON  9    GRTST 24HR  2.19 ON  5- 5      TO 1/4 MILE OR LESS
LOWEST:     29 ON 13                               3 = THUNDER
                        SNOW, ICE PELLETS, HAIL    4 = ICE PELLETS
                        TOTAL MONTH:    T          5 = HAIL
                        GRTST 24HR    T  ON 23-23  6 = FREEZING RAIN OR DRIZZLE
                        GRTST DEPTH:   0           7 = DUSTSTORM OR SANDSTORM:
                                                       VSBY 1/2 MILE OR LESS
                                                   8 = SMOKE OR HAZE
[NO. OF DAYS WITH]      [WEATHER - DAYS WITH]      9 = BLOWING SNOW
                                                   X = TORNADO
MAX 32 OR BELOW:   0    0.01 INCH OR MORE:  17
MAX 90 OR ABOVE:   0    0.10 INCH OR MORE:  11
MIN 32 OR BELOW:   9    0.50 INCH OR MORE:   9
MIN  0 OR BELOW:   0    1.00 INCH OR MORE:   3

[HDD (BASE 65) ]
TOTAL THIS MO.   600    CLEAR  (SCALE 0-3)   1
DPTR FM NORMAL    66    PTCLDY (SCALE 4-7)   8
TOTAL FM JUL 1  3133    CLOUDY (SCALE 8-10) 16
DPTR FM NORMAL   135

[CDD (BASE 65) ]
TOTAL THIS MO.     0
DPTR FM NORMAL     0    [PRESSURE DATA]
TOTAL FM JAN 1     0    HIGHEST SLP M ON M
DPTR FM NORMAL     0    LOWEST  SLP 29.22 ON  5

[REMARKS]
