620
CXUS55 KTBW 191000
CF6PGD
PRELIMINARY LOCAL CLIMATOLOGICAL DATA (WS FORM: F-6)

                                          STATION:   Punta Gorda
                                          MONTH:     SEPTEMBER
                                          YEAR:      2017
                                          LATITUDE:   26 55 N
                                          LONGITUDE:  82  0 W

  TEMPERATURE IN F:       :PCPN:    SNOW:  WIND      :SUNSHINE: SKY     :PK WND
================================================================================
1   2   3   4   5  6A  6B    7    8   9   10  11  12  13   14  15   16   17  18
                                     12Z  AVG MX 2MIN
DY MAX MIN AVG DEP HDD CDD  WTR  SNW DPTH SPD SPD DIR MIN PSBL S-S WX    SPD DR
================================================================================

 1  93  73  83   0   0  18    M  0.0    0  8.4 35 120   M    M   3 138    43 120
 2  89  75  82  -1   0  17 0.00  0.0    0  4.8 17 290   M    M   3 1      20 290
 3  90  76  83   0   0  18 0.00  0.0    0  2.9 17  80   M    M   4 3      20  80
 4  94  75  85   2   0  20 0.00  0.0    0  3.5 20 110   M    M   2 3      26 100
 5  95  74  85   2   0  20    M  0.0    0  3.6 25 120   M    M   2 13     32 120
 6  91  76  84   1   0  19 0.08  0.0    0  4.3 13 260   M    M   1 3      16 250
 7  95  74  85   3   0  20 0.76  0.0    0  3.4 23 180   M    M   3 13     29 170
 8  93  76  85   3   0  20    M  0.0    0 10.0 25 140   M    M   1 13     32 130
 9  88  76  82   0   0  17    T  0.0    0 18.4 29  60   M    M   5 1      38  60
10  78  73  76  -6   0  11    M  0.0    0 31.6 56  40   M    M   8 12     74  30
11  85  75  80  -2   0  15    M  0.0    0 19.2 43 250   M    M   5 18     57 250
12  87  74  81  -1   0  16 0.00  0.0    0  6.5 14 240   M    M   1        26 210
13  91  72  82   0   0  17 0.00  0.0    0  3.1 12 260   M    M   3        14 260
14  93  75  84   2   0  19    M  0.0    0  3.8 30 100   M    M   4 138    33 100
15  93  75  84   2   0  19    M  0.0    0  5.6 14  90   M    M   2        17 100
16  92  75  84   2   0  19    M  0.0    0  7.7 16  70   M    M   2        21  30
17  91  75  83   1   0  18    M  0.0    0  6.7 15  30   M    M   0        19  10
18  91  73  82   0   0  17    M  0.0    0  6.4 15 340   M    M   2        19 340
================================================================================
SM 1629 1342         0 320  0.84     0.0 149.9          M       51
================================================================================
AV 90.5 74.6                               8.3 FASTST   M    M   3    MAX(MPH)
                                 MISC ---->  # 56  40               # 74   30
================================================================================
NOTES:
# LAST OF SEVERAL OCCURRENCES

COLUMN 17 PEAK WIND IN M.P.H.

PRELIMINARY LOCAL CLIMATOLOGICAL DATA (WS FORM: F-6) , PAGE 2

                                          STATION:  Punta Gorda
                                          MONTH:    SEPTEMBER
                                          YEAR:     2017
                                          LATITUDE:   26 55 N
                                          LONGITUDE:  82  0 W

[TEMPERATURE DATA]      [PRECIPITATION DATA]       SYMBOLS USED IN COLUMN 16

AVERAGE MONTHLY: 82.5   TOTAL FOR MONTH:   0.84    1 = FOG OR MIST
DPTR FM NORMAL:   0.2   DPTR FM NORMAL:   -4.31    2 = FOG REDUCING VISIBILITY
HIGHEST:    95 ON  7, 5 GRTST 24HR  0.76 ON  7- 7      TO 1/4 MILE OR LESS
LOWEST:     72 ON 13                               3 = THUNDER
                        SNOW, ICE PELLETS, HAIL    4 = ICE PELLETS
                        TOTAL MONTH:   0.0 INCH    5 = HAIL
                        GRTST 24HR     0.0         6 = FREEZING RAIN OR DRIZZLE
                        GRTST DEPTH:   0           7 = DUSTSTORM OR SANDSTORM:
                                                       VSBY 1/2 MILE OR LESS
                                                   8 = SMOKE OR HAZE
[NO. OF DAYS WITH]      [WEATHER - DAYS WITH]      9 = BLOWING SNOW
                                                   X = TORNADO
MAX 32 OR BELOW:   0    0.01 INCH OR MORE:   2
MAX 90 OR ABOVE:  13    0.10 INCH OR MORE:   1
MIN 32 OR BELOW:   0    0.50 INCH OR MORE:   1
MIN  0 OR BELOW:   0    1.00 INCH OR MORE:   0

[HDD (BASE 65) ]
TOTAL THIS MO.     0    CLEAR  (SCALE 0-3)  13
DPTR FM NORMAL     0    PTCLDY (SCALE 4-7)   5
TOTAL FM JUL 1     0    CLOUDY (SCALE 8-10)  0
DPTR FM NORMAL     0

[CDD (BASE 65) ]
TOTAL THIS MO.   320
DPTR FM NORMAL     6    [PRESSURE DATA]
TOTAL FM JAN 1  3023    HIGHEST SLP M ON M
DPTR FM NORMAL   221    LOWEST  SLP 28.42 ON 10

[REMARKS]
