427
CXUS51 KPBZ 270804
CF6PHD
PRELIMINARY LOCAL CLIMATOLOGICAL DATA (WS FORM: F-6)

                                          STATION:   NEW PHILADELPHIA OH
                                          MONTH:     JULY
                                          YEAR:      2016
                                          LATITUDE:   40 28 N
                                          LONGITUDE:  81 25 W

  TEMPERATURE IN F:       :PCPN:    SNOW:  WIND      :SUNSHINE: SKY     :PK WND
================================================================================
1   2   3   4   5  6A  6B    7    8   9   10  11  12  13   14  15   16   17  18
                                     12Z  AVG MX 2MIN
DY MAX MIN AVG DEP HDD CDD  WTR  SNW DPTH SPD SPD DIR MIN PSBL S-S WX    SPD DR
================================================================================

 1  84  59  72   0   0   7 0.02    M    M  5.4 18 350   M    M   4        23 360
 2  76  54  65  -7   0   0 0.00    M    M  1.5  8  30   M    M   1        12  70
 3  76  55  66  -6   0   1 0.00    M    M  1.6  8 120   M    M   2        10 120
 4  75  59  67  -5   0   2 0.02    M    M  3.1 10 110   M    M   9 18     15 120
 5  89  69  79   7   0  14 0.07    M    M  2.7 10 290   M    M   5 1      15 270
 6  89  65  77   5   0  12 0.02    M    M  3.6 13 200   M    M   3 123    18 250
 7  91  70  81   9   0  16 0.00    M    M  4.6 13  30   M    M   6 138    18  30
 8  87  72  80   8   0  15 0.00    M    M  6.0 13 240   M    M   5 3      20 230
 9  84  64  74   2   0   9 0.27    M    M  5.3 20 320   M    M   6 123    28 320
10  87  60  74   2   0   9 0.00    M    M  3.5 14 340   M    M   2        20 330
11  91  60  76   4   0  11 0.00    M    M  3.5 10 140   M    M   2        14 120
12  93  64  79   7   0  14 0.00    M    M  5.1 14 180   M    M   2 1      20 160
13  93  72  83  10   0  18 0.63    M    M  5.2 21 300   M    M   6 13     29 240
14  89  70  80   7   0  15 0.04    M    M  6.0 15 240   M    M   5 3      24 240
15  88  71  80   7   0  15 0.00    M    M  4.4 15 300   M    M   6 8      23 280
16  86  67  77   4   0  12 0.00    M    M  3.4 16 340   M    M   4 1      22 350
17  89  62  76   3   0  11 0.00    M    M  4.0 13 190   M    M   1 12     19 200
18  89  74  82   9   0  17 0.10    M    M  4.3 13 280   M    M   4 13     19 310
19  91  66  79   6   0  14 0.00    M    M  4.3 15 330   M    M   1 18     20 360
20  90  59  75   2   0  10 0.00    M    M  3.4 14 300   M    M   0        20 340
21  94  60  77   4   0  12 0.00    M    M  3.4 12 260   M    M   1        17 240
22  92  72  82   9   0  17 0.00    M    M  3.5 10 200   M    M   1        17 290
23  98  72  85  12   0  20    T    M    M  2.6 12  90   M    M   3 13     20  60
24  95  70  83  10   0  18    T    M    M  3.5 15 280   M    M   3 3      22 280
25  96  73  85  12   0  20 0.00    M    M  5.2 17 340   M    M   2        22 320
26  95  68  82   9   0  17 0.00    M    M  2.8 13 320   M    M   1        19 320
================================================================================
SM 2307 1707         0 326  1.17    M    101.9          M       85
================================================================================
AV 88.7 65.7                               3.9 FASTST   M    M   3    MAX(MPH)
                                 MISC ---->  # 21 300               # 29  240
================================================================================
NOTES:
# LAST OF SEVERAL OCCURRENCES

COLUMN 17 PEAK WIND IN M.P.H.

PRELIMINARY LOCAL CLIMATOLOGICAL DATA (WS FORM: F-6) , PAGE 2

                                          STATION:  NEW PHILADELPHIA OH
                                          MONTH:    JULY
                                          YEAR:     2016
                                          LATITUDE:   40 28 N
                                          LONGITUDE:  81 25 W

[TEMPERATURE DATA]      [PRECIPITATION DATA]       SYMBOLS USED IN COLUMN 16

AVERAGE MONTHLY: 77.2   TOTAL FOR MONTH:   1.17    1 = FOG OR MIST
DPTR FM NORMAL:   4.7   DPTR FM NORMAL:   -2.12    2 = FOG REDUCING VISIBILITY
HIGHEST:    98 ON 23    GRTST 24HR  0.67 ON 13-14      TO 1/4 MILE OR LESS
LOWEST:     54 ON  2                               3 = THUNDER
                        SNOW, ICE PELLETS, HAIL    4 = ICE PELLETS
                        TOTAL MONTH:    M          5 = HAIL
                        GRTST 24HR    M  ON   M    6 = FREEZING RAIN OR DRIZZLE
                        GRTST DEPTH:  M  ON   M    7 = DUSTSTORM OR SANDSTORM:
                                                       VSBY 1/2 MILE OR LESS
                                                   8 = SMOKE OR HAZE
[NO. OF DAYS WITH]      [WEATHER - DAYS WITH]      9 = BLOWING SNOW
                                                   X = TORNADO
MAX 32 OR BELOW:   0    0.01 INCH OR MORE:   8
MAX 90 OR ABOVE:  12    0.10 INCH OR MORE:   3
MIN 32 OR BELOW:   0    0.50 INCH OR MORE:   1
MIN  0 OR BELOW:   0    1.00 INCH OR MORE:   0

[HDD (BASE 65) ]
TOTAL THIS MO.     0    CLEAR  (SCALE 0-3)  14
DPTR FM NORMAL     0    PTCLDY (SCALE 4-7)  11
TOTAL FM JUL 1     0    CLOUDY (SCALE 8-10)  1
DPTR FM NORMAL     0

[CDD (BASE 65) ]
TOTAL THIS MO.   326
DPTR FM NORMAL   127    [PRESSURE DATA]
TOTAL FM JAN 1   675    HIGHEST SLP M ON M
DPTR FM NORMAL   290    LOWEST  SLP 29.78 ON  8

[REMARKS]
