000
CXUS51 KPHI 011212
CF6PHL
PRELIMINARY LOCAL CLIMATOLOGICAL DATA (WS FORM: F-6)

                                          STATION:   PHILADELPHIA PA
                                          MONTH:     JUNE
                                          YEAR:      2015
                                          LATITUDE:   39 52 N
                                          LONGITUDE:  75 15 W

  TEMPERATURE IN F:       :PCPN:    SNOW:  WIND      :SUNSHINE: SKY     :PK WND
================================================================================
1   2   3   4   5  6A  6B    7    8   9   10  11  12  13   14  15   16   17  18
                                     12Z  AVG MX 2MIN
DY MAX MIN AVG DEP HDD CDD  WTR  SNW DPTH SPD SPD DIR MIN PSBL S-S WX    SPD DR
================================================================================

 1  76  58  67  -2   0   2 1.96  0.0    0 10.0 18  70   M    M  10 138    27  20
 2  58  53  56 -13   9   0 0.30  0.0    0 10.6 18  30   M    M  10 1      24 360
 3  70  55  63  -7   2   0 0.01  0.0    0  9.9 18  80   M    M  10        24  40
 4  70  57  64  -6   1   0    T  0.0    0 11.0 18  80   M    M  10        23  30
 5  76  56  66  -4   0   1 0.13  0.0    0  6.5 13  40   M    M   9 18     24  20
 6  81  64  73   3   0   8 0.05  0.0    0  6.6 21  30   M    M   8 18     31  10
 7  77  58  68  -3   0   3 0.00  0.0    0  7.6 16 190   M    M   6        22 190
 8  86  64  75   4   0  10 0.88  0.0    0 12.5 22 200   M    M   8 13     26 210
 9  86  69  78   6   0  13 0.02  0.0    0 13.0 24 250   M    M   6 13     29 260
10  86  65  76   4   0  11 0.00  0.0    0  7.7 18 210   M    M   2        29 220
11  92  70  81   9   0  16 0.00  0.0    0 10.1 16 210   M    M   7 8      23 210
12  95  75  85  13   0  20 0.00  0.0    0 10.4 20 230   M    M   7 18     26 230
13  88  77  83  10   0  18 0.00  0.0    0  9.4 21 320   M    M   8        26 320
14  90  72  81   8   0  16 0.09  0.0    0  5.1 15 160   M    M   7 1      21 150
15  89  74  82   9   0  17    T  0.0    0  8.6 17 220   M    M   9 18     22 250
16  91  74  83   9   0  18    T  0.0    0  9.1 20 250   M    M   8 1      29 310
17  86  69  78   4   0  13    T  0.0    0  8.5 16  80   M    M   7        21  70
18  74  65  70  -4   0   5 0.65  0.0    0  6.7 13 100   M    M  10 18     17 120
19  87  70  79   5   0  14 0.27  0.0    0  7.3 16 290   M    M   8 13     20 300
20  86  71  79   4   0  14 0.48  0.0    0  8.0 15 180   M    M  10 13     21 150
21  91  73  82   7   0  17 0.30  0.0    0 11.9 23 250   M    M   7 13     30 280
22  91  73  82   7   0  17 0.00  0.0    0  9.7 20 240   M    M   5        26 270
23  95  70  83   7   0  18 0.55  0.0    0 11.5 52 300   M    M   8 13     72 280
24  85  69  77   1   0  12 0.00  0.0    0  8.1 16 300   M    M   4        23 320
25  84  68  76   0   0  11 0.13  0.0    0  5.5 13 250   M    M   9        17  10
26  84  68  76   0   0  11    T  0.0    0  5.6 15 130   M    M   8        18 120
27  71  63  67  -9   0   2 1.34  0.0    0 12.6 29  90   M    M  10 1      37  80
28  79  66  73  -3   0   8 0.22  0.0    0 14.4 21 260   M    M   8 1      25 270
29  81  63  72  -5   0   7 0.00  0.0    0  9.8 18 270   M    M   3        24 260
30  86  67  77   0   0  12 1.50  0.0    0  8.2 33 320   M    M   6 3      37 320
================================================================================
SM 2491 1996        12 314  8.88     0.0 275.9          M      228
================================================================================
AV 83.0 66.5                               9.2 FASTST   M    M   8    MAX(MPH)
                                 MISC ---->  # 52 300               # 72  280
================================================================================
NOTES:
# LAST OF SEVERAL OCCURRENCES

COLUMN 17 PEAK WIND IN M.P.H.

PRELIMINARY LOCAL CLIMATOLOGICAL DATA (WS FORM: F-6) , PAGE 2

                                          STATION:  PHILADELPHIA PA
                                          MONTH:    JUNE
                                          YEAR:     2015
                                          LATITUDE:   39 52 N
                                          LONGITUDE:  75 15 W

[TEMPERATURE DATA]      [PRECIPITATION DATA]       SYMBOLS USED IN COLUMN 16

AVERAGE MONTHLY: 74.8   TOTAL FOR MONTH:   8.88    1 = FOG OR MIST
DPTR FM NORMAL:   1.5   DPTR FM NORMAL:    5.45    2 = FOG REDUCING VISIBILITY
HIGHEST:    95 ON 23,12 GRTST 24HR  1.97 ON  1- 2      TO 1/4 MILE OR LESS
LOWEST:     53 ON  2                               3 = THUNDER
                        SNOW, ICE PELLETS, HAIL    4 = ICE PELLETS
                        TOTAL MONTH:   0.0 INCH    5 = HAIL
                        GRTST 24HR     0.0         6 = FREEZING RAIN OR DRIZZLE
                        GRTST DEPTH:   0           7 = DUSTSTORM OR SANDSTORM:
                                                       VSBY 1/2 MILE OR LESS
                                                   8 = SMOKE OR HAZE
[NO. OF DAYS WITH]      [WEATHER - DAYS WITH]      9 = BLOWING SNOW
                                                   X = TORNADO
MAX 32 OR BELOW:   0    0.01 INCH OR MORE:  17
MAX 90 OR ABOVE:   7    0.10 INCH OR MORE:  13
MIN 32 OR BELOW:   0    0.50 INCH OR MORE:   6
MIN  0 OR BELOW:   0    1.00 INCH OR MORE:   3

[HDD (BASE 65) ]
TOTAL THIS MO.    12    CLEAR  (SCALE 0-3)   2
DPTR FM NORMAL     1    PTCLDY (SCALE 4-7)  16
TOTAL FM JUL 1  4776    CLOUDY (SCALE 8-10) 12
DPTR FM NORMAL   163

[CDD (BASE 65) ]
TOTAL THIS MO.   314
DPTR FM NORMAL    56    [PRESSURE DATA]
TOTAL FM JAN 1   513    HIGHEST SLP 30.24 ON  4
DPTR FM NORMAL   164    LOWEST  SLP 29.62 ON 28

[REMARKS]
#FINAL-06-15#
