000
CXUS53 KILX 280900
CF6PIA
PRELIMINARY LOCAL CLIMATOLOGICAL DATA (WS FORM: F-6)

                                          STATION:   PEORIA IL
                                          MONTH:     APRIL
                                          YEAR:      2016
                                          LATITUDE:   40 40 N
                                          LONGITUDE:  89 41 W

  TEMPERATURE IN F:       :PCPN:    SNOW:  WIND      :SUNSHINE: SKY     :PK WND
================================================================================
1   2   3   4   5  6A  6B    7    8   9   10  11  12  13   14  15   16   17  18
                                     12Z  AVG MX 2MIN
DY MAX MIN AVG DEP HDD CDD  WTR  SNW DPTH SPD SPD DIR MIN PSBL S-S WX    SPD DR
================================================================================

 1  50  36  43  -4  22   0 0.12    T    0  8.3 23 260   M    M   7 15     30 300
 2  47  32  40  -7  25   0    T  0.0    0 13.7 36 280   M    M   2        53 300
 3  76  28  52   4  13   0    T  0.0    0 15.3 33 230   M    M   2        42 260
 4  63  32  48   0  17   0    T  0.0    0  9.2 18  10   M    M   4        30 360
 5  49  28  39  -9  26   0 0.00  0.0    0 12.7 25 170   M    M   2        33 180
 6  53  43  48  -1  17   0 0.16  0.0    0 14.1 24 180   M    M   8 1      31 170
 7  50  37  44  -5  21   0    T  0.0    0 10.6 21 310   M    M   8        29 290
 8  47  31  39 -11  26   0 0.03    T    0 13.4 26 300   M    M   9 15     42 290
 9  44  25  35 -15  30   0 0.01    T    0  8.7 20 150   M    M   2 4      28 150
10  52  38  45  -5  20   0 0.17  0.0    0 11.4 23 180   M    M   9 12     32 170
11  53  37  45  -6  20   0    T  0.0    0  9.2 20 300   M    M   0 1      26 300
12  56  31  44  -7  21   0 0.00  0.0    0  4.3 10 150   M    M   0        19 190
13  63  36  50  -2  15   0 0.00  0.0    0  6.8 16 170   M    M   0        22 160
14  70  42  56   4   9   0 0.00  0.0    0  8.2 16 100   M    M   0        22 110
15  77  46  62  10   3   0 0.00  0.0    0  8.8 17 150   M    M   1        23 120
16  81  52  67  14   0   2 0.00  0.0    0  7.2 17 160   M    M   1        24 170
17  82  51  67  14   0   2 0.00  0.0    0  6.0 18 170   M    M   0        25 190
18  82  54  68  15   0   3 0.00  0.0    0  6.1 18 180   M    M   0        24 180
19  78  56  67  13   0   2    T  0.0    0  6.9 15 320   M    M   7 8      20 320
20  69  55  62   8   3   0 0.03  0.0    0  8.9 20 190   M    M   8 1      26 210
21  70  49  60   6   5   0 0.13  0.0    0  5.4 25 210   M    M   7 138    31 210
22  63  48  56   1   9   0 0.00  0.0    0  5.4 15 350   M    M   6 128    21  40
23  69  41  55   0  10   0 0.00  0.0    0  5.4 14 180   M    M   0        19 160
24  81  50  66  10   0   1 0.00  0.0    0 11.6 21 170   M    M   0 18     29 160
25  84  61  73  17   0   8 0.00  0.0    0 13.0 25 240   M    M   3        32 220
26  72  48  60   4   5   0    T  0.0    0 10.5 25  70   M    M   3        33  70
27  58  48  53  -3  12   0 1.01    M    0 14.7 26  80   M    M  10 138    37  80
================================================================================
SM 1739 1135       329  18  1.66    T    255.8          M       99
================================================================================
AV 64.4 42.0                               9.5 FASTST   M    M   4    MAX(MPH)
                                 MISC ---->  # 36 280               # 53  300
================================================================================
NOTES:
# LAST OF SEVERAL OCCURRENCES

COLUMN 17 PEAK WIND IN M.P.H.

PRELIMINARY LOCAL CLIMATOLOGICAL DATA (WS FORM: F-6) , PAGE 2

                                          STATION:  PEORIA IL
                                          MONTH:    APRIL
                                          YEAR:     2016
                                          LATITUDE:   40 40 N
                                          LONGITUDE:  89 41 W

[TEMPERATURE DATA]      [PRECIPITATION DATA]       SYMBOLS USED IN COLUMN 16

AVERAGE MONTHLY: 53.2   TOTAL FOR MONTH:   1.66    1 = FOG OR MIST
DPTR FM NORMAL:   1.4   DPTR FM NORMAL:   -1.58    2 = FOG REDUCING VISIBILITY
HIGHEST:    84 ON 25    GRTST 24HR  1.01 ON 27-27      TO 1/4 MILE OR LESS
LOWEST:     25 ON  9                               3 = THUNDER
                        SNOW, ICE PELLETS, HAIL    4 = ICE PELLETS
                        TOTAL MONTH:    T          5 = HAIL
                        GRTST 24HR    T  ON  9- 9  6 = FREEZING RAIN OR DRIZZLE
                        GRTST DEPTH:   0           7 = DUSTSTORM OR SANDSTORM:
                                                       VSBY 1/2 MILE OR LESS
                                                   8 = SMOKE OR HAZE
[NO. OF DAYS WITH]      [WEATHER - DAYS WITH]      9 = BLOWING SNOW
                                                   X = TORNADO
MAX 32 OR BELOW:   0    0.01 INCH OR MORE:   8
MAX 90 OR ABOVE:   0    0.10 INCH OR MORE:   5
MIN 32 OR BELOW:   7    0.50 INCH OR MORE:   1
MIN  0 OR BELOW:   0    1.00 INCH OR MORE:   1

[HDD (BASE 65) ]
TOTAL THIS MO.   329    CLEAR  (SCALE 0-3)  15
DPTR FM NORMAL   -40    PTCLDY (SCALE 4-7)   7
TOTAL FM JUL 1  4459    CLOUDY (SCALE 8-10)  5
DPTR FM NORMAL -1182

[CDD (BASE 65) ]
TOTAL THIS MO.    18
DPTR FM NORMAL     8    [PRESSURE DATA]
TOTAL FM JAN 1    18    HIGHEST SLP M ON M
DPTR FM NORMAL     7    LOWEST  SLP 29.58 ON  6

[REMARKS]
