000
CXUS54 KBRO 280900
CF6PIL
PRELIMINARY LOCAL CLIMATOLOGICAL DATA (WS FORM: F-6)

                                          STATION:   BAYVIEW
                                          MONTH:     APRIL
                                          YEAR:      2017
                                          LATITUDE:   26 10 N
                                          LONGITUDE:  97 20 W

  TEMPERATURE IN F:       :PCPN:    SNOW:  WIND      :SUNSHINE: SKY     :PK WND
================================================================================
1   2   3   4   5  6A  6B    7    8   9   10  11  12  13   14  15   16   17  18
                                     12Z  AVG MX 2MIN
DY MAX MIN AVG DEP HDD CDD  WTR  SNW DPTH SPD SPD DIR MIN PSBL S-S WX    SPD DR
================================================================================

 1  86  74  80   8   0  15 0.00  0.0    0 18.8 31 150   M    M   6 18     37 140
 2  94  72  83  11   0  18    T  0.0    0 12.8 20 330   M    M   6 138    27 340
 3  91  63  77   5   0  12    T  0.0    0  8.5 17 120   M    M   1        20 130
 4  89  66  78   5   0  13 0.00  0.0    0 12.0 22 150   M    M   0 18     29 160
 5  82  66  74   1   0   9 0.00  0.0    0 14.2 35 360   M    M   4 18     42 360
 6  78  58  68  -5   0   3 0.00  0.0    0  9.6 17  60   M    M   0        22  60
 7  81  64  73   0   0   8 0.00  0.0    0 12.0 22 110   M    M   1        27  90
 8  84  68  76   3   0  11 0.00  0.0    0 15.2 25 140   M    M   7        31 130
 9  86  71  79   5   0  14 0.00  0.0    0 17.1 26 140   M    M   6        32 130
10  87  76  82   8   0  17 0.00  0.0    0 18.6 28 150   M    M  10 18     34 160
11  87  70  79   5   0  14 0.03  0.0    0 16.0 36  60   M    M   7 1      46  60
12  83  69  76   2   0  11    T  0.0    0 10.7 20 130   M    M   4        27 170
13  86  70  78   4   0  13 0.00  0.0    0 13.2 24 120   M    M   1        29 120
14  86  71  79   5   0  14    T  0.0    0 14.5 23 130   M    M   3        29 110
15  88  72  80   5   0  15 0.00  0.0    0 15.1 24 130   M    M   3        31 140
16  86  75  81   6   0  16 0.00  0.0    0 16.0 25 130   M    M   5 1      31 150
17  88  71  80   5   0  15 0.00  0.0    0 12.7 24 140   M    M   4 18     30 140
18  85  68  77   2   0  12 0.05  0.0    0  8.0 18 150   M    M   2        23 150
19  87  66  77   2   0  12 0.00  0.0    0 10.4 20 100   M    M   0 1      33 150
20  88  73  81   5   0  16 0.00  0.0    0 13.4 23 110   M    M   2        30 130
21  89  71  80   4   0  15 0.00  0.0    0 14.4 24 150   M    M   2 1      30 130
22  88  71  80   4   0  15 0.00  0.0    0 12.6 22 120   M    M   2        28 110
23  77  59  68  -8   0   3    T  0.0    0 12.9 25 340   M    M   6        30  10
24  82  56  69  -7   0   4    T  0.0    0 10.1 22 130   M    M   0 8      28 100
25  90  74  82   6   0  17 0.00  0.0    0 19.3 31 160   M    M   9 8      41 160
26 102  74  88  11   0  23 0.00  0.0    0 14.4 24  10   M    M   3 18     32  30
27  83  72  78   1   0  13 0.00  0.0    0 13.5 21  30   M    M   8 18     27  30
================================================================================
SM 2333 1860         0 348  0.08     0.0 366.0          M      102
================================================================================
AV 86.4 68.9                              13.6 FASTST   M    M   4    MAX(MPH)
                                 MISC ---->  # 36  60               # 46   60
================================================================================
NOTES:
# LAST OF SEVERAL OCCURRENCES

COLUMN 17 PEAK WIND IN M.P.H.

PRELIMINARY LOCAL CLIMATOLOGICAL DATA (WS FORM: F-6) , PAGE 2

                                          STATION:  BAYVIEW
                                          MONTH:    APRIL
                                          YEAR:     2017
                                          LATITUDE:   26 10 N
                                          LONGITUDE:  97 20 W

[TEMPERATURE DATA]      [PRECIPITATION DATA]       SYMBOLS USED IN COLUMN 16

AVERAGE MONTHLY: 77.7   TOTAL FOR MONTH:   0.08    1 = FOG OR MIST
DPTR FM NORMAL:   3.2   DPTR FM NORMAL:   -1.26    2 = FOG REDUCING VISIBILITY
HIGHEST:   102 ON 26    GRTST 24HR  0.05 ON 18-18      TO 1/4 MILE OR LESS
LOWEST:     56 ON 24                               3 = THUNDER
                        SNOW, ICE PELLETS, HAIL    4 = ICE PELLETS
                        TOTAL MONTH:   0.0 INCH    5 = HAIL
                        GRTST 24HR     0.0         6 = FREEZING RAIN OR DRIZZLE
                        GRTST DEPTH:   0           7 = DUSTSTORM OR SANDSTORM:
                                                       VSBY 1/2 MILE OR LESS
                                                   8 = SMOKE OR HAZE
[NO. OF DAYS WITH]      [WEATHER - DAYS WITH]      9 = BLOWING SNOW
                                                   X = TORNADO
MAX 32 OR BELOW:   0    0.01 INCH OR MORE:   2
MAX 90 OR ABOVE:   4    0.10 INCH OR MORE:   0
MIN 32 OR BELOW:   0    0.50 INCH OR MORE:   0
MIN  0 OR BELOW:   0    1.00 INCH OR MORE:   0

[HDD (BASE 65) ]
TOTAL THIS MO.     0    CLEAR  (SCALE 0-3)  13
DPTR FM NORMAL    -6    PTCLDY (SCALE 4-7)  12
TOTAL FM JUL 1   226    CLOUDY (SCALE 8-10)  2
DPTR FM NORMAL  -320

[CDD (BASE 65) ]
TOTAL THIS MO.   348
DPTR FM NORMAL    86    [PRESSURE DATA]
TOTAL FM JAN 1  1014    HIGHEST SLP 30.02 ON M
DPTR FM NORMAL   471    LOWEST  SLP 29.44 ON 26

[REMARKS]
