000
CXUS54 KBRO 270900
CF6PIL
PRELIMINARY LOCAL CLIMATOLOGICAL DATA (WS FORM: F-6)

                                          STATION:   BAYVIEW
                                          MONTH:     FEBRUARY
                                          YEAR:      2017
                                          LATITUDE:   26 10 N
                                          LONGITUDE:  97 20 W

  TEMPERATURE IN F:       :PCPN:    SNOW:  WIND      :SUNSHINE: SKY     :PK WND
================================================================================
1   2   3   4   5  6A  6B    7    8   9   10  11  12  13   14  15   16   17  18
                                     12Z  AVG MX 2MIN
DY MAX MIN AVG DEP HDD CDD  WTR  SNW DPTH SPD SPD DIR MIN PSBL S-S WX    SPD DR
================================================================================

 1  82  61  72  10   0   7 0.00  0.0    0 10.1 23 170   M    M   2 18     27 150
 2  82  62  72  10   0   7 0.00  0.0    0  8.1 20 110   M    M   3 128    23 120
 3  73  66  70   8   0   5 0.03  0.0    0 13.5 22  10   M    M  10 18     28  60
 4  76  63  70   8   0   5 0.48  0.0    0  9.0 18 160   M    M   9 18     23 160
 5  82  63  73  11   0   8 0.00  0.0    0 11.9 24 150   M    M   3 1      31 160
 6  82  69  76  14   0  11 0.00  0.0    0 15.7 30 160   M    M   4 18     36 160
 7  85  68  77  15   0  12 0.00  0.0    0 11.7 20 180   M    M   3 18     26 180
 8  88  69  79  16   0  14 0.00  0.0    0  9.8 17 140   M    M   4 18     21 200
 9  74  64  69   6   0   4 0.00  0.0    0 11.2 22  20   M    M   5 18     27  20
10  84  67  76  13   0  11 0.00  0.0    0  9.4 20 160   M    M   6 18     26 170
11  84  72  78  15   0  13 0.00  0.0    0 17.0 30 160   M    M   3 18     37 160
12  84  70  77  14   0  12 0.00  0.0    0 12.6 24 140   M    M   4 18     30 140
13  82  70  76  13   0  11 0.00  0.0    0 15.0 28 140   M    M   2 18     33 150
14  76  58  67   4   0   2 0.02  0.0    0 15.3 26 310   M    M   6 18     37 260
15  66  48  57  -6   8   0 0.00  0.0    0 13.1 26 330   M    M   0        32 330
16  71  47  59  -4   6   0 0.00  0.0    0  6.9 16  90   M    M   2        20  90
17  84  60  72   8   0   7 0.00  0.0    0  8.7 18 230   M    M   5        26 200
18  85  61  73   9   0   8 0.00  0.0    0 12.7 24 140   M    M   5 128    29 150
19  85  73  79  15   0  14 0.00  0.0    0 20.5 30 150   M    M   8 18     39 150
20  76  58  67   3   0   2 0.31  0.0    0  7.7 26 160   M    M   6 13     35 160
21  91  57  74  10   0   9 0.00  0.0    0 10.5 26 320   M    M   0 12     32 330
22  87  53  70   6   0   5 0.00  0.0    0  6.6 15 110   M    M   0 12     19 110
23  91  61  76  12   0  11 0.00  0.0    0 12.6 25 150   M    M   2 12     31 150
24  90  68  79  14   0  14 0.00  0.0    0 13.1 25 350   M    M   0        34 340
25  75  66  71   6   0   6 0.00  0.0    0 14.4 21  50   M    M   3        27  30
26  83  69  76  11   0  11    T  0.0    0 15.0 28 140   M    M   4 18     36 160
================================================================================
SM 2118 1643        14 209  0.84     0.0 312.1          M       99
================================================================================
AV 81.5 63.2                              12.0 FASTST   M    M   4    MAX(MPH)
                                 MISC ---->    30   M               # 39  150
================================================================================
NOTES:
# LAST OF SEVERAL OCCURRENCES

COLUMN 17 PEAK WIND IN M.P.H.

PRELIMINARY LOCAL CLIMATOLOGICAL DATA (WS FORM: F-6) , PAGE 2

                                          STATION:  BAYVIEW
                                          MONTH:    FEBRUARY
                                          YEAR:     2017
                                          LATITUDE:   26 10 N
                                          LONGITUDE:  97 20 W

[TEMPERATURE DATA]      [PRECIPITATION DATA]       SYMBOLS USED IN COLUMN 16

AVERAGE MONTHLY: 72.3   TOTAL FOR MONTH:   0.84    1 = FOG OR MIST
DPTR FM NORMAL:   9.1   DPTR FM NORMAL:   -0.53    2 = FOG REDUCING VISIBILITY
HIGHEST:    91 ON 23,21 GRTST 24HR  0.48 ON  4- 4      TO 1/4 MILE OR LESS
LOWEST:     47 ON 16                               3 = THUNDER
                        SNOW, ICE PELLETS, HAIL    4 = ICE PELLETS
                        TOTAL MONTH:   0.0 INCH    5 = HAIL
                        GRTST 24HR     0.0         6 = FREEZING RAIN OR DRIZZLE
                        GRTST DEPTH:   0           7 = DUSTSTORM OR SANDSTORM:
                                                       VSBY 1/2 MILE OR LESS
                                                   8 = SMOKE OR HAZE
[NO. OF DAYS WITH]      [WEATHER - DAYS WITH]      9 = BLOWING SNOW
                                                   X = TORNADO
MAX 32 OR BELOW:   0    0.01 INCH OR MORE:   4
MAX 90 OR ABOVE:   3    0.10 INCH OR MORE:   2
MIN 32 OR BELOW:   0    0.50 INCH OR MORE:   0
MIN  0 OR BELOW:   0    1.00 INCH OR MORE:   0

[HDD (BASE 65) ]
TOTAL THIS MO.    14    CLEAR  (SCALE 0-3)  12
DPTR FM NORMAL  -100    PTCLDY (SCALE 4-7)  12
TOTAL FM JUL 1   222    CLOUDY (SCALE 8-10)  2
DPTR FM NORMAL  -271

[CDD (BASE 65) ]
TOTAL THIS MO.   209
DPTR FM NORMAL   140    [PRESSURE DATA]
TOTAL FM JAN 1   335    HIGHEST SLP M ON M
DPTR FM NORMAL   217    LOWEST  SLP 29.58 ON 23

[REMARKS]
