000
CXUS51 KPBZ 260804
CF6PIT
PRELIMINARY LOCAL CLIMATOLOGICAL DATA (WS FORM: F-6)

                                          STATION:   PITTSBURGH PA
                                          MONTH:     MAY
                                          YEAR:      2016
                                          LATITUDE:   40 30 N
                                          LONGITUDE:  80 13 W

  TEMPERATURE IN F:       :PCPN:    SNOW:  WIND      :SUNSHINE: SKY     :PK WND
================================================================================
1   2   3   4   5  6A  6B    7    8   9   10  11  12  13   14  15   16   17  18
                                     12Z  AVG MX 2MIN
DY MAX MIN AVG DEP HDD CDD  WTR  SNW DPTH SPD SPD DIR MIN PSBL S-S WX    SPD DR
================================================================================

 1  74  54  64   8   1   0 0.28  0.0    0  6.5 14  10   M    M   9 13     18 280
 2  67  51  59   3   6   0 0.67  0.0    0  8.8 18 310   M    M   9 135    22 240
 3  64  47  56   0   9   0 0.00  0.0    0  6.6 15 310   M    M   9        18 310
 4  63  49  56  -1   9   0 0.04  0.0    0  3.5 15 300   M    M   9        20 270
 5  65  49  57   0   8   0 0.05  0.0    0  8.2 15 340   M    M   8 1      32 340
 6  70  50  60   3   5   0    T  0.0    0 12.2 28 340   M    M   8        35 330
 7  73  45  59   1   6   0 0.12  0.0    0  5.0 17 310   M    M   7 1      21 160
 8  65  46  56  -2   9   0    T  0.0    0 10.7 24 280   M    M   4 1      30 280
 9  56  48  52  -6  13   0    T  0.0    0  4.8 13 230   M    M   8        17 230
10  69  51  60   2   5   0 0.22  0.0    0  5.8 16 250   M    M  10 18     23 250
11  74  57  66   7   0   1 0.01  0.0    0  3.1  9  40   M    M   7 18     12 100
12  79  54  67   8   0   2 0.25  0.0    0  5.2 30 220   M    M   8 138    39 230
13  70  55  63   4   2   0 0.16  0.0    0 10.0 22 280   M    M   7 1      29 280
14  57  42  50  -9  15   0 0.27  0.0    0 11.6 28 290   M    M   9 1      34 280
15  50  38  44 -16  21   0 0.01    T    0 13.7 32 320   M    M   8 8      38 300
16  63  35  49 -11  16   0 0.00  0.0    0  7.1 16 280   M    M   4        22 280
17  62  51  57  -3   8   0    T  0.0    0  3.6 10 360   M    M  10        14  10
18  60  46  53  -7  12   0 0.14  0.0    0  5.9 13  60   M    M   8 18     15  50
19  70  42  56  -5   9   0 0.00  0.0    0  4.7 12 350   M    M   2        16 320
20  74  42  58  -3   7   0 0.03  0.0    0  6.7 14 140   M    M   8        21 140
21  58  52  55  -6  10   0 1.09  0.0    0  8.1 13 360   M    M  10 1      17 100
22  68  50  59  -3   6   0 0.26  0.0    0  7.0 24 100   M    M   9 13     32 110
23  79  49  64   2   1   0 0.01  0.0    0  4.3 18  40   M    M   3 18     24  30
24  80  51  66   4   0   1 0.00  0.0    0  6.0 18 300   M    M   3        22 270
25  82  59  71   8   0   6 0.00  0.0    0  4.8 14 210   M    M   7        19 200
================================================================================
SM 1692 1213       178  10  3.61    T    173.9          M      184
================================================================================
AV 67.7 48.5                               7.0 FASTST   M    M   7    MAX(MPH)
                                 MISC ---->  # 32 320               # 39  230
================================================================================
NOTES:
# LAST OF SEVERAL OCCURRENCES

COLUMN 17 PEAK WIND IN M.P.H.

PRELIMINARY LOCAL CLIMATOLOGICAL DATA (WS FORM: F-6) , PAGE 2

                                          STATION:  PITTSBURGH PA
                                          MONTH:    MAY
                                          YEAR:     2016
                                          LATITUDE:   40 30 N
                                          LONGITUDE:  80 13 W

[TEMPERATURE DATA]      [PRECIPITATION DATA]       SYMBOLS USED IN COLUMN 16

AVERAGE MONTHLY: 58.1   TOTAL FOR MONTH:   3.61    1 = FOG OR MIST
DPTR FM NORMAL:  -1.1   DPTR FM NORMAL:    0.52    2 = FOG REDUCING VISIBILITY
HIGHEST:    82 ON 25    GRTST 24HR  1.09 ON 21-21      TO 1/4 MILE OR LESS
LOWEST:     35 ON 16                               3 = THUNDER
                        SNOW, ICE PELLETS, HAIL    4 = ICE PELLETS
                        TOTAL MONTH:    T          5 = HAIL
                        GRTST 24HR    T  ON 15-15  6 = FREEZING RAIN OR DRIZZLE
                        GRTST DEPTH:   0           7 = DUSTSTORM OR SANDSTORM:
                                                       VSBY 1/2 MILE OR LESS
                                                   8 = SMOKE OR HAZE
[NO. OF DAYS WITH]      [WEATHER - DAYS WITH]      9 = BLOWING SNOW
                                                   X = TORNADO
MAX 32 OR BELOW:   0    0.01 INCH OR MORE:  16
MAX 90 OR ABOVE:   0    0.10 INCH OR MORE:  10
MIN 32 OR BELOW:   0    0.50 INCH OR MORE:   2
MIN  0 OR BELOW:   0    1.00 INCH OR MORE:   1

[HDD (BASE 65) ]
TOTAL THIS MO.   178    CLEAR  (SCALE 0-3)   3
DPTR FM NORMAL     4    PTCLDY (SCALE 4-7)  12
TOTAL FM JUL 1  4670    CLOUDY (SCALE 8-10) 10
DPTR FM NORMAL  -980

[CDD (BASE 65) ]
TOTAL THIS MO.    10
DPTR FM NORMAL   -20    [PRESSURE DATA]
TOTAL FM JAN 1    13    HIGHEST SLP M ON M
DPTR FM NORMAL   -27    LOWEST  SLP 29.63 ON  4

[REMARKS]
