000
CXUS51 KPBZ 240804
CF6PIT
PRELIMINARY LOCAL CLIMATOLOGICAL DATA (WS FORM: F-6)

                                          STATION:   PITTSBURGH PA
                                          MONTH:     MAY
                                          YEAR:      2015
                                          LATITUDE:   40 30 N
                                          LONGITUDE:  80 13 W

  TEMPERATURE IN F:       :PCPN:    SNOW:  WIND      :SUNSHINE: SKY     :PK WND
================================================================================
1   2   3   4   5  6A  6B    7    8   9   10  11  12  13   14  15   16   17  18
                                     12Z  AVG MX 2MIN
DY MAX MIN AVG DEP HDD CDD  WTR  SNW DPTH SPD SPD DIR MIN PSBL S-S WX    SPD DR
================================================================================

 1  69  46  58   2   7   0 0.01  0.0    0  8.3 21 350   M    M   6 18     26 340
 2  74  43  59   3   6   0 0.00  0.0    0  4.9 16 340   M    M   4        26 350
 3  77  48  63   7   2   0 0.00  0.0    0  3.7 14 290   M    M   4        18 290
 4  82  50  66   9   0   1 0.01  0.0    0  7.7 26 300   M    M   7        32 300
 5  75  59  67  10   0   2 0.31  0.0    0  2.2 14 270   M    M   9 1      19 280
 6  83  55  69  12   0   4 0.00  0.0    0  6.9 18 270   M    M   6 128    24 280
 7  85  56  71  13   0   6 0.00  0.0    0  2.3  9 360   M    M   3 18     12  90
 8  88  58  73  15   0   8 0.00  0.0    0  3.5 14 160   M    M   5        18 160
 9  87  66  77  19   0  12 0.00  0.0    0  6.1 14 150   M    M   5        17 150
10  88  62  75  17   0  10 0.00  0.0    0  4.7 13 190   M    M   3        17 200
11  88  65  77  18   0  12 0.10  0.0    0  7.8 28 270   M    M   6 13     42 270
12  73  53  63   4   2   0 0.04  0.0    0 14.2 28 280   M    M   7 1      41 230
13  53  45  49 -10  16   0    T    M    0  9.9 25 310   M    M  10 1      30 310
14  69  38  54  -5  11   0 0.00  0.0    0  3.7 14  90   M    M   7 1      21 120
15  80  54  67   7   0   2 0.05  0.0    0  5.1 15 200   M    M   7        19 270
16  78  66  72  12   0   7 0.65  0.0    0  6.7 17 240   M    M   9 13     23 230
17  80  65  73  13   0   8 0.53  0.0    0  4.8 13 200   M    M   7 1      16 210
18  82  67  75  15   0  10 0.23  0.0    0  5.8 20 260   M    M   8 13     28 250
19  76  52  64   3   1   0    T  0.0    0 10.6 24 330   M    M   6 1      31 330
20  56  47  52  -9  13   0    T  0.0    0  8.8 17 340   M    M   9        22 340
21  55  46  51 -10  14   0 0.01  0.0    0  6.7 16 320   M    M   8        20 310
22  69  44  57  -5   8   0 0.00  0.0    0 10.7 28 310   M    M   3        32 320
23  73  37  55  -7  10   0 0.00  0.0    0  2.7 14 270   M    M   2        19 300
================================================================================
SM 1740 1222        90  82  1.94     0.0 147.8          M      141
================================================================================
AV 75.7 53.1                               6.4 FASTST   M    M   6    MAX(MPH)
                                 MISC ---->  # 28 270               # 42  270
================================================================================
NOTES:
# LAST OF SEVERAL OCCURRENCES

COLUMN 17 PEAK WIND IN M.P.H.

PRELIMINARY LOCAL CLIMATOLOGICAL DATA (WS FORM: F-6) , PAGE 2

                                          STATION:  PITTSBURGH PA
                                          MONTH:    MAY
                                          YEAR:     2015
                                          LATITUDE:   40 30 N
                                          LONGITUDE:  80 13 W

[TEMPERATURE DATA]      [PRECIPITATION DATA]       SYMBOLS USED IN COLUMN 16

AVERAGE MONTHLY: 64.4   TOTAL FOR MONTH:   1.94    1 = FOG OR MIST
DPTR FM NORMAL:   5.5   DPTR FM NORMAL:   -0.88    2 = FOG REDUCING VISIBILITY
HIGHEST:    88 ON 11,10 GRTST 24HR  1.18 ON 16-17      TO 1/4 MILE OR LESS
LOWEST:     37 ON 23                               3 = THUNDER
                        SNOW, ICE PELLETS, HAIL    4 = ICE PELLETS
                        TOTAL MONTH:   0.0 INCH    5 = HAIL
                        GRTST 24HR     0.0         6 = FREEZING RAIN OR DRIZZLE
                        GRTST DEPTH:   0           7 = DUSTSTORM OR SANDSTORM:
                                                       VSBY 1/2 MILE OR LESS
                                                   8 = SMOKE OR HAZE
[NO. OF DAYS WITH]      [WEATHER - DAYS WITH]      9 = BLOWING SNOW
                                                   X = TORNADO
MAX 32 OR BELOW:   0    0.01 INCH OR MORE:  10
MAX 90 OR ABOVE:   0    0.10 INCH OR MORE:   5
MIN 32 OR BELOW:   0    0.50 INCH OR MORE:   2
MIN  0 OR BELOW:   0    1.00 INCH OR MORE:   0

[HDD (BASE 65) ]
TOTAL THIS MO.    90    CLEAR  (SCALE 0-3)   4
DPTR FM NORMAL   -75    PTCLDY (SCALE 4-7)  15
TOTAL FM JUL 1  6015    CLOUDY (SCALE 8-10)  4
DPTR FM NORMAL   374

[CDD (BASE 65) ]
TOTAL THIS MO.    82
DPTR FM NORMAL    56    [PRESSURE DATA]
TOTAL FM JAN 1    83    HIGHEST SLP M ON M
DPTR FM NORMAL    47    LOWEST  SLP 29.89 ON 11

[REMARKS]
