000
CXUS53 KAPX 260631
CF6PLN
PRELIMINARY LOCAL CLIMATOLOGICAL DATA (WS FORM: F-6)

                                          STATION:   PELLSTON
                                          MONTH:     MARCH
                                          YEAR:      2017
                                          LATITUDE:   45 34 N
                                          LONGITUDE:  84 48 W

  TEMPERATURE IN F:       :PCPN:    SNOW:  WIND      :SUNSHINE: SKY     :PK WND
================================================================================
1   2   3   4   5  6A  6B    7    8   9   10  11  12  13   14  15   16   17  18
                                     12Z  AVG MX 2MIN
DY MAX MIN AVG DEP HDD CDD  WTR  SNW DPTH SPD SPD DIR MIN PSBL S-S WX    SPD DR
================================================================================

 1  36  13  25   4  40   0 0.37    M    M 13.9 22 330   M    M  10 128    34  50
 2  24  -5  10 -11  55   0 0.01    M    M  8.2 25 320   M    M   2 128    32 340
 3  19 -10   5 -16  60   0    T    M    M  5.7 21 310   M    M   4 18     27 290
 4  27 -16   6 -16  59   0 0.00    M    M  5.0 14 130   M    M   0 8      19 140
 5  39   9  24   2  41   0 0.00    M    M 11.5 22 140   M    M   5        30 140
 6  47  34  41  19  24   0 0.02    M    M  4.4 12 140   M    M  10 18      M  M
 7  56  36  46  23  19   0 0.16    M    M 20.2 40 240   M    M   4 13     61 240
 8  40  22  31   8  34   0 0.02    M    M 19.5 32 270   M    M   8 128    45 250
 9  30  21  26   3  39   0    T    M    M 13.4 26 280   M    M   8        37 290
10  22  11  17  -7  48   0    T    M    M 19.7 30 300   M    M   9 8      40 310
11  21  13  17  -7  48   0    T    M    M 17.1 26 310   M    M  10 8      33 320
12  22   2  12 -12  53   0    T    M    M  6.3 17 330   M    M   2 8      20 320
13  22   9  16  -9  49   0    T    M    M  6.1 16  40   M    M   9 8      23  70
14  25  -1  12 -13  53   0 0.00    M    M 10.1 22 350   M    M   1        26 330
15  30  14  22  -4  43   0 0.00    M    M 14.1 29 330   M    M   1        36 330
16  39  20  30   4  35   0 0.00    M    M  8.0 17 300   M    M   2        21 290
17  44  14  29   3  36   0 0.07    M    M  6.4 14 190   M    M   4 18     20 140
18  36  31  34   7  31   0 0.00    M    M  4.1 10  50   M    M  10 18     13  50
19  47  32  40  13  25   0    T    M    M  4.1 10  50   M    M   7 1       M  M
20  49  22  36   8  29   0    T    M    M  6.1 18 280   M    M   5        23 280
21  38  18  28   0  37   0 0.00    M    M 16.3 36 320   M    M   5        45 320
22  30  10  20  -9  45   0 0.00  0.0    M  6.3 23 350   M    M   1        26 360
23  40  11  26  -3  39   0 0.04    M    M  5.4 15 120   M    M   6 6      23 200
24  38  32  35   5  30   0 0.68    M    M  4.2 10 340   M    M  10 16     13 150
25  39  32  36   6  29   0 0.03    M    M 11.8 20 100   M    M   9 16     30 100
================================================================================
SM  860  374      1001   0  1.40     0.0 247.9          M      142
================================================================================
AV 34.4 15.0                               9.9 FASTST   M    M   6    MAX(MPH)
                                 MISC ---->    40   M               # 61  240
================================================================================
NOTES:
# LAST OF SEVERAL OCCURRENCES

COLUMN 17 PEAK WIND IN M.P.H.

PRELIMINARY LOCAL CLIMATOLOGICAL DATA (WS FORM: F-6) , PAGE 2

                                          STATION:  PELLSTON
                                          MONTH:    MARCH
                                          YEAR:     2017
                                          LATITUDE:   45 34 N
                                          LONGITUDE:  84 48 W

[TEMPERATURE DATA]      [PRECIPITATION DATA]       SYMBOLS USED IN COLUMN 16

AVERAGE MONTHLY: 24.7   TOTAL FOR MONTH:   1.40    1 = FOG OR MIST
DPTR FM NORMAL:  -0.4   DPTR FM NORMAL:   -0.05    2 = FOG REDUCING VISIBILITY
HIGHEST:    56 ON  7    GRTST 24HR  0.68 ON 24-24      TO 1/4 MILE OR LESS
LOWEST:    -16 ON  4                               3 = THUNDER
                        SNOW, ICE PELLETS, HAIL    4 = ICE PELLETS
                        TOTAL MONTH:   0.0 INCH    5 = HAIL
                        GRTST 24HR     0.0         6 = FREEZING RAIN OR DRIZZLE
                        GRTST DEPTH:  M  ON   M    7 = DUSTSTORM OR SANDSTORM:
                                                       VSBY 1/2 MILE OR LESS
                                                   8 = SMOKE OR HAZE
[NO. OF DAYS WITH]      [WEATHER - DAYS WITH]      9 = BLOWING SNOW
                                                   X = TORNADO
MAX 32 OR BELOW:  11    0.01 INCH OR MORE:   9
MAX 90 OR ABOVE:   0    0.10 INCH OR MORE:   3
MIN 32 OR BELOW:  23    0.50 INCH OR MORE:   1
MIN  0 OR BELOW:   4    1.00 INCH OR MORE:   0

[HDD (BASE 65) ]
TOTAL THIS MO.  1001    CLEAR  (SCALE 0-3)   7
DPTR FM NORMAL     3    PTCLDY (SCALE 4-7)  10
TOTAL FM JUL 1  5844    CLOUDY (SCALE 8-10)  8
DPTR FM NORMAL -1263

[CDD (BASE 65) ]
TOTAL THIS MO.     0
DPTR FM NORMAL     0    [PRESSURE DATA]
TOTAL FM JAN 1     0    HIGHEST SLP M ON M
DPTR FM NORMAL     0    LOWEST  SLP 29.43 ON  1

[REMARKS]
