000
CXUS55 KLOX 301655
CF6PMD
PRELIMINARY LOCAL CLIMATOLOGICAL DATA (WS FORM: F-6)

                                          STATION:   PALMDALE AIRPORT CA
                                          MONTH:     JANUARY
                                          YEAR:      2015
                                          LATITUDE:   34 37 N
                                          LONGITUDE: 118  5 W

  TEMPERATURE IN F:       :PCPN:    SNOW:  WIND      :SUNSHINE: SKY     :PK WND
================================================================================
1   2   3   4   5  6A  6B    7    8   9   10  11  12  13   14  15   16   17  18
                                     12Z  AVG MX 2MIN
DY MAX MIN AVG DEP HDD CDD  WTR  SNW DPTH SPD SPD DIR MIN PSBL S-S WX    SPD DR
================================================================================

 1  50  22  36  -8  29   0 0.00  0.0    0  5.1 10 150   M    M   0        11 150
 2  51  21  36  -8  29   0 0.00  0.0    0  3.7  9 200   M    M   0         9 310
 3  56  24  40  -4  25   0 0.00  0.0    0  3.3 10 180   M    M   0        11 200
 4  56  27  42  -2  23   0 0.00  0.0    0  3.0  9 210   M    M   0        11  10
 5  61  28  45   1  20   0 0.00  0.0    0  3.5 10  30   M    M   0        12  40
 6  65  30  48   4  17   0 0.00  0.0    0  3.8 10 220   M    M   0        11 200
 7  66  33  50   6  15   0 0.00  0.0    0  2.9 10 210   M    M   0        10 200
 8  67  36  52   8  13   0 0.00  0.0    0  4.3 10 190   M    M   1        11 190
 9  66  44  55  11  10   0 0.00  0.0    0  3.9 10 190   M    M   1 8      13 200
10  57  42  50   5  15   0 0.09    M    0  1.7  8 300   M    M   8 18      9 290
11  52  45  49   4  16   0 0.56    M    0  5.8 16  40   M    M  10 1      18  40
12  59  39  49   4  16   0 0.00  0.0    M  6.4 17 290   M    M   1 12     20 320
13  58  36  47   2  18   0 0.00  0.0    0  6.8 22  70   M    M   0 18     24  70
14  59  33  46   1  19   0 0.00  0.0    0  3.9 10  30   M    M   0        13  30
15  59  31  45   0  20   0 0.00  0.0    0  3.8  9 190   M    M   0        11  20
16  61  32  47   2  18   0 0.00  0.0    0  4.6 17  30   M    M   0        21  30
17  63  33  48   3  17   0 0.00  0.0    0  3.8  9 190   M    M   0        10 210
18  66  39  53   8  12   0 0.00  0.0    0  3.5 10 200   M    M   0        11 210
19  70  37  54   9  11   0 0.00  0.0    0  4.8 10 200   M    M   0        12 290
20  58  40  49   4  16   0 0.00  0.0    0  3.3 13 330   M    M   1        14 330
21  63  34  49   4  16   0 0.00  0.0    0  6.9 18  90   M    M   0        21  90
22  60  30  45   0  20   0 0.00  0.0    0  4.4 10  40   M    M   0        14 330
23  63  29  46   1  19   0 0.00  0.0    0  5.3 13  30   M    M   0        15  20
24  66  34  50   4  15   0 0.00  0.0    0 14.5 33  90   M    M   0        42  80
25  71  34  53   7  12   0 0.00  0.0    0  7.5 26  90   M    M   0        32  70
26  61  39  50   4  15   0 0.03    M    0  5.1 18  50   M    M   6        22  60
27  58  42  50   4  15   0    T    M    0  2.8  9 210   M    M   7 1      11 350
28  60  41  51   5  14   0 0.00  0.0    0  4.6 13  80   M    M   1 12     15  40
29  62  46  54   8  11   0    T    M    0  3.6 10  30   M    M   4        12  40
================================================================================
SM 1764 1001       496   0  0.68     0.0 136.5          M       40
================================================================================
AV 60.8 34.5                               4.7 FASTST   M    M   1    MAX(MPH)
                                 MISC ---->  # 33  90               # 42   80
================================================================================
NOTES:
# LAST OF SEVERAL OCCURRENCES

COLUMN 17 PEAK WIND IN M.P.H.

PRELIMINARY LOCAL CLIMATOLOGICAL DATA (WS FORM: F-6) , PAGE 2

                                          STATION:  PALMDALE AIRPORT CA
                                          MONTH:    JANUARY
                                          YEAR:     2015
                                          LATITUDE:   34 37 N
                                          LONGITUDE: 118  5 W

[TEMPERATURE DATA]      [PRECIPITATION DATA]       SYMBOLS USED IN COLUMN 16

AVERAGE MONTHLY: 47.7   TOTAL FOR MONTH:   0.68    1 = FOG OR MIST
DPTR FM NORMAL:   2.8   DPTR FM NORMAL:   -0.78    2 = FOG REDUCING VISIBILITY
HIGHEST:    71 ON 25    GRTST 24HR  0.64 ON 10-11      TO 1/4 MILE OR LESS
LOWEST:     21 ON  2                               3 = THUNDER
                        SNOW, ICE PELLETS, HAIL    4 = ICE PELLETS
                        TOTAL MONTH:   0.0 INCH    5 = HAIL
                        GRTST 24HR     0.0         6 = FREEZING RAIN OR DRIZZLE
                        GRTST DEPTH:   0           7 = DUSTSTORM OR SANDSTORM:
                                                       VSBY 1/2 MILE OR LESS
                                                   8 = SMOKE OR HAZE
[NO. OF DAYS WITH]      [WEATHER - DAYS WITH]      9 = BLOWING SNOW
                                                   X = TORNADO
MAX 32 OR BELOW:   0    0.01 INCH OR MORE:   3
MAX 90 OR ABOVE:   0    0.10 INCH OR MORE:   1
MIN 32 OR BELOW:  10    0.50 INCH OR MORE:   1
MIN  0 OR BELOW:   0    1.00 INCH OR MORE:   0

[HDD (BASE 65) ]
TOTAL THIS MO.   496    CLEAR  (SCALE 0-3)  24
DPTR FM NORMAL   -87    PTCLDY (SCALE 4-7)   4
TOTAL FM JUL 1  1345    CLOUDY (SCALE 8-10)  1
DPTR FM NORMAL  -402

[CDD (BASE 65) ]
TOTAL THIS MO.     0
DPTR FM NORMAL     0    [PRESSURE DATA]
TOTAL FM JAN 1     0    HIGHEST SLP M ON M
DPTR FM NORMAL     0    LOWEST  SLP 29.92 ON M

[REMARKS]
