000
CXUS54 KOUN 280800
CF6PNC
PRELIMINARY LOCAL CLIMATOLOGICAL DATA (WS FORM: F-6)

                                          STATION:   PONCA CITY
                                          MONTH:     JULY
                                          YEAR:      2015
                                          LATITUDE:   36 44 N
                                          LONGITUDE:  97  6 W

  TEMPERATURE IN F:       :PCPN:    SNOW:  WIND      :SUNSHINE: SKY     :PK WND
================================================================================
1   2   3   4   5  6A  6B    7    8   9   10  11  12  13   14  15   16   17  18
                                     12Z  AVG MX 2MIN
DY MAX MIN AVG DEP HDD CDD  WTR  SNW DPTH SPD SPD DIR MIN PSBL S-S WX    SPD DR
================================================================================

 1 100  78  89   9   0  24 0.03  0.0    0 11.5 23 210   M    M   1 3      34 210
 2  92  72  82   2   0  17 0.00  0.0    0  6.8 21  20   M    M   1 3      25  30
 3  90  66  78  -3   0  13 0.00  0.0    0  6.4 20 360   M    M   0 18     25 360
 4  91  65  78  -3   0  13 0.00  0.0    0  7.4 14 150   M    M   0 18     18 160
 5  97  74  86   5   0  21    T  0.0    0  9.6 18 150   M    M   2        25 170
 6  94  71  83   2   0  18 3.17  0.0    0  9.3 32 360   M    M   4 13     44  10
 7  73  64  69 -12   0   4 0.15  0.0    0 11.7 23  40   M    M  10 18     29  40
 8  73  64  69 -12   0   4 0.12  0.0    0  4.9 13  30   M    M   9 18     15  30
 9  80  67  74  -7   0   9 0.42  0.0    0  6.3 15 100   M    M   6 13     20  70
10  89  72  81   0   0  16    T  0.0    0  8.6 16 160   M    M   4        23 170
11  93  76  85   3   0  20 0.00  0.0    0 11.0 21 210   M    M   1        30 210
12  96  76  86   4   0  21 0.00  0.0    0  8.7 15 180   M    M   0        22 180
13  98  77  88   6   0  23 0.00  0.0    0  7.0 13 190   M    M   0        23 210
14  95  77  86   4   0  21 0.00  0.0    0  9.1 22 120   M    M   0        27 120
15  97  78  88   6   0  23 0.00  0.0    0  7.4 20 150   M    M   0        24 150
16  97  75  86   4   0  21 0.00  0.0    0  8.8 16 210   M    M   0 8      24 180
17  96  78  87   5   0  22 0.01  0.0    0  7.9 20 150   M    M   1 3      25 150
18  98  78  88   6   0  23 0.00  0.0    0 11.0 18 210   M    M   0        27 180
19  99  76  88   6   0  23 0.00  0.0    0  7.0 16 150   M    M   0        21 170
20  96  76  86   4   0  21 0.00  0.0    0  4.7 13 240   M    M   1 8      19 240
21  82  73  78  -4   0  13 0.28  0.0    0  3.6 24  30   M    M   8 13     31  30
22  89  70  80  -2   0  15    T  0.0    0  6.4 12 100   M    M   5        14  90
23  95  71  83   1   0  18 1.34  0.0    0  7.2 22 330   M    M   2 13     32 320
24  98  78  88   6   0  23 0.00  0.0    0  5.9 16 150   M    M   0        19 150
25  95  77  86   4   0  21 0.00  0.0    0  9.1 20 140   M    M   0        22 150
26  95  78  87   5   0  22 0.00  0.0    0  8.2 18 140   M    M   0        26 150
27  98  76  87   5   0  22 0.00  0.0    0  8.0 20 150   M    M   0        25 150
================================================================================
SM 2496 1983         0 491  5.52     0.0 213.5          M       55
================================================================================
AV 92.4 73.4                               7.9 FASTST   M    M   2    MAX(MPH)
                                 MISC ---->  # 32 360               # 44   10
================================================================================
NOTES:
# LAST OF SEVERAL OCCURRENCES

COLUMN 17 PEAK WIND IN M.P.H.

PRELIMINARY LOCAL CLIMATOLOGICAL DATA (WS FORM: F-6) , PAGE 2

                                          STATION:  PONCA CITY
                                          MONTH:    JULY
                                          YEAR:     2015
                                          LATITUDE:   36 44 N
                                          LONGITUDE:  97  6 W

[TEMPERATURE DATA]      [PRECIPITATION DATA]       SYMBOLS USED IN COLUMN 16

AVERAGE MONTHLY: 82.9   TOTAL FOR MONTH:   5.52    1 = FOG OR MIST
DPTR FM NORMAL:   1.4   DPTR FM NORMAL:    2.57    2 = FOG REDUCING VISIBILITY
HIGHEST:   100 ON  1    GRTST 24HR  3.20 ON  6- 7      TO 1/4 MILE OR LESS
LOWEST:     64 ON  8, 7                            3 = THUNDER
                        SNOW, ICE PELLETS, HAIL    4 = ICE PELLETS
                        TOTAL MONTH:   0.0 INCH    5 = HAIL
                        GRTST 24HR     0.0         6 = FREEZING RAIN OR DRIZZLE
                        GRTST DEPTH:   0           7 = DUSTSTORM OR SANDSTORM:
                                                       VSBY 1/2 MILE OR LESS
                                                   8 = SMOKE OR HAZE
[NO. OF DAYS WITH]      [WEATHER - DAYS WITH]      9 = BLOWING SNOW
                                                   X = TORNADO
MAX 32 OR BELOW:   0    0.01 INCH OR MORE:   8
MAX 90 OR ABOVE:  21    0.10 INCH OR MORE:   6
MIN 32 OR BELOW:   0    0.50 INCH OR MORE:   2
MIN  0 OR BELOW:   0    1.00 INCH OR MORE:   2

[HDD (BASE 65) ]
TOTAL THIS MO.     0    CLEAR  (SCALE 0-3)  20
DPTR FM NORMAL     0    PTCLDY (SCALE 4-7)   4
TOTAL FM JUL 1     0    CLOUDY (SCALE 8-10)  3
DPTR FM NORMAL     0

[CDD (BASE 65) ]
TOTAL THIS MO.   491
DPTR FM NORMAL    44    [PRESSURE DATA]
TOTAL FM JAN 1  1128    HIGHEST SLP M ON M
DPTR FM NORMAL   143    LOWEST  SLP 29.72 ON 13

[REMARKS]
