000
CXUS54 KMOB 271328
CF6PNS
PRELIMINARY LOCAL CLIMATOLOGICAL DATA (WS FORM: F-6)

                                          STATION:   PENSACOLA
                                          MONTH:     MARCH
                                          YEAR:      2015
                                          LATITUDE:   30 28 N
                                          LONGITUDE:  87 12 W

  TEMPERATURE IN F:       :PCPN:    SNOW:  WIND      :SUNSHINE: SKY     :PK WND
================================================================================
1   2   3   4   5  6A  6B    7    8   9   10  11  12  13   14  15   16   17  18
                                     12Z  AVG MX 2MIN
DY MAX MIN AVG DEP HDD CDD  WTR  SNW DPTH SPD SPD DIR MIN PSBL S-S WX    SPD DR
================================================================================

 1  61  49  55  -3  10   0 0.00  0.0    0  5.0  8  50   M    M  10 1      14  60
 2  71  54  63   5   2   0 0.00  0.0    0  4.6  9 150   M    M  10 128    13 150
 3  68  60  64   6   1   0 0.00  0.0    0  6.9 14 170   M    M  10 128    16 130
 4  77  62  70  12   0   5 0.00  0.0    0 12.1 21 180   M    M   9 128    26 190
 5  70  36  53  -5  12   0 0.08  0.0    0 15.7 35 330   M    M   8 12     41 330
 6  54  29  42 -16  23   0 0.00  0.0    0 12.6 22 350   M    M   0        31 360
 7  66  37  52  -7  13   0 0.00  0.0    0  5.5 12 210   M    M   0        17  50
 8  69  41  55  -4  10   0 0.00  0.0    0  5.8 15 130   M    M   2        19 130
 9  70  58  64   5   1   0    T  0.0    0  8.6 16 110   M    M   9        23 120
10  77  64  71  12   0   6 0.00  0.0    0 11.5 20 160   M    M   9 12     27 160
11  71  66  69   9   0   4 0.01  0.0    0  5.1 10 160   M    M  10 12     14 160
12  69  66  68   8   0   3    T  0.0    0  7.3 15 130   M    M  10 12     18 100
13  69  66  68   8   0   3 0.26  0.0    0 12.9 23 120   M    M  10 1      31 130
14  75  57  66   6   0   1 0.00  0.0    0  7.4 16 250   M    M   2 1      20 260
15  76  58  67   7   0   2 0.00  0.0    0  5.4 12 200   M    M   4 1      14 210
16  82  56  69   9   0   4 0.00  0.0    0  7.3 17 200   M    M   0        21 210
17  87  64  76  15   0  11 0.00  0.0    0 10.3 21 340   M    M   0        27 310
18  79  59  69   8   0   4 0.00  0.0    0  6.7 15 140   M    M   0        19 130
19  77  66  72  11   0   7 0.05  0.0    0  5.9 15 190   M    M   6 1      17 170
20  84  63  74  13   0   9 0.00  0.0    0  7.9 18 230   M    M   2 128    24 230
21  81  65  73  12   0   8 0.00  0.0    0  6.9 16 190   M    M   1 18     20 150
22  83  65  74  12   0   9 1.68  0.0    0  8.2 22 220   M    M   6 12     27 230
23  72  62  67   5   0   2 0.00  0.0    0  8.3 14  10   M    M   8        18  10
24  72  61  67   5   0   2 0.00  0.0    0  6.5 12 120   M    M   9        15 130
25  74  62  68   6   0   3 0.00  0.0    0  9.2 16 150   M    M   5        22 160
26  71  65  68   6   0   3 0.30  0.0    0  6.2 24 170   M    M   7 13     29 170
================================================================================
SM 1905 1491        72  86  2.38     0.0 209.8          M      147
================================================================================
AV 73.3 57.3                               8.1 FASTST   M    M   6    MAX(MPH)
                                 MISC ---->  # 35 330               # 41  330
================================================================================
NOTES:
# LAST OF SEVERAL OCCURRENCES

COLUMN 17 PEAK WIND IN M.P.H.

PRELIMINARY LOCAL CLIMATOLOGICAL DATA (WS FORM: F-6) , PAGE 2

                                          STATION:  PENSACOLA
                                          MONTH:    MARCH
                                          YEAR:     2015
                                          LATITUDE:   30 28 N
                                          LONGITUDE:  87 12 W

[TEMPERATURE DATA]      [PRECIPITATION DATA]       SYMBOLS USED IN COLUMN 16

AVERAGE MONTHLY: 65.3   TOTAL FOR MONTH:   2.38    1 = FOG OR MIST
DPTR FM NORMAL:   5.3   DPTR FM NORMAL:   -2.53    2 = FOG REDUCING VISIBILITY
HIGHEST:    87 ON 17    GRTST 24HR  1.68 ON 22-22      TO 1/4 MILE OR LESS
LOWEST:     29 ON  6                               3 = THUNDER
                        SNOW, ICE PELLETS, HAIL    4 = ICE PELLETS
                        TOTAL MONTH:   0.0 INCH    5 = HAIL
                        GRTST 24HR     0.0         6 = FREEZING RAIN OR DRIZZLE
                        GRTST DEPTH:   0           7 = DUSTSTORM OR SANDSTORM:
                                                       VSBY 1/2 MILE OR LESS
                                                   8 = SMOKE OR HAZE
[NO. OF DAYS WITH]      [WEATHER - DAYS WITH]      9 = BLOWING SNOW
                                                   X = TORNADO
MAX 32 OR BELOW:   0    0.01 INCH OR MORE:   6
MAX 90 OR ABOVE:   0    0.10 INCH OR MORE:   3
MIN 32 OR BELOW:   1    0.50 INCH OR MORE:   1
MIN  0 OR BELOW:   0    1.00 INCH OR MORE:   1

[HDD (BASE 65) ]
TOTAL THIS MO.    72    CLEAR  (SCALE 0-3)   9
DPTR FM NORMAL   -86    PTCLDY (SCALE 4-7)   6
TOTAL FM JUL 1  1515    CLOUDY (SCALE 8-10) 11
DPTR FM NORMAL    49

[CDD (BASE 65) ]
TOTAL THIS MO.    86
DPTR FM NORMAL    61    [PRESSURE DATA]
TOTAL FM JAN 1    93    HIGHEST SLP M ON M
DPTR FM NORMAL    54    LOWEST  SLP 29.79 ON 26

[REMARKS]
