000
CXUS55 KALY 290710
CF6POU
PRELIMINARY LOCAL CLIMATOLOGICAL DATA (WS FORM: F-6)

                                          STATION:   POUGHKEEPSIE NY
                                          MONTH:     SEPTEMBER
                                          YEAR:      2016
                                          LATITUDE:   41 37 N
                                          LONGITUDE:  73 53 W

  TEMPERATURE IN F:       :PCPN:    SNOW:  WIND      :SUNSHINE: SKY     :PK WND
================================================================================
1   2   3   4   5  6A  6B    7    8   9   10  11  12  13   14  15   16   17  18
                                     12Z  AVG MX 2MIN
DY MAX MIN AVG DEP HDD CDD  WTR  SNW DPTH SPD SPD DIR MIN PSBL S-S WX    SPD DR
================================================================================

 1  82  59  71   3   0   6 0.09    M    M  3.5 13  10   M    M   7 1      17  20
 2  80  52  66  -2   0   1 0.00    M    M  4.4 18  20   M    M   0 1      23  10
 3  77  54  66  -2   0   1 0.00    M    M  3.5 12  40   M    M   1        18  40
 4  82  49  66  -1   0   1 0.00    M    M  3.4 15  20   M    M   0        20  10
 5  84  50  67   0   0   2 0.00    M    M  5.0 18 360   M    M   0        24 340
 6  82  66  74   7   0   9 0.00    M    M 10.0 20  10   M    M   8        25  10
 7  83  64  74   8   0   9 0.00    M    M  5.2 14  20   M    M   5        17  10
 8  90  60  75   9   0  10    T    M    M  3.4 16 300   M    M   2 1      23 310
 9  91  72  82  16   0  17    T    M    M  2.9 12 290   M    M   5        14 260
10  88  68  78  13   0  13 0.14    M    M  4.0 12 140   M    M   4 13     17 140
11  82  51  67   2   0   2 0.01    M    M  7.4 26 280   M    M   3 13     36 280
12  78  44  61  -4   4   0 0.00    M    M  2.1  9 260   M    M   0        13 290
13  82  49  66   2   0   1 0.00    M    M  4.3 14 230   M    M   1 1      20 240
14  89  57  73   9   0   8 0.00    M    M  6.7 20  10   M    M   1        25  10
15  73  46  60  -4   5   0 0.00    M    M  3.7 13  20   M    M   0        18 330
16  75  44  60  -3   5   0 0.00    M    M  2.3 10 160   M    M   2        15 270
17  78  48  63   0   2   0 0.00    M    M  4.0 15 150   M    M   3        20 140
18  79  66  73  11   0   8 0.01    M    M  3.5 12 240   M    M   6 1      14 240
19  76  65  71   9   0   6 0.21    M    M  2.2  9 140   M    M   6 1      12 140
20  81  61  71  10   0   6 0.00    M    M  1.1  7 240   M    M   4 1       8 240
21  82  54  68   7   0   3 0.00    M    M  2.9 13 350   M    M   1 12     17 350
22  85  49  67   6   0   2 0.00    M    M  1.7 10 240   M    M   0        13 140
23  82  51  67   7   0   2 0.00    M    M  4.4 18  20   M    M   2        24  10
24  70  42  56  -4   9   0    T    M    M  6.2 18 340   M    M   4        26  30
25  69  36  53  -6  12   0 0.00    M    M  2.6 15 320   M    M   0        23 360
26  72  34  53  -6  12   0 0.00    M    M  4.3 15 160   M    M   4        21 150
27  73  50  62   4   3   0 0.35    M    M  1.2  8 170   M    M   5 1      12 220
28  68  44  56  -2   9   0 0.00    M    M  5.7 16  70   M    M   8 12     21  60
================================================================================
SM 2233 1485        61 107  0.81    M    111.6          M       82
================================================================================
AV 79.8 53.0                               4.0 FASTST   M    M   3    MAX(MPH)
                                 MISC ---->  # 26 280               # 36  280
================================================================================
NOTES:
# LAST OF SEVERAL OCCURRENCES

COLUMN 17 PEAK WIND IN M.P.H.

PRELIMINARY LOCAL CLIMATOLOGICAL DATA (WS FORM: F-6) , PAGE 2

                                          STATION:  POUGHKEEPSIE NY
                                          MONTH:    SEPTEMBER
                                          YEAR:     2016
                                          LATITUDE:   41 37 N
                                          LONGITUDE:  73 53 W

[TEMPERATURE DATA]      [PRECIPITATION DATA]       SYMBOLS USED IN COLUMN 16

AVERAGE MONTHLY: 66.4   TOTAL FOR MONTH:   0.81    1 = FOG OR MIST
DPTR FM NORMAL:   2.9   DPTR FM NORMAL:   -3.16    2 = FOG REDUCING VISIBILITY
HIGHEST:    91 ON  9    GRTST 24HR  0.35 ON 27-27      TO 1/4 MILE OR LESS
LOWEST:     34 ON 26                               3 = THUNDER
                        SNOW, ICE PELLETS, HAIL    4 = ICE PELLETS
                        TOTAL MONTH:    M          5 = HAIL
                        GRTST 24HR    M  ON   M    6 = FREEZING RAIN OR DRIZZLE
                        GRTST DEPTH:  M  ON   M    7 = DUSTSTORM OR SANDSTORM:
                                                       VSBY 1/2 MILE OR LESS
                                                   8 = SMOKE OR HAZE
[NO. OF DAYS WITH]      [WEATHER - DAYS WITH]      9 = BLOWING SNOW
                                                   X = TORNADO
MAX 32 OR BELOW:   0    0.01 INCH OR MORE:   6
MAX 90 OR ABOVE:   2    0.10 INCH OR MORE:   3
MIN 32 OR BELOW:   0    0.50 INCH OR MORE:   0
MIN  0 OR BELOW:   0    1.00 INCH OR MORE:   0

[HDD (BASE 65) ]
TOTAL THIS MO.    61    CLEAR  (SCALE 0-3)  16
DPTR FM NORMAL   -47    PTCLDY (SCALE 4-7)  11
TOTAL FM JUL 1    63    CLOUDY (SCALE 8-10)  1
DPTR FM NORMAL   -62

[CDD (BASE 65) ]
TOTAL THIS MO.   107
DPTR FM NORMAL    43    [PRESSURE DATA]
TOTAL FM JAN 1  1049    HIGHEST SLP M ON M
DPTR FM NORMAL   381    LOWEST  SLP 29.75 ON M

[REMARKS]
