000
CXUS56 KFGZ 250910
CF6PRC
PRELIMINARY LOCAL CLIMATOLOGICAL DATA (WS FORM: F-6)
STATION: PRESCOTT AZ AIRPORT
MONTH: APRIL
YEAR: 2024
LATITUDE: 34 39 N
LONGITUDE: 112 26 W
TEMPERATURE IN F: :PCPN: SNOW: WIND :SUNSHINE: SKY :PK WND
================================================================================
1 2 3 4 5 6A 6B 7 8 9 10 11 12 13 14 15 16 17 18
12Z AVG MX 2MIN
DY MAX MIN AVG DEP HDD CDD WTR SNW DPTH SPD SPD DIR MIN PSBL S-S WX SPD DR
================================================================================
1 50 34 42 -9 23 0 0.31 M M 5.4 20 280 M M 8 1348 25 280
2 62 31 47 -4 18 0 0.00 M M 5.1 16 20 M M 0 23 40
3 71 35 53 2 12 0 0.00 M M 5.7 15 240 M M 0 19 290
4 70 36 53 2 12 0 0.00 M M 12.3 26 200 M M 0 41 210
5 53 32 43 -9 22 0 0.01 M M 16.2 28 250 M M 5 18 39 230
6 52 29 41 -11 24 0 T M M 7.2 22 280 M M 2 1 28 280
7 60 28 44 -8 21 0 0.00 M M 5.9 17 240 M M 0 23 210
8 56 34 45 -7 20 0 0.00 M M 5.0 20 20 M M 3 25 240
9 67 34 51 -1 14 0 0.00 M M 8.2 17 20 M M 0 25 360
10 72 38 55 3 10 0 0.00 M M 6.4 13 20 M M 0 17 10
11 76 37 57 5 8 0 0.00 M M 4.9 15 150 M M 0 23 150
12 73 41 57 4 8 0 0.00 M M 9.5 25 230 M M 0 35 260
13 69 39 54 1 11 0 0.00 M M 8.7 24 130 M M 0 33 130
14 64 41 53 0 12 0 0.00 M M 10.1 26 200 M M 0 38 170
15 62 37 50 -3 15 0 0.00 M M 7.2 18 250 M M 1 26 290
16 71 34 53 -1 12 0 0.00 M M 6.4 17 330 M M 0 25 300
17 76 41 59 5 6 0 0.00 M M 8.1 17 230 M M 0 26 210
18 75 44 60 6 5 0 0.00 M M 7.4 21 230 M M 0 26 220
19 76 43 60 6 5 0 0.00 M M 8.1 17 220 M M 0 27 200
20 78 44 61 7 4 0 0.00 M M 5.8 17 250 M M 0 24 250
21 81 45 63 8 2 0 0.00 M M 6.3 16 130 M M 0 23 130
22 81 48 65 10 0 0 0.00 M M 7.6 20 240 M M 0 31 190
23 75 49 62 7 3 0 0.00 M M 9.5 18 190 M M 0 26 210
24 73 45 59 4 6 0 0.00 M M 9.0 23 230 M M 0 32 210
================================================================================
SM 1643 919 273 0 0.32 M 186.0 M 19
================================================================================
AV 68.5 38.3 7.8 FASTST M M 1 MAX(MPH)
MISC ----> 28 250 41 210
================================================================================
NOTES:
# LAST OF SEVERAL OCCURRENCES
COLUMN 17 PEAK WIND IN M.P.H.
PRELIMINARY LOCAL CLIMATOLOGICAL DATA (WS FORM: F-6) , PAGE 2
STATION: PRESCOTT AZ AIRPORT
MONTH: APRIL
YEAR: 2024
LATITUDE: 34 39 N
LONGITUDE: 112 26 W
[TEMPERATURE DATA] [PRECIPITATION DATA] SYMBOLS USED IN COLUMN 16
AVERAGE MONTHLY: 53.4 TOTAL FOR MONTH: 0.32 1 = FOG OR MIST
DPTR FM NORMAL: 0.5 DPTR FM NORMAL: -0.08 2 = FOG REDUCING VISIBILITY
HIGHEST: 81 ON 22,21 GRTST 24HR 0.31 ON 1- 1 TO 1/4 MILE OR LESS
LOWEST: 28 ON 7 3 = THUNDER
SNOW, ICE PELLETS, HAIL 4 = ICE PELLETS
TOTAL MONTH: M 5 = HAIL
GRTST 24HR M ON M 6 = FREEZING RAIN OR DRIZZLE
GRTST DEPTH: M ON M 7 = DUSTSTORM OR SANDSTORM:
VSBY 1/2 MILE OR LESS
8 = SMOKE OR HAZE
[NO. OF DAYS WITH] [WEATHER - DAYS WITH] 9 = BLOWING SNOW
X = TORNADO
MAX 32 OR BELOW: 0 0.01 INCH OR MORE: 2
MAX 90 OR ABOVE: 0 0.10 INCH OR MORE: 1
MIN 32 OR BELOW: 4 0.50 INCH OR MORE: 0
MIN 0 OR BELOW: 0 1.00 INCH OR MORE: 0
[HDD (BASE 65) ]
TOTAL THIS MO. 273 CLEAR (SCALE 0-3) 21
DPTR FM NORMAL -18 PTCLDY (SCALE 4-7) 3
TOTAL FM JUL 1 3655 CLOUDY (SCALE 8-10) 0
DPTR FM NORMAL -197
[CDD (BASE 65) ]
TOTAL THIS MO. 0
DPTR FM NORMAL 0 [PRESSURE DATA]
TOTAL FM JAN 1 0 HIGHEST SLP M ON M
DPTR FM NORMAL 0 LOWEST SLP 29.54 ON 5
[REMARKS]