000
CXUS56 KPDT 010532
CF6PSC
PRELIMINARY LOCAL CLIMATOLOGICAL DATA (WS FORM: F-6)

                                          STATION:   PASCO WA
                                          MONTH:     APRIL
                                          YEAR:      2017
                                          LATITUDE:   46 16 N
                                          LONGITUDE: 119  7 W

  TEMPERATURE IN F:       :PCPN:    SNOW:  WIND      :SUNSHINE: SKY     :PK WND
================================================================================
1   2   3   4   5  6A  6B    7    8   9   10  11  12  13   14  15   16   17  18
                                     12Z  AVG MX 2MIN
DY MAX MIN AVG DEP HDD CDD  WTR  SNW DPTH SPD SPD DIR MIN PSBL S-S WX    SPD DR
================================================================================

 1  68  37  53   3  12   0 0.00  0.0    0  6.8 17 240   M    M   4        20 240
 2  63  33  48  -3  17   0 0.00  0.0    0  9.5 30 310   M    M   2        37 250
 3  59  29  44  -7  21   0 0.00  0.0    0  3.3 12 150   M    M   1        18 360
 4  63  28  46  -5  19   0    T  0.0    0  4.6 17 290   M    M   4        21 280
 5  68  45  57   6   8   0    T  0.0    0  6.4 14 320   M    M   4        16 310
 6  66  48  57   6   8   0    T  0.0    0  4.8 15  70   M    M   7        19  60
 7  71  47  59   8   6   0 0.11  0.0    0 13.8 37 220   M    M   3        46 220
 8  60  40  50  -2  15   0    T  0.0    0 14.1 30 280   M    M   6        47 260
 9  59  36  48  -4  17   0 0.00  0.0    0  7.5 18 210   M    M   1        22 220
10  63  39  51  -1  14   0 0.02  0.0    0 12.8 28 210   M    M   4 8      33 210
11  65  27  46  -6  19   0 0.00  0.0    0  5.7 17 210   M    M   4        24 200
12  61  47  54   2  11   0 0.26  0.0    0  4.8 13  20   M    M  10 1      15  20
13  64  44  54   2  11   0 0.04  0.0    0 12.7 29 220   M    M   2 1      35 220
14  59  39  49  -3  16   0    T  0.0    0 10.9 24 210   M    M   2        30 210
15  62  31  47  -6  18   0 0.00  0.0    0  4.3 15 220   M    M   0        20 230
16  70  31  51  -2  14   0    T  0.0    0  8.0 24 290   M    M   2        29 290
17  66  47  57   4   8   0 0.42  0.0    0  8.8 21 210   M    M   6 1      27 220
18  67  45  56   3   9   0    T  0.0    0  9.9 23 230   M    M   3        30 240
19  70  33  52  -1  13   0    T  0.0    0  5.3 21 230   M    M   2        28 200
20  67  45  56   2   9   0 0.00  0.0    0 11.5 22 230   M    M   2        26 230
21  69  36  53  -1  12   0 0.00  0.0    0  4.9 13  60   M    M   0        16  60
22  72  39  56   2   9   0 0.00  0.0    0  8.1 20 280   M    M   2        23 280
23  68  50  59   5   6   0 0.00  0.0    0 10.7 22 290   M    M   5        27 260
24  61  48  55   1  10   0 0.06  0.0    0  9.9 17 230   M    M   9        22 220
25  66  45  56   1   9   0 0.06  0.0    0 11.7 24 240   M    M   5        29 210
26  63  45  54  -1  11   0 0.22  0.0    0 14.7 30 280   M    M   3        36 280
27  63  39  51  -4  14   0 0.00  0.0    0 10.5 22 240   M    M   3        26 240
28  67  37  52  -4  13   0 0.00  0.0    0  6.7 14 190   M    M   2        19 240
29  68  31  50  -6  15   0 0.00  0.0    0  7.5 18 220   M    M   2        25 220
================================================================================
SM 1888 1141       364   0  1.19     0.0 250.2          M      100
================================================================================
AV 65.1 39.3                               8.6 FASTST   M    M   3    MAX(MPH)
                                 MISC ---->  # 37 220               # 47  260
================================================================================
NOTES:
# LAST OF SEVERAL OCCURRENCES

COLUMN 17 PEAK WIND IN M.P.H.

PRELIMINARY LOCAL CLIMATOLOGICAL DATA (WS FORM: F-6) , PAGE 2

                                          STATION:  PASCO WA
                                          MONTH:    APRIL
                                          YEAR:     2017
                                          LATITUDE:   46 16 N
                                          LONGITUDE: 119  7 W

[TEMPERATURE DATA]      [PRECIPITATION DATA]       SYMBOLS USED IN COLUMN 16

AVERAGE MONTHLY: 52.2   TOTAL FOR MONTH:   1.19    1 = FOG OR MIST
DPTR FM NORMAL:  -0.6   DPTR FM NORMAL:    0.56    2 = FOG REDUCING VISIBILITY
HIGHEST:    72 ON 22    GRTST 24HR  0.42 ON 17-17      TO 1/4 MILE OR LESS
LOWEST:     27 ON 11                               3 = THUNDER
                        SNOW, ICE PELLETS, HAIL    4 = ICE PELLETS
                        TOTAL MONTH:   0.0 INCH    5 = HAIL
                        GRTST 24HR     0.0         6 = FREEZING RAIN OR DRIZZLE
                        GRTST DEPTH:   0           7 = DUSTSTORM OR SANDSTORM:
                                                       VSBY 1/2 MILE OR LESS
                                                   8 = SMOKE OR HAZE
[NO. OF DAYS WITH]      [WEATHER - DAYS WITH]      9 = BLOWING SNOW
                                                   X = TORNADO
MAX 32 OR BELOW:   0    0.01 INCH OR MORE:   8
MAX 90 OR ABOVE:   0    0.10 INCH OR MORE:   4
MIN 32 OR BELOW:   6    0.50 INCH OR MORE:   0
MIN  0 OR BELOW:   0    1.00 INCH OR MORE:   0

[HDD (BASE 65) ]
TOTAL THIS MO.   364    CLEAR  (SCALE 0-3)  15
DPTR FM NORMAL    10    PTCLDY (SCALE 4-7)  12
TOTAL FM JUL 1  5219    CLOUDY (SCALE 8-10)  2
DPTR FM NORMAL   404

[CDD (BASE 65) ]
TOTAL THIS MO.     0
DPTR FM NORMAL     0    [PRESSURE DATA]
TOTAL FM JAN 1     0    HIGHEST SLP 30.23 ON  2
DPTR FM NORMAL     0    LOWEST  SLP 29.24 ON  7

[REMARKS]
#FINAL-04-17#
