000
CXUS54 KFWD 300730
CF6PSN
PRELIMINARY LOCAL CLIMATOLOGICAL DATA (WS FORM: F-6)

                                          STATION:   PALESTINE
                                          MONTH:     AUGUST
                                          YEAR:      2016
                                          LATITUDE:   31 46 N
                                          LONGITUDE:  95 42 W

  TEMPERATURE IN F:       :PCPN:    SNOW:  WIND      :SUNSHINE: SKY     :PK WND
================================================================================
1   2   3   4   5  6A  6B    7    8   9   10  11  12  13   14  15   16   17  18
                                     12Z  AVG MX 2MIN
DY MAX MIN AVG DEP HDD CDD  WTR  SNW DPTH SPD SPD DIR MIN PSBL S-S WX    SPD DR
================================================================================

 1  98  76  87   4   0  22 0.00  0.0    0  5.1 10 220   M    M   0        16 210
 2  98  74  86   3   0  21 0.00  0.0    0  4.0  9 250   M    M   0         M  M
 3  99  75  87   4   0  22 0.00  0.0    0  2.4  8 220   M    M   1         M  M
 4  99  76  88   5   0  23 0.00  0.0    0  3.1  7 220   M    M   0         M  M
 5 100  76  88   5   0  23 0.00  0.0    0  3.0  7 240   M    M   0         M  M
 6  98  76  87   4   0  22 0.00  0.0    0  3.8  9 220   M    M   1         M  M
 7  99  76  88   5   0  23 0.00  0.0    0  3.2  8 200   M    M   0         M  M
 8  99  77  88   5   0  23 0.00  0.0    0  5.9 12  80   M    M   1        20 100
 9  99  77  88   5   0  23 0.00  0.0    0  4.9  9 200   M    M   2         M  M
10 100  78  89   6   0  24 0.00  0.0    0  4.0  8 230   M    M   1         M  M
11 100  79  90   7   0  25 0.00  0.0    0  3.9  9 190   M    M   0         M  M
12 101  78  90   7   0  25 0.00  0.0    0  4.8 12 280   M    M   1        25 280
13  91  75  83   0   0  18 0.32  0.0    0  3.0 12 290   M    M   5         M  M
14  92  73  83   0   0  18 0.00  0.0    0  2.9 10 170   M    M   7 1       M  M
15  76  71  74  -9   0   9 0.84  0.0    0  3.8  7  60   M    M   8         M  M
16  78  74  76  -7   0  11 0.74  0.0    0  3.0  7 110   M    M   8 1       M  M
17  81  73  77  -6   0  12 1.02  0.0    0  3.9 10 150   M    M   9        20 150
18  83  73  78  -5   0  13 0.13  0.0    0  2.5  7 200   M    M   7 1       M  M
19  91  74  83   1   0  18 0.11  0.0    0  4.5 15 170   M    M   4        21 170
20  86  75  81  -1   0  16 0.03  0.0    0  5.1 14 240   M    M   4 1      18 290
21  77  70  74  -8   0   9 1.16  0.0    0  1.1 12 220   M    M   6 1       M  M
22  84  73  79  -3   0  14 0.12  0.0    0  3.2 10 230   M    M   2 1       M  M
23  92  73  83   1   0  18 0.00  0.0    0  6.3 10 170   M    M   4 1       M  M
24  92  75  84   2   0  19 0.00  0.0    0  4.8 12 210   M    M   2 1      17 210
25  91  75  83   1   0  18 0.00  0.0    0  3.1 18  80   M    M   3 1      25  80
26  85  72  79  -2   0  14 0.07  0.0    0  1.0  7 100   M    M   2 1       M  M
27  89  73  81   0   0  16 0.00  0.0    0  1.9  7 100   M    M   3 1       M  M
28  88  72  80  -1   0  15 0.40  0.0    0  5.2 10  90   M    M   4         M  M
29  88  72  80  -1   0  15 0.11  0.0    0  4.1  8  50   M    M   2         M  M
================================================================================
SM 2654 2161         0 529  5.05     0.0 107.5          M       87
================================================================================
AV 91.5 74.5                               3.7 FASTST   M    M   3    MAX(MPH)
                                 MISC ---->    18   M                 25    M
================================================================================
NOTES:
# LAST OF SEVERAL OCCURRENCES

COLUMN 17 PEAK WIND IN M.P.H.

PRELIMINARY LOCAL CLIMATOLOGICAL DATA (WS FORM: F-6) , PAGE 2

                                          STATION:  PALESTINE
                                          MONTH:    AUGUST
                                          YEAR:     2016
                                          LATITUDE:   31 46 N
                                          LONGITUDE:  95 42 W

[TEMPERATURE DATA]      [PRECIPITATION DATA]       SYMBOLS USED IN COLUMN 16

AVERAGE MONTHLY: 83.0   TOTAL FOR MONTH:   5.05    1 = FOG OR MIST
DPTR FM NORMAL:   0.5   DPTR FM NORMAL:    1.95    2 = FOG REDUCING VISIBILITY
HIGHEST:   101 ON 12    GRTST 24HR  1.16 ON 21-21      TO 1/4 MILE OR LESS
LOWEST:     70 ON 21                               3 = THUNDER
                        SNOW, ICE PELLETS, HAIL    4 = ICE PELLETS
                        TOTAL MONTH:   0.0 INCH    5 = HAIL
                        GRTST 24HR     0.0         6 = FREEZING RAIN OR DRIZZLE
                        GRTST DEPTH:   0           7 = DUSTSTORM OR SANDSTORM:
                                                       VSBY 1/2 MILE OR LESS
                                                   8 = SMOKE OR HAZE
[NO. OF DAYS WITH]      [WEATHER - DAYS WITH]      9 = BLOWING SNOW
                                                   X = TORNADO
MAX 32 OR BELOW:   0    0.01 INCH OR MORE:  12
MAX 90 OR ABOVE:  18    0.10 INCH OR MORE:  10
MIN 32 OR BELOW:   0    0.50 INCH OR MORE:   4
MIN  0 OR BELOW:   0    1.00 INCH OR MORE:   2

[HDD (BASE 65) ]
TOTAL THIS MO.     0    CLEAR  (SCALE 0-3)  18
DPTR FM NORMAL     0    PTCLDY (SCALE 4-7)   9
TOTAL FM JUL 1     0    CLOUDY (SCALE 8-10)  2
DPTR FM NORMAL     0

[CDD (BASE 65) ]
TOTAL THIS MO.   529
DPTR FM NORMAL    22    [PRESSURE DATA]
TOTAL FM JAN 1  2068    HIGHEST SLP M ON M
DPTR FM NORMAL   268    LOWEST  SLP M ON M

[REMARKS]
