000
CXUS54 KHGX 241415
CF6PSX
PRELIMINARY LOCAL CLIMATOLOGICAL DATA (WS FORM: F-6)

                                          STATION:   PALACIOS
                                          MONTH:     OCTOBER
                                          YEAR:      2014
                                          LATITUDE:   28 43 N
                                          LONGITUDE:  96 15 W

  TEMPERATURE IN F:       :PCPN:    SNOW:  WIND      :SUNSHINE: SKY     :PK WND
================================================================================
1   2   3   4   5  6A  6B    7    8   9   10  11  12  13   14  15   16   17  18
                                     12Z  AVG MX 2MIN
DY MAX MIN AVG DEP HDD CDD  WTR  SNW DPTH SPD SPD DIR MIN PSBL S-S WX    SPD DR
================================================================================

 1  88  75  82   6   0  17 0.00  0.0    0  8.1 16 170   M    M   1 1      19 170
 2  88  82  85   9   0  20    T  0.0    0 13.5 20 170   M    M   2 1      26 170
 3  84  62  73  -3   0   8 0.43  0.0    0 11.5 33 340   M    M   1 13     45 340
 4  80  58  69  -7   0   4 0.00  0.0    0  8.2 21  40   M    M   0        24  30
 5  84  60  72  -3   0   7 0.00  0.0    0  9.5 18 150   M    M   2        23 150
 6  88  74  81   6   0  16    T  0.0    0  8.9 28 100   M    M   2 13     34 100
 7  87  72  80   5   0  15 0.00  0.0    0  6.5 14 150   M    M   0 1      17 150
 8  88  73  81   7   0  16    T  0.0    0  8.5 16 140   M    M   3        20 140
 9  87  78  83   9   0  18 0.00  0.0    0 10.0 17 160   M    M   1        21 160
10  88  78  83   9   0  18 0.05  0.0    0 14.0 21 170   M    M   2 18     31 150
11  84  65  75   1   0  10 0.16  0.0    0 10.2 22 260   M    M   3 138    28 340
12  86  65  76   2   0  11 0.00  0.0    0 10.8 22 170   M    M   5 1      29 170
13  85  59  72  -1   0   7 0.35  0.0    0 14.2 28 340   M    M   4 13     40 320
14  80  56  68  -5   0   3 0.00  0.0    0  8.6 22 330   M    M   0        29 350
15  82  52  67  -6   0   2 0.00  0.0    0  6.4 14 180   M    M   0        18 210
16  82  60  71  -2   0   6 0.00  0.0    0  7.6 14 180   M    M   0        19 200
17  84  71  78   6   0  13 0.00  0.0    0  7.6 14 170   M    M   2        19 190
18  87  68  78   6   0  13 0.33  0.0    0  6.0 21 130   M    M   5 1      27 140
19  84  65  75   3   0  10 0.00  0.0    0  9.8 18  60   M    M   2        22  60
20  85  65  75   3   0  10 0.00  0.0    0  9.1 16  70   M    M   2 1      21  60
21  85  61  73   2   0   8 0.00  0.0    0  8.7 18 110   M    M   0 1      23 280
22  85  61  73   2   0   8 0.00  0.0    0  9.9 17 110   M    M   1 1      24  20
23  82  61  72   1   0   7 0.00  0.0    0  6.9 14 360   M    M   0 1      17  40
================================================================================
SM 1953 1521         0 247  1.32     0.0 214.5          M       38
================================================================================
AV 84.9 66.1                               9.3 FASTST   M    M   2    MAX(MPH)
                                 MISC ---->  # 33 340               # 45  340
================================================================================
NOTES:
# LAST OF SEVERAL OCCURRENCES

COLUMN 17 PEAK WIND IN M.P.H.

PRELIMINARY LOCAL CLIMATOLOGICAL DATA (WS FORM: F-6) , PAGE 2

                                          STATION:  PALACIOS
                                          MONTH:    OCTOBER
                                          YEAR:     2014
                                          LATITUDE:   28 43 N
                                          LONGITUDE:  96 15 W

[TEMPERATURE DATA]      [PRECIPITATION DATA]       SYMBOLS USED IN COLUMN 16

AVERAGE MONTHLY: 75.5   TOTAL FOR MONTH:   1.32    1 = FOG OR MIST
DPTR FM NORMAL:   2.0   DPTR FM NORMAL:   -2.48    2 = FOG REDUCING VISIBILITY
HIGHEST:    88 ON 10, 8 GRTST 24HR  0.43 ON  3- 3      TO 1/4 MILE OR LESS
LOWEST:     52 ON 15                               3 = THUNDER
                        SNOW, ICE PELLETS, HAIL    4 = ICE PELLETS
                        TOTAL MONTH:   0.0 INCH    5 = HAIL
                        GRTST 24HR     0.0         6 = FREEZING RAIN OR DRIZZLE
                        GRTST DEPTH:   0           7 = DUSTSTORM OR SANDSTORM:
                                                       VSBY 1/2 MILE OR LESS
                                                   8 = SMOKE OR HAZE
[NO. OF DAYS WITH]      [WEATHER - DAYS WITH]      9 = BLOWING SNOW
                                                   X = TORNADO
MAX 32 OR BELOW:   0    0.01 INCH OR MORE:   5
MAX 90 OR ABOVE:   0    0.10 INCH OR MORE:   4
MIN 32 OR BELOW:   0    0.50 INCH OR MORE:   0
MIN  0 OR BELOW:   0    1.00 INCH OR MORE:   0

[HDD (BASE 65) ]
TOTAL THIS MO.     0    CLEAR  (SCALE 0-3)  19
DPTR FM NORMAL    -8    PTCLDY (SCALE 4-7)   4
TOTAL FM JUL 1     0    CLOUDY (SCALE 8-10)  0
DPTR FM NORMAL    -8

[CDD (BASE 65) ]
TOTAL THIS MO.   247
DPTR FM NORMAL    40    [PRESSURE DATA]
TOTAL FM JAN 1  3139    HIGHEST SLP M ON M
DPTR FM NORMAL   137    LOWEST  SLP 29.67 ON 13

[REMARKS]
