000
CXUS55 KPUB 251059
CF6PUB
PRELIMINARY LOCAL CLIMATOLOGICAL DATA (WS FORM: F-6)

                                          STATION:   PUEBLO CO
                                          MONTH:     MAY
                                          YEAR:      2017
                                          LATITUDE:   38 16 N
                                          LONGITUDE: 104 31 W

  TEMPERATURE IN F:       :PCPN:    SNOW:  WIND      :SUNSHINE: SKY     :PK WND
================================================================================
1   2   3   4   5  6A  6B    7    8   9   10  11  12  13   14  15   16   17  18
                                     12Z  AVG MX 2MIN
DY MAX MIN AVG DEP HDD CDD  WTR  SNW DPTH SPD SPD DIR MIN PSBL S-S WX    SPD DR
================================================================================

 1  68  32  50  -6  15   0 0.00  0.0    0  9.4 21 150   M    M   1        24 160
 2  58  35  47  -9  18   0    T  0.0    0  5.5 16 150   M    M   3        17 150
 3  57  39  48  -8  17   0    T  0.0    0  9.8 29  30   M    M   7        34  30
 4  75  32  54  -3  11   0 0.00  0.0    0  4.5 16 120   M    M   0 8      23  70
 5  79  41  60   3   5   0 0.00  0.0    0  6.1 15 120   M    M   0        20  80
 6  83  47  65   8   0   0 0.00  0.0    0  7.2 20 210   M    M   0        27 190
 7  79  50  65   7   0   0 0.16  0.0    0  7.6 33 230   M    M   1 3      50 220
 8  76  48  62   4   3   0 0.34  0.0    0  9.0 35  30   M    M   3 13     41  30
 9  61  47  54  -4  11   0 0.22  0.0    0  9.0 25 280   M    M   4 13     32 280
10  72  44  58  -1   7   0 1.51  0.0    0 12.0 30  50   M    M   5 13     40  60
11  65  47  56  -3   9   0 0.04  0.0    0 10.3 24  90   M    M   7 1      30  50
12  74  43  59   0   6   0 0.00  0.0    0  8.3 23 110   M    M   1        27 120
13  87  45  66   6   0   1 0.00  0.0    0  6.6 23 220   M    M   0        28 230
14  81  49  65   5   0   0 0.00  0.0    0  9.2 18 110   M    M   0        24 100
15  85  51  68   8   0   3 0.00  0.0    0  8.0 23 150   M    M   0        28 140
16  77  49  63   3   2   0 0.07  0.0    0 10.3 31 210   M    M   3        54 220
17  75  48  62   1   3   0    T  0.0    0 10.3 38 360   M    M   3        48 360
18  61  41  51 -10  14   0 0.31    T    0 18.1 35 110   M    M   8 135    42 110
19  52  40  46 -15  19   0 0.01  0.0    0 10.7 26 350   M    M   8        34 340
20  66  34  50 -12  15   0 0.00  0.0    0  5.2 14 140   M    M   3        18 140
21  72  44  58  -4   7   0 0.04  0.0    0  7.5 30  30   M    M   2 3      35  30
22  71  47  59  -3   6   0 0.23  0.0    0 12.1 43  10   M    M   7        53  20
23  68  42  55  -8  10   0 0.00  0.0    0  8.4 23 360   M    M   3        28  20
24  89  39  64   1   1   0 0.00  0.0    0  6.7 25 280   M    M   0        32 260
================================================================================
SM 1731 1034       179   4  2.93    T    211.8          M       69
================================================================================
AV 72.1 43.1                               8.8 FASTST   M    M   3    MAX(MPH)
                                 MISC ---->  # 43  10               # 54  220
================================================================================
NOTES:
# LAST OF SEVERAL OCCURRENCES

COLUMN 17 PEAK WIND IN M.P.H.

PRELIMINARY LOCAL CLIMATOLOGICAL DATA (WS FORM: F-6) , PAGE 2

                                          STATION:  PUEBLO CO
                                          MONTH:    MAY
                                          YEAR:     2017
                                          LATITUDE:   38 16 N
                                          LONGITUDE: 104 31 W

[TEMPERATURE DATA]      [PRECIPITATION DATA]       SYMBOLS USED IN COLUMN 16

AVERAGE MONTHLY: 57.6   TOTAL FOR MONTH:   2.93    1 = FOG OR MIST
DPTR FM NORMAL:  -1.8   DPTR FM NORMAL:    1.76    2 = FOG REDUCING VISIBILITY
HIGHEST:    89 ON 24    GRTST 24HR  1.55 ON 10-11      TO 1/4 MILE OR LESS
LOWEST:     32 ON  4, 1                            3 = THUNDER
                        SNOW, ICE PELLETS, HAIL    4 = ICE PELLETS
                        TOTAL MONTH:    T          5 = HAIL
                        GRTST 24HR    T  ON 18-18  6 = FREEZING RAIN OR DRIZZLE
                        GRTST DEPTH:   0           7 = DUSTSTORM OR SANDSTORM:
                                                       VSBY 1/2 MILE OR LESS
                                                   8 = SMOKE OR HAZE
[NO. OF DAYS WITH]      [WEATHER - DAYS WITH]      9 = BLOWING SNOW
                                                   X = TORNADO
MAX 32 OR BELOW:   0    0.01 INCH OR MORE:  10
MAX 90 OR ABOVE:   0    0.10 INCH OR MORE:   6
MIN 32 OR BELOW:   2    0.50 INCH OR MORE:   1
MIN  0 OR BELOW:   0    1.00 INCH OR MORE:   1

[HDD (BASE 65) ]
TOTAL THIS MO.   179    CLEAR  (SCALE 0-3)  15
DPTR FM NORMAL    26    PTCLDY (SCALE 4-7)   7
TOTAL FM JUL 1  4523    CLOUDY (SCALE 8-10)  2
DPTR FM NORMAL -1070

[CDD (BASE 65) ]
TOTAL THIS MO.     4
DPTR FM NORMAL   -12    [PRESSURE DATA]
TOTAL FM JAN 1     4    HIGHEST SLP M ON M
DPTR FM NORMAL   -14    LOWEST  SLP 29.49 ON 16

[REMARKS]
