000
CXUS51 KBOX 230930
CF6PVD
PRELIMINARY LOCAL CLIMATOLOGICAL DATA (WS FORM: F-6)

                                          STATION:   PROVIDENCE RI
                                          MONTH:     APRIL
                                          YEAR:      2017
                                          LATITUDE:   41 43 N
                                          LONGITUDE:  71 26 W

  TEMPERATURE IN F:       :PCPN:    SNOW:  WIND      :SUNSHINE: SKY     :PK WND
================================================================================
1   2   3   4   5  6A  6B    7    8   9   10  11  12  13   14  15   16   17  18
                                     12Z  AVG MX 2MIN
DY MAX MIN AVG DEP HDD CDD  WTR  SNW DPTH SPD SPD DIR MIN PSBL S-S WX    SPD DR
================================================================================

 1  40  35  38  -6  27   0 1.08    T    0 19.4 32  20   M    M  10 1      43  20
 2  60  35  48   4  17   0 0.00  0.0    0  8.7 22 350   M    M   6        31 290
 3  61  33  47   2  18   0 0.00  0.0    0  7.1 18 170   M    M   3 8      27 130
 4  44  40  42  -3  23   0 1.51  0.0    0 10.8 20  90   M    M  10 1      25  90
 5  50  37  44  -2  21   0    T  0.0    0  7.7 16  10   M    M   7        19 360
 6  57  38  48   2  17   0 1.25  0.0    0  9.9 24 170   M    M  10 123    32 170
 7  55  41  48   2  17   0    T  0.0    0 14.3 26 210   M    M   7        35 200
 8  51  37  44  -3  21   0    T  0.0    0 14.1 28 290   M    M   7        36 300
 9  66  37  52   5  13   0 0.00  0.0    0 10.0 17 210   M    M   1        23 200
10  63  42  53   6  12   0 0.00  0.0    0  9.4 20 160   M    M   2        24 160
11  80  47  64  16   1   0 0.00  0.0    0  7.9 17 200   M    M   3        24 130
12  70  46  58  10   7   0 0.00  0.0    0  5.6 22 300   M    M   4 1      29 300
13  60  44  52   4  13   0 0.00  0.0    0  9.1 18 360   M    M   2        30  10
14  65  37  51   2  14   0 0.00  0.0    0  7.0 17 150   M    M   2        22 140
15  66  37  52   3  13   0 0.01  0.0    0 11.2 28 200   M    M   3        37 200
16  86  57  72  23   0   7 0.02  0.0    0 13.8 26 290   M    M   2        46 250
17  76  54  65  15   0   0 0.00  0.0    0 12.3 24 290   M    M   2        34 300
18  60  39  50   0  15   0 0.00  0.0    0 11.5 21 110   M    M   4        28 110
19  49  36  43  -7  22   0 0.02  0.0    0 11.5 22 160   M    M   7 1      32 120
20  63  45  54   3  11   0 0.04  0.0    0  7.9 16  50   M    M   9 1      25  60
21  49  47  48  -3  17   0 0.64  0.0    0  8.5 17 100   M    M  10 1      22 100
22  48  44  46  -5  19   0 0.06  0.0    0 10.4 18  30   M    M   9 1      22  30
================================================================================
SM 1319  908       318   7  4.63    T    228.1          M      120
================================================================================
AV 60.0 41.3                              10.4 FASTST   M    M   5    MAX(MPH)
                                 MISC ---->  # 32  20               # 46  250
================================================================================
NOTES:
# LAST OF SEVERAL OCCURRENCES

COLUMN 17 PEAK WIND IN M.P.H.

PRELIMINARY LOCAL CLIMATOLOGICAL DATA (WS FORM: F-6) , PAGE 2

                                          STATION:  PROVIDENCE RI
                                          MONTH:    APRIL
                                          YEAR:     2017
                                          LATITUDE:   41 43 N
                                          LONGITUDE:  71 26 W

[TEMPERATURE DATA]      [PRECIPITATION DATA]       SYMBOLS USED IN COLUMN 16

AVERAGE MONTHLY: 50.6   TOTAL FOR MONTH:   4.63    1 = FOG OR MIST
DPTR FM NORMAL:   2.8   DPTR FM NORMAL:    1.31    2 = FOG REDUCING VISIBILITY
HIGHEST:    86 ON 16    GRTST 24HR  1.51 ON  4- 4      TO 1/4 MILE OR LESS
LOWEST:     33 ON  3                               3 = THUNDER
                        SNOW, ICE PELLETS, HAIL    4 = ICE PELLETS
                        TOTAL MONTH:    T          5 = HAIL
                        GRTST 24HR    T  ON  1- 1  6 = FREEZING RAIN OR DRIZZLE
                        GRTST DEPTH:   0           7 = DUSTSTORM OR SANDSTORM:
                                                       VSBY 1/2 MILE OR LESS
                                                   8 = SMOKE OR HAZE
[NO. OF DAYS WITH]      [WEATHER - DAYS WITH]      9 = BLOWING SNOW
                                                   X = TORNADO
MAX 32 OR BELOW:   0    0.01 INCH OR MORE:   9
MAX 90 OR ABOVE:   0    0.10 INCH OR MORE:   4
MIN 32 OR BELOW:   0    0.50 INCH OR MORE:   4
MIN  0 OR BELOW:   0    1.00 INCH OR MORE:   3

[HDD (BASE 65) ]
TOTAL THIS MO.   318    CLEAR  (SCALE 0-3)   9
DPTR FM NORMAL   -62    PTCLDY (SCALE 4-7)   7
TOTAL FM JUL 1  4796    CLOUDY (SCALE 8-10)  6
DPTR FM NORMAL  -455

[CDD (BASE 65) ]
TOTAL THIS MO.     7
DPTR FM NORMAL     7    [PRESSURE DATA]
TOTAL FM JAN 1     7    HIGHEST SLP M ON M
DPTR FM NORMAL     7    LOWEST  SLP 29.23 ON  6

[REMARKS]
