000
CXUS53 KMKX 230704
CF6RAC
PRELIMINARY LOCAL CLIMATOLOGICAL DATA (WS FORM: F-6)

                                          STATION:   RACINE WI
                                          MONTH:     AUGUST
                                          YEAR:      2014
                                          LATITUDE:   42 45 N
                                          LONGITUDE:  87 49 W

  TEMPERATURE IN F:       :PCPN:    SNOW:  WIND      :SUNSHINE: SKY     :PK WND
================================================================================
1   2   3   4   5  6A  6B    7    8   9   10  11  12  13   14  15   16   17  18
                                     12Z  AVG MX 2MIN
DY MAX MIN AVG DEP HDD CDD  WTR  SNW DPTH SPD SPD DIR MIN PSBL S-S WX    SPD DR
================================================================================

 1  83  58  71  -1   0   6 0.14    M    M  6.8 17  10   M    M   1 13     22 360
 2  79  55  67  -5   0   2 0.00    M    M  4.4  9 140   M    M   0         M  M
 3  86  61  74   2   0   9 0.00    M    M  5.4 24  20   M    M   2        29  20
 4  77  64  71  -1   0   6 0.03  0.0    0  4.2 12 340   M    M   3 13     14  70
 5  77  62  70  -2   0   5 0.00  0.0    0  6.8 15  30   M    M   2 1      19  30
 6  77  57  67  -5   0   2 0.00  0.0    0  4.5 12  50   M    M   0        16  40
 7  77  57  67  -4   0   2 0.00  0.0    0  5.4 10  50   M    M   0 1      14  40
 8  79  60  70  -1   0   5 0.00  0.0    0  6.8 13 110   M    M   0        17  50
 9  76  65  71   0   0   6 0.00  0.0    0  7.7 14  30   M    M   0        16  30
10  77  64  71   0   0   6 0.18  0.0    0  8.1 13 330   M    M   4 13     16 340
11  79  64  72   1   0   7 0.66  0.0    0  4.9 12 110   M    M   7 13     13 110
12  67  59  63  -8   2   0 0.09    M    M  8.2 20 340   M    M   9 1      24 340
13  76  56  66  -5   0   1 0.00    M    M  6.5 15  30   M    M   3        19  40
14  70  53  62  -9   3   0 0.00  0.0    0  7.8 15  50   M    M   1        19  50
15  78  54  66  -5   0   1 0.00  0.0    0  6.9 13 150   M    M   0        17 250
16  84  63  74   3   0   9 0.00  0.0    0  8.4 14 350   M    M   3 1      19  10
17  67  62  65  -5   0   0    T  0.0    0 11.0 18  30   M    M  10        24 360
18  78  62  70   0   0   5 0.00    M    M  6.0 13 160   M    M   6 18     17 160
19  84  65  75   5   0  10 0.69    M    M  6.9 28 290   M    M   5 138    40 280
20  82  65  74   4   0   9 0.00  0.0    0  6.3 15 110   M    M   2        19 110
21  77  65  71   1   0   6 0.15    M    M  4.4 13 180   M    M   4 123    16 170
22  84  69  77   7   0  12 0.00    M    M  3.7  9  90   M    M   8 128    12 110
================================================================================
SM 1714 1340         5 109  1.94     0.0 141.1          M       70
================================================================================
AV 77.9 60.9                               6.4 FASTST   M    M   3    MAX(MPH)
                                 MISC ---->  # 28 290               # 40  280
================================================================================
NOTES:
# LAST OF SEVERAL OCCURRENCES

COLUMN 17 PEAK WIND IN M.P.H.

PRELIMINARY LOCAL CLIMATOLOGICAL DATA (WS FORM: F-6) , PAGE 2

                                          STATION:  RACINE WI
                                          MONTH:    AUGUST
                                          YEAR:     2014
                                          LATITUDE:   42 45 N
                                          LONGITUDE:  87 49 W

[TEMPERATURE DATA]      [PRECIPITATION DATA]       SYMBOLS USED IN COLUMN 16

AVERAGE MONTHLY: 69.4   TOTAL FOR MONTH:   1.94    1 = FOG OR MIST
DPTR FM NORMAL:  -1.6   DPTR FM NORMAL:   -0.90    2 = FOG REDUCING VISIBILITY
HIGHEST:    86 ON  3    GRTST 24HR  0.84 ON 10-11      TO 1/4 MILE OR LESS
LOWEST:     53 ON 14                               3 = THUNDER
                        SNOW, ICE PELLETS, HAIL    4 = ICE PELLETS
                        TOTAL MONTH:   0.0 INCH    5 = HAIL
                        GRTST 24HR     0.0         6 = FREEZING RAIN OR DRIZZLE
                        GRTST DEPTH:   0           7 = DUSTSTORM OR SANDSTORM:
                                                       VSBY 1/2 MILE OR LESS
                                                   8 = SMOKE OR HAZE
[NO. OF DAYS WITH]      [WEATHER - DAYS WITH]      9 = BLOWING SNOW
                                                   X = TORNADO
MAX 32 OR BELOW:   0    0.01 INCH OR MORE:   7
MAX 90 OR ABOVE:   0    0.10 INCH OR MORE:   5
MIN 32 OR BELOW:   0    0.50 INCH OR MORE:   2
MIN  0 OR BELOW:   0    1.00 INCH OR MORE:   0

[HDD (BASE 65) ]
TOTAL THIS MO.     5    CLEAR  (SCALE 0-3)  13
DPTR FM NORMAL     5    PTCLDY (SCALE 4-7)   7
TOTAL FM JUL 1    27    CLOUDY (SCALE 8-10)  2
DPTR FM NORMAL    18

[CDD (BASE 65) ]
TOTAL THIS MO.   109
DPTR FM NORMAL   -29    [PRESSURE DATA]
TOTAL FM JAN 1   306    HIGHEST SLP M ON M
DPTR FM NORMAL  -176    LOWEST  SLP 29.63 ON 19

[REMARKS]
