000
CXUS54 KFWD 230730
CF6RBD
PRELIMINARY LOCAL CLIMATOLOGICAL DATA (WS FORM: F-6)

                                          STATION:   DALLAS EXECUTIVE
                                          MONTH:     JULY
                                          YEAR:      2016
                                          LATITUDE:   32 40 N
                                          LONGITUDE:  96 52 W

  TEMPERATURE IN F:       :PCPN:    SNOW:  WIND      :SUNSHINE: SKY     :PK WND
================================================================================
1   2   3   4   5  6A  6B    7    8   9   10  11  12  13   14  15   16   17  18
                                     12Z  AVG MX 2MIN
DY MAX MIN AVG DEP HDD CDD  WTR  SNW DPTH SPD SPD DIR MIN PSBL S-S WX    SPD DR
================================================================================

 1  97  73  85   3   0  20 0.00  0.0    0  6.0 14 130   M    M   1        21 150
 2  95  77  86   3   0  21 0.00  0.0    0  8.5 17 150   M    M   0        25 160
 3  95  78  87   4   0  22    T  0.0    0 10.9 20 160   M    M   1 3      31 150
 4  91  69  80  -3   0  15 0.96  0.0    0  9.4 26 310   M    M   3 13     36 310
 5  92  73  83   0   0  18 0.13  0.0    0  9.3 20 290   M    M   1 13     35 180
 6  95  77  86   3   0  21 0.00  0.0    0 11.9 18 160   M    M   1        29 170
 7  95  76  86   3   0  21 0.00  0.0    0 11.6 21 160   M    M   0        31 160
 8  96  76  86   3   0  21 0.00  0.0    0  9.5 18 150   M    M   1        26 140
 9  95  72  84   0   0  19 0.09  0.0    0  7.2 24  10   M    M   3 3      35 360
10  94  70  82  -2   0  17 0.00  0.0    0  7.0 15 150   M    M   2        20 160
11  95  77  86   2   0  21 0.00  0.0    0 11.9 22 170   M    M   2        31 140
12  95  77  86   2   0  21 0.00  0.0    0 12.5 22 150   M    M   1        34 150
13  97  77  87   3   0  22 0.00  0.0    0 10.3 18 180   M    M   0        30 190
14  97  77  87   3   0  22 0.00  0.0    0  8.9 20 140   M    M   1        31 130
15  95  72  84   0   0  19 0.09  0.0    0  7.0 18 350   M    M   4 13     23 360
16  96  75  86   2   0  21 0.00  0.0    0  6.5 15 300   M    M   0        19 160
17  95  76  86   2   0  21 0.00  0.0    0  8.5 16 140   M    M   0        23 160
18  96  76  86   2   0  21 0.00  0.0    0  7.1 15 120   M    M   1        21 140
19  96  75  86   2   0  21 0.00  0.0    0  5.9 15 140   M    M   1        20 160
20  96  77  87   2   0  22 0.00  0.0    0  6.4 15 140   M    M   1        21 150
21  98  79  89   4   0  24 0.00  0.0    0  6.0 14 140   M    M   0        20 160
22  99  81  90   5   0  25 0.00  0.0    0  5.7 14 160   M    M   0        19 150
================================================================================
SM 2100 1660         0 455  1.27     0.0 188.0          M       24
================================================================================
AV 95.5 75.5                               8.5 FASTST   M    M   1    MAX(MPH)
                                 MISC ---->  # 26 310               # 36  310
================================================================================
NOTES:
# LAST OF SEVERAL OCCURRENCES

COLUMN 17 PEAK WIND IN M.P.H.

PRELIMINARY LOCAL CLIMATOLOGICAL DATA (WS FORM: F-6) , PAGE 2

                                          STATION:  DALLAS EXECUTIVE
                                          MONTH:    JULY
                                          YEAR:     2016
                                          LATITUDE:   32 40 N
                                          LONGITUDE:  96 52 W

[TEMPERATURE DATA]      [PRECIPITATION DATA]       SYMBOLS USED IN COLUMN 16

AVERAGE MONTHLY: 85.5   TOTAL FOR MONTH:   1.27    1 = FOG OR MIST
DPTR FM NORMAL:   1.7   DPTR FM NORMAL:   -0.78    2 = FOG REDUCING VISIBILITY
HIGHEST:    99 ON 22    GRTST 24HR  1.06 ON  4- 5      TO 1/4 MILE OR LESS
LOWEST:     69 ON  4                               3 = THUNDER
                        SNOW, ICE PELLETS, HAIL    4 = ICE PELLETS
                        TOTAL MONTH:   0.0 INCH    5 = HAIL
                        GRTST 24HR     0.0         6 = FREEZING RAIN OR DRIZZLE
                        GRTST DEPTH:   0           7 = DUSTSTORM OR SANDSTORM:
                                                       VSBY 1/2 MILE OR LESS
                                                   8 = SMOKE OR HAZE
[NO. OF DAYS WITH]      [WEATHER - DAYS WITH]      9 = BLOWING SNOW
                                                   X = TORNADO
MAX 32 OR BELOW:   0    0.01 INCH OR MORE:   4
MAX 90 OR ABOVE:  22    0.10 INCH OR MORE:   2
MIN 32 OR BELOW:   0    0.50 INCH OR MORE:   1
MIN  0 OR BELOW:   0    1.00 INCH OR MORE:   0

[HDD (BASE 65) ]
TOTAL THIS MO.     0    CLEAR  (SCALE 0-3)  21
DPTR FM NORMAL     0    PTCLDY (SCALE 4-7)   1
TOTAL FM JUL 1     0    CLOUDY (SCALE 8-10)  0
DPTR FM NORMAL     0

[CDD (BASE 65) ]
TOTAL THIS MO.   455
DPTR FM NORMAL    43    [PRESSURE DATA]
TOTAL FM JAN 1  1328    HIGHEST SLP M ON M
DPTR FM NORMAL    79    LOWEST  SLP 29.72 ON  4

[REMARKS]
