000
CXUS56 KMFR 261000
CF6RBG
PRELIMINARY LOCAL CLIMATOLOGICAL DATA (WS FORM: F-6)

                                          STATION:   ROSEBURG OR
                                          MONTH:     APRIL
                                          YEAR:      2017
                                          LATITUDE:   43 13 N
                                          LONGITUDE: 123 22 W

  TEMPERATURE IN F:       :PCPN:    SNOW:  WIND      :SUNSHINE: SKY     :PK WND
================================================================================
1   2   3   4   5  6A  6B    7    8   9   10  11  12  13   14  15   16   17  18
                                     12Z  AVG MX 2MIN
DY MAX MIN AVG DEP HDD CDD  WTR  SNW DPTH SPD SPD DIR MIN PSBL S-S WX    SPD DR
================================================================================

 1  64  42  53   3  12   0 0.00    M    M  4.6 14  10   M    M   8        18 350
 2  61  45  53   3  12   0 0.00    M    M  7.2 16  10   M    M   2        20 320
 3  63  35  49  -1  16   0 0.00    M    M  3.5 12 340   M    M   1        17 340
 4   M  45   M   M   M   M 0.00    M    M  1.6  8  20   M    M   4        13 210
 5  69  49  59   9   6   0 0.00    M    M  2.5 14 170   M    M   4        20 170
 6  69  52  61  11   4   0 0.06    M    M  9.2 25 150   M    M   9        37 160
 7   M   M   M   M   M   M    M    M    M  9.8 30 170   M    M   6 1      43 150
 8  54  39  47  -4  18   0 0.09    M    M  3.5 15 260   M    M   5 1      24 230
 9  57  34  46  -5  19   0 0.16    M    M  4.3 16 170   M    M   5 1      25 170
10  55  36  46  -5  19   0 0.05    M    M  3.1 14 160   M    M   6 1      17 160
11  51  41  46  -5  19   0 0.11    M    M  1.2  7 250   M    M   8 1      10 250
12  61  43  52   1  13   0 0.09    M    M  3.1 18 250   M    M   8        26 250
13  56  42  49  -3  16   0 0.03    M    M  4.0 16 240   M    M   8        23 210
14  56  40  48  -4  17   0 0.05    M    M  4.7 16 250   M    M   6 1      23 230
15  64  37  51  -1  14   0 0.00    M    M  3.7 15  10   M    M   3        18 360
16  60  41  51  -1  14   0 0.20    M    M  2.3 15 250   M    M   3 13     24 220
17  63  46  55   3  10   0 0.42    M    M  2.4 14 170   M    M   9 12     17 200
18  66  48  57   5   8   0 0.02    M    M  2.2 10 220   M    M   6 12     14 210
19  61  47  54   1  11   0 0.23    M    M  4.3 14 240   M    M   7 1      23 210
20  59  44  52  -1  13   0 0.14    M    M  2.5 13 140   M    M   9 1      16 150
21  74  40  57   4   8   0 0.00    M    M  1.5  8 350   M    M   2 12      9  20
22  66  49  58   5   7   0 0.02    M    M  4.7 16 250   M    M   4        26 230
23  59  45  52  -2  13   0 0.15    M    M  2.9 13 230   M    M   9 1      19 230
24  58  47  53  -1  12   0 0.21    M    0  5.4 20 230   M    M   9 1      27 210
25  59  46  53  -1  12   0 0.05    M    0  3.1 13 170   M    M  10 1      17 170
================================================================================
SM 1405 1033       293   0  2.08    M     97.3          M      151
================================================================================
AV 61.1 43.0                               3.9 FASTST   M    M   6    MAX(MPH)
                                 MISC ---->  # 30 170               # 43  150
================================================================================
NOTES:
# LAST OF SEVERAL OCCURRENCES

COLUMN 17 PEAK WIND IN M.P.H.

PRELIMINARY LOCAL CLIMATOLOGICAL DATA (WS FORM: F-6) , PAGE 2

                                          STATION:  ROSEBURG OR
                                          MONTH:    APRIL
                                          YEAR:     2017
                                          LATITUDE:   43 13 N
                                          LONGITUDE: 123 22 W

[TEMPERATURE DATA]      [PRECIPITATION DATA]       SYMBOLS USED IN COLUMN 16

AVERAGE MONTHLY: 52.1   TOTAL FOR MONTH:   2.08    1 = FOG OR MIST
DPTR FM NORMAL:   0.4   DPTR FM NORMAL:   -0.33    2 = FOG REDUCING VISIBILITY
HIGHEST:    74 ON 21    GRTST 24HR  0.42 ON 17-17      TO 1/4 MILE OR LESS
LOWEST:     34 ON  9                               3 = THUNDER
                        SNOW, ICE PELLETS, HAIL    4 = ICE PELLETS
                        TOTAL MONTH:    M          5 = HAIL
                        GRTST 24HR    M  ON   M    6 = FREEZING RAIN OR DRIZZLE
                        GRTST DEPTH:   0           7 = DUSTSTORM OR SANDSTORM:
                                                       VSBY 1/2 MILE OR LESS
                                                   8 = SMOKE OR HAZE
[NO. OF DAYS WITH]      [WEATHER - DAYS WITH]      9 = BLOWING SNOW
                                                   X = TORNADO
MAX 32 OR BELOW:   0    0.01 INCH OR MORE:  17
MAX 90 OR ABOVE:   0    0.10 INCH OR MORE:   8
MIN 32 OR BELOW:   0    0.50 INCH OR MORE:   0
MIN  0 OR BELOW:   0    1.00 INCH OR MORE:   0

[HDD (BASE 65) ]
TOTAL THIS MO.   293    CLEAR  (SCALE 0-3)   5
DPTR FM NORMAL   -40    PTCLDY (SCALE 4-7)  14
TOTAL FM JUL 1  3463    CLOUDY (SCALE 8-10)  6
DPTR FM NORMAL  -249

[CDD (BASE 65) ]
TOTAL THIS MO.     0
DPTR FM NORMAL     0    [PRESSURE DATA]
TOTAL FM JAN 1     0    HIGHEST SLP  0.00 ON 21
DPTR FM NORMAL     0    LOWEST  SLP  0.00 ON 21

[REMARKS]
