000
CXUS51 KPHI 260800
CF6RDG
PRELIMINARY LOCAL CLIMATOLOGICAL DATA (WS FORM: F-6)

                                          STATION:   READING PA
                                          MONTH:     JUNE
                                          YEAR:      2017
                                          LATITUDE:   40 22 N
                                          LONGITUDE:  75 58 W

  TEMPERATURE IN F:       :PCPN:    SNOW:  WIND      :SUNSHINE: SKY     :PK WND
================================================================================
1   2   3   4   5  6A  6B    7    8   9   10  11  12  13   14  15   16   17  18
                                     12Z  AVG MX 2MIN
DY MAX MIN AVG DEP HDD CDD  WTR  SNW DPTH SPD SPD DIR MIN PSBL S-S WX    SPD DR
================================================================================

 1  78  56  67   1   0   2 0.00    M    M  7.7 21 310   M    M   2 1      29 250
 2  79  51  65  -1   0   0    T    M    M  7.9 31 320   M    M   1 1      39 310
 3  76  50  63  -4   2   0 0.01    M    M  5.5 24 320   M    M   2        30 340
 4  69  49  59  -8   6   0 0.02    M    M  3.6 13 360   M    M   6 1      16 350
 5  74  59  67  -1   0   2 0.03    M    M  2.8 12 170   M    M   5 1      16 170
 6  72  57  65  -3   0   0 1.13    M    M  5.7 23 360   M    M   9 13     28 360
 7  68  52  60  -8   5   0    T    M    M  3.6 12  40   M    M   8        16  40
 8  75  48  62  -6   3   0 0.00    M    M  3.2 12  50   M    M   1 1      17  50
 9  83  50  67  -2   0   2 0.00    M    M  5.9 18 280   M    M   2        24 280
10  88  63  76   7   0  11    T    M    M  6.4 18 230   M    M   3        24 240
11  92  63  78   9   0  13 0.00    M    M  5.1 16 230   M    M   0        21 230
12  93  65  79   9   0  14 0.00    M    M  4.5 16 240   M    M   1 1      20 230
13  96  69  83  13   0  18 0.00    M    M  3.9 14 300   M    M   1 1      19 310
14  87  72  80  10   0  15 0.00    M    M  5.4 13  40   M    M   4        16  50
15  84  68  76   5   0  11 0.00    M    M  7.1 16 150   M    M   6        22 150
16  77  63  70  -1   0   5 0.07    M    M  3.4 10 130   M    M   9 1      16 140
17  79  68  74   3   0   9 0.17    M    M  2.6  8 150   M    M   8 18     12 160
18  90  74  82  11   0  17 0.00    M    M  9.8 18 200   M    M   6        25 210
19  88  70  79   7   0  14 0.81    M    M  8.9 33 260   M    M   4 13     55 280
20  84  65  75   3   0  10 0.00    M    M  7.9 21 280   M    M   2 1      28 270
21  85  60  73   1   0   8 0.16    M    M  4.2 32 320   M    M   1 13     40 310
22  89  61  75   3   0  10 0.01    M    M  3.8 13 230   M    M   2 1      17 230
23  88  71  80   7   0  15 0.98    M    M  6.1 24 250   M    M   3 13     37 280
24  85  70  78   5   0  13 1.35    M    M  9.2 21 270   M    M   5 13     26 270
25  84  62  73   0   0   8 0.00    M    M  5.0 15 280   M    M   3 12     21 300
================================================================================
SM 2063 1536        16 197  4.74    M    139.2          M       94
================================================================================
AV 82.5 61.4                               5.6 FASTST   M    M   4    MAX(MPH)
                                 MISC ---->  # 33 260               # 55  280
================================================================================
NOTES:
# LAST OF SEVERAL OCCURRENCES

COLUMN 17 PEAK WIND IN M.P.H.

PRELIMINARY LOCAL CLIMATOLOGICAL DATA (WS FORM: F-6) , PAGE 2

                                          STATION:  READING PA
                                          MONTH:    JUNE
                                          YEAR:     2017
                                          LATITUDE:   40 22 N
                                          LONGITUDE:  75 58 W

[TEMPERATURE DATA]      [PRECIPITATION DATA]       SYMBOLS USED IN COLUMN 16

AVERAGE MONTHLY: 72.0   TOTAL FOR MONTH:   4.74    1 = FOG OR MIST
DPTR FM NORMAL:   2.1   DPTR FM NORMAL:    1.52    2 = FOG REDUCING VISIBILITY
HIGHEST:    96 ON 13    GRTST 24HR  1.35 ON 24-24      TO 1/4 MILE OR LESS
LOWEST:     48 ON  8                               3 = THUNDER
                        SNOW, ICE PELLETS, HAIL    4 = ICE PELLETS
                        TOTAL MONTH:    M          5 = HAIL
                        GRTST 24HR    M  ON   M    6 = FREEZING RAIN OR DRIZZLE
                        GRTST DEPTH:  M  ON   M    7 = DUSTSTORM OR SANDSTORM:
                                                       VSBY 1/2 MILE OR LESS
                                                   8 = SMOKE OR HAZE
[NO. OF DAYS WITH]      [WEATHER - DAYS WITH]      9 = BLOWING SNOW
                                                   X = TORNADO
MAX 32 OR BELOW:   0    0.01 INCH OR MORE:  11
MAX 90 OR ABOVE:   4    0.10 INCH OR MORE:   6
MIN 32 OR BELOW:   0    0.50 INCH OR MORE:   4
MIN  0 OR BELOW:   0    1.00 INCH OR MORE:   2

[HDD (BASE 65) ]
TOTAL THIS MO.    16    CLEAR  (SCALE 0-3)  12
DPTR FM NORMAL    -7    PTCLDY (SCALE 4-7)  10
TOTAL FM JUL 1  4581    CLOUDY (SCALE 8-10)  3
DPTR FM NORMAL  -810

[CDD (BASE 65) ]
TOTAL THIS MO.   197
DPTR FM NORMAL    52    [PRESSURE DATA]
TOTAL FM JAN 1   272    HIGHEST SLP M ON M
DPTR FM NORMAL    67    LOWEST  SLP 29.57 ON 24

[REMARKS]
