000
CXUS51 KPHI 240800
CF6RDG
PRELIMINARY LOCAL CLIMATOLOGICAL DATA (WS FORM: F-6)

                                          STATION:   READING PA
                                          MONTH:     JANUARY
                                          YEAR:      2017
                                          LATITUDE:   40 22 N
                                          LONGITUDE:  75 58 W

  TEMPERATURE IN F:       :PCPN:    SNOW:  WIND      :SUNSHINE: SKY     :PK WND
================================================================================
1   2   3   4   5  6A  6B    7    8   9   10  11  12  13   14  15   16   17  18
                                     12Z  AVG MX 2MIN
DY MAX MIN AVG DEP HDD CDD  WTR  SNW DPTH SPD SPD DIR MIN PSBL S-S WX    SPD DR
================================================================================

 1  48  28  38   7  27   0 0.00    M    M  5.4 21 300   M    M   3        27 290
 2  38  29  34   4  31   0 0.17    M    M  4.6 10  40   M    M   8 16     13  30
 3  42  37  40  10  25   0 0.42    M    M  5.1 10  20   M    M  10 1      13  60
 4  51  29  40  10  25   0 0.02    M    M 10.6 28 280   M    M   5 1      38 280
 5  32  21  27  -3  38   0 0.01    M    M  7.2 23 310   M    M   5 1      31 310
 6  29  20  25  -5  40   0 0.03    M    M  6.3 15 310   M    M   5 1      19 290
 7  23  16  20 -10  45   0 0.01    M    M  8.9 21 320   M    M   6 1      26 320
 8  23  13  18 -12  47   0    T    M    M 14.3 29 300   M    M   3        36 290
 9  23   8  16 -14  49   0 0.00    M    M  4.6 15 200   M    M   2        25 190
10  36  14  25  -5  40   0 0.13    M    M  5.8 15 190   M    M   6 8      19 170
11  47  29  38   8  27   0 0.36    M    M  3.6 20 210   M    M   4 1      26 210
12  63  47  55  25  10   0 0.10    M    M  6.2 20 210   M    M   7 1      25 210
13  54  32  43  13  22   0    T    M    M 11.4 22 320   M    M   0 1      27 310
14  33  28  31   1  34   0    T    M    M  3.2  9 170   M    M   6 146    12 170
15  38  23  31   1  34   0 0.00    M    M  4.9 14 360   M    M   2 1      17 320
16  41  18  30   1  35   0 0.00    M    M  2.3 12 220   M    M   4 18     13 220
17  42  35  39  10  26   0 0.34    M    M  3.1  9 360   M    M  10 18     12 120
18  49  37  43  14  22   0    T    M    M  6.2 15 330   M    M   8 1      19 310
19  49  32  41  12  24   0 0.00    M    0  4.1 12 330   M    M   6        16 330
20  39  28  34   5  31   0 0.22    M    M  0.9  7 160   M    M   5 1       8 160
21  47  39  43  14  22   0 0.00    M    M  1.3  8 240   M    M  10 12      9 240
22  50  41  46  17  19   0    T    M    M  4.0 16  90   M    M  10 12     25 150
23  48  36  42  13  23   0 0.44    M    M 13.8 23  80   M    M  10 1      37  70
================================================================================
SM  945  640       696   0  2.25    M    137.8          M      135
================================================================================
AV 41.1 27.8                               6.0 FASTST   M    M   6    MAX(MPH)
                                 MISC ---->  # 29 300               # 38  280
================================================================================
NOTES:
# LAST OF SEVERAL OCCURRENCES

COLUMN 17 PEAK WIND IN M.P.H.

PRELIMINARY LOCAL CLIMATOLOGICAL DATA (WS FORM: F-6) , PAGE 2

                                          STATION:  READING PA
                                          MONTH:    JANUARY
                                          YEAR:     2017
                                          LATITUDE:   40 22 N
                                          LONGITUDE:  75 58 W

[TEMPERATURE DATA]      [PRECIPITATION DATA]       SYMBOLS USED IN COLUMN 16

AVERAGE MONTHLY: 34.5   TOTAL FOR MONTH:   2.25    1 = FOG OR MIST
DPTR FM NORMAL:   4.8   DPTR FM NORMAL:   -0.11    2 = FOG REDUCING VISIBILITY
HIGHEST:    63 ON 12    GRTST 24HR  0.46 ON 10-11      TO 1/4 MILE OR LESS
LOWEST:      8 ON  9                               3 = THUNDER
                        SNOW, ICE PELLETS, HAIL    4 = ICE PELLETS
                        TOTAL MONTH:    M          5 = HAIL
                        GRTST 24HR    M  ON   M    6 = FREEZING RAIN OR DRIZZLE
                        GRTST DEPTH:   0           7 = DUSTSTORM OR SANDSTORM:
                                                       VSBY 1/2 MILE OR LESS
                                                   8 = SMOKE OR HAZE
[NO. OF DAYS WITH]      [WEATHER - DAYS WITH]      9 = BLOWING SNOW
                                                   X = TORNADO
MAX 32 OR BELOW:   5    0.01 INCH OR MORE:  12
MAX 90 OR ABOVE:   0    0.10 INCH OR MORE:   8
MIN 32 OR BELOW:  16    0.50 INCH OR MORE:   0
MIN  0 OR BELOW:   0    1.00 INCH OR MORE:   0

[HDD (BASE 65) ]
TOTAL THIS MO.   696    CLEAR  (SCALE 0-3)   5
DPTR FM NORMAL  -117    PTCLDY (SCALE 4-7)  11
TOTAL FM JUL 1  2466    CLOUDY (SCALE 8-10)  7
DPTR FM NORMAL  -378

[CDD (BASE 65) ]
TOTAL THIS MO.     0
DPTR FM NORMAL     0    [PRESSURE DATA]
TOTAL FM JAN 1     0    HIGHEST SLP M ON M
DPTR FM NORMAL     0    LOWEST  SLP 29.26 ON 23

[REMARKS]
