000
CXUS56 KPDT 241032
CF6RDM
PRELIMINARY LOCAL CLIMATOLOGICAL DATA (WS FORM: F-6)

                                          STATION:   REDMOND OR
                                          MONTH:     APRIL
                                          YEAR:      2017
                                          LATITUDE:   44 16 N
                                          LONGITUDE: 121  9 W

  TEMPERATURE IN F:       :PCPN:    SNOW:  WIND      :SUNSHINE: SKY     :PK WND
================================================================================
1   2   3   4   5  6A  6B    7    8   9   10  11  12  13   14  15   16   17  18
                                     12Z  AVG MX 2MIN
DY MAX MIN AVG DEP HDD CDD  WTR  SNW DPTH SPD SPD DIR MIN PSBL S-S WX    SPD DR
================================================================================

 1  66  30  48   6  17   0    T  0.0    0  6.9 20 290   M    M   3        25 350
 2  54  24  39  -3  26   0 0.00  0.0    0  5.5 17  10   M    M   0        24 310
 3  52  21  37  -5  28   0 0.00  0.0    0  4.9 13 340   M    M   1        16 310
 4  61  29  45   2  20   0    T  0.0    0  3.8 15 170   M    M   7        20 190
 5  68  42  55  12  10   0    T  0.0    0  7.2 21 200   M    M   4        29 210
 6  62  47  55  12  10   0 0.04  0.0    0 11.0 24 180   M    M  10        34 180
 7  56  36  46   3  19   0    T  0.0    0 16.1 39 200   M    M   3 8      51 210
 8  49  24  37  -6  28   0 0.01    T    0  6.9 23 290   M    M   5 1      29 280
 9  54  20  37  -6  28   0 0.04  0.0    0  5.9 24 240   M    M   3        32 240
10  55  27  41  -2  24   0 0.01  0.0    0  6.9 24 310   M    M   3        29 320
11  45  24  35  -8  30   0 0.04  0.0    0  2.8 10 300   M    M   6 1      12 290
12  56  37  47   3  18   0 0.10  0.0    0  8.8 26 190   M    M   9 1      37 210
13  52  29  41  -3  24   0 0.05  0.0    0  5.6 21 290   M    M   5        25 300
14  51  25  38  -6  27   0    T  0.0    0  5.4 20 290   M    M   4        24 300
15  58  18  38  -6  27   0 0.00  0.0    0  5.3 17  20   M    M   1        23  20
16  52  28  40  -4  25   0 0.14  0.0    0  3.7 15 300   M    M   5 1      17 300
17  58  35  47   3  18   0 0.07  0.0    0  8.0 18 170   M    M   6 18     24 210
18  57  35  46   2  19   0 0.18  0.0    0  6.2 18 320   M    M   6 1      23 320
19  59  30  45   0  20   0 0.04  0.0    0  6.6 28 190   M    M   4        36 200
20  55  31  43  -2  22   0 0.08  0.0    0  7.2 21 290   M    M   4 1      26 290
21  67  25  46   1  19   0 0.00  0.0    0  4.3 16  90   M    M   0        24 150
22  66  32  49   4  16   0 0.00  0.0    0  9.7 23 340   M    M   3        30 280
23  57  34  46   0  19   0    T    M    0  5.5 20 290   M    M   6        25 280
================================================================================
SM 1310  683       494   0  0.80    T    154.2          M       98
================================================================================
AV 57.0 29.7                               6.7 FASTST   M    M   4    MAX(MPH)
                                 MISC ---->  # 39 200               # 51  210
================================================================================
NOTES:
# LAST OF SEVERAL OCCURRENCES

COLUMN 17 PEAK WIND IN M.P.H.

PRELIMINARY LOCAL CLIMATOLOGICAL DATA (WS FORM: F-6) , PAGE 2

                                          STATION:  REDMOND OR
                                          MONTH:    APRIL
                                          YEAR:     2017
                                          LATITUDE:   44 16 N
                                          LONGITUDE: 121  9 W

[TEMPERATURE DATA]      [PRECIPITATION DATA]       SYMBOLS USED IN COLUMN 16

AVERAGE MONTHLY: 43.3   TOTAL FOR MONTH:   0.80    1 = FOG OR MIST
DPTR FM NORMAL:  -0.3   DPTR FM NORMAL:    0.26    2 = FOG REDUCING VISIBILITY
HIGHEST:    68 ON  5    GRTST 24HR  0.25 ON 17-18      TO 1/4 MILE OR LESS
LOWEST:     18 ON 15                               3 = THUNDER
                        SNOW, ICE PELLETS, HAIL    4 = ICE PELLETS
                        TOTAL MONTH:    T          5 = HAIL
                        GRTST 24HR    T  ON  8- 8  6 = FREEZING RAIN OR DRIZZLE
                        GRTST DEPTH:   0           7 = DUSTSTORM OR SANDSTORM:
                                                       VSBY 1/2 MILE OR LESS
                                                   8 = SMOKE OR HAZE
[NO. OF DAYS WITH]      [WEATHER - DAYS WITH]      9 = BLOWING SNOW
                                                   X = TORNADO
MAX 32 OR BELOW:   0    0.01 INCH OR MORE:  12
MAX 90 OR ABOVE:   0    0.10 INCH OR MORE:   3
MIN 32 OR BELOW:  16    0.50 INCH OR MORE:   0
MIN  0 OR BELOW:   0    1.00 INCH OR MORE:   0

[HDD (BASE 65) ]
TOTAL THIS MO.   494    CLEAR  (SCALE 0-3)   9
DPTR FM NORMAL     4    PTCLDY (SCALE 4-7)  12
TOTAL FM JUL 1  6048    CLOUDY (SCALE 8-10)  2
DPTR FM NORMAL   107

[CDD (BASE 65) ]
TOTAL THIS MO.     0
DPTR FM NORMAL     0    [PRESSURE DATA]
TOTAL FM JAN 1     0    HIGHEST SLP 30.23 ON  2
DPTR FM NORMAL     0    LOWEST  SLP 29.24 ON  7

[REMARKS]
