000
CXUS56 KBOI 231002
CF6REO
PRELIMINARY LOCAL CLIMATOLOGICAL DATA (WS FORM: F-6)

                                          STATION:   ROME OR
                                          MONTH:     AUGUST
                                          YEAR:      2017
                                          LATITUDE:   42 35 N
                                          LONGITUDE: 117 52 W

  TEMPERATURE IN F:       :PCPN:    SNOW:  WIND      :SUNSHINE: SKY     :PK WND
================================================================================
1   2   3   4   5  6A  6B    7    8   9   10  11  12  13   14  15   16   17  18
                                     12Z  AVG MX 2MIN
DY MAX MIN AVG DEP HDD CDD  WTR  SNW DPTH SPD SPD DIR MIN PSBL S-S WX    SPD DR
================================================================================

 1 103  64  84  12   0  19 0.00    M    M  6.9 14 150   M    M   0        19  10
 2 104  61  83  11   0  18 0.00    M    M  6.9 24 200   M    M   0        37 200
 3 103  59  81   9   0  16 0.00    M    M  6.9 18 290   M    M   0        23 260
 4 101  56  79   7   0  14 0.00    M    M  8.9 23 290   M    M   0        32 220
 5  97  57  77   5   0  12 0.00    M    M  6.9 15 280   M    M   0        23 180
 6  88  70  79   7   0  14 0.00    M    M  9.3 25 170   M    M   0        30 170
 7  92  65  79   7   0  14 0.00    M    M  8.1 22 100   M    M   0        28  90
 8  93  52  73   1   0   8 0.00    M    M  6.2 26 260   M    M   0        34 260
 9  91  66  79   8   0  14 0.00    M    M  7.2 23 220   M    M   0        28 230
10  94  59  77   6   0  12 0.00    M    M  8.1 31  30   M    M   0        39  40
11  96  56  76   5   0  11 0.00    M    M  5.6 24 100   M    M   0        33 110
12  97  55  76   5   0  11 0.00    M    M  8.6 21 220   M    M   0        26 220
13  89  60  75   4   0  10 0.00    M    M  9.5 28 350   M    M   0        34 360
14  81  60  71   0   0   6 0.01    M    M  4.5 18 350   M    M   0        23 140
15  90  51  71   1   0   6 0.00    M    M  4.9 14 330   M    M   0        20 350
16  92  51  72   2   0   7 0.00    M    M  5.9 18 300   M    M   0        22 300
17  92  52  72   2   0   7 0.00    M    M  6.0 16 300   M    M   0        21 300
18  94  47  71   1   0   6 0.00    M    M  5.3 13  30   M    M   0        17 280
19  91  50  71   1   0   6 0.00    M    M  8.8 17 340   M    M   0        22 350
20  91  48  70   1   0   5 0.00    M    M  6.0 18 330   M    M   0        24 330
21  92  47  70   1   0   5 0.00    M    M  3.9 10  20   M    M   0        14  40
22  99  49  74   5   0   9 0.00    M    M  7.2 22 150   M    M   0        31 140
================================================================================
SM 2070 1235         0 230  0.01    M    151.6          M        0
================================================================================
AV 94.1 56.1                               6.9 FASTST   M    M   0    MAX(MPH)
                                 MISC ---->  # 31  30               # 39   40
================================================================================
NOTES:
# LAST OF SEVERAL OCCURRENCES

COLUMN 17 PEAK WIND IN M.P.H.

PRELIMINARY LOCAL CLIMATOLOGICAL DATA (WS FORM: F-6) , PAGE 2

                                          STATION:  ROME OR
                                          MONTH:    AUGUST
                                          YEAR:     2017
                                          LATITUDE:   42 35 N
                                          LONGITUDE: 117 52 W

[TEMPERATURE DATA]      [PRECIPITATION DATA]       SYMBOLS USED IN COLUMN 16

AVERAGE MONTHLY: 75.1   TOTAL FOR MONTH:   0.01    1 = FOG OR MIST
DPTR FM NORMAL:   4.2   DPTR FM NORMAL:   -0.25    2 = FOG REDUCING VISIBILITY
HIGHEST:   104 ON  2    GRTST 24HR  0.01 ON 14-14      TO 1/4 MILE OR LESS
LOWEST:     47 ON 21,18                            3 = THUNDER
                        SNOW, ICE PELLETS, HAIL    4 = ICE PELLETS
                        TOTAL MONTH:    M          5 = HAIL
                        GRTST 24HR    M  ON   M    6 = FREEZING RAIN OR DRIZZLE
                        GRTST DEPTH:  M  ON   M    7 = DUSTSTORM OR SANDSTORM:
                                                       VSBY 1/2 MILE OR LESS
                                                   8 = SMOKE OR HAZE
[NO. OF DAYS WITH]      [WEATHER - DAYS WITH]      9 = BLOWING SNOW
                                                   X = TORNADO
MAX 32 OR BELOW:   0    0.01 INCH OR MORE:   1
MAX 90 OR ABOVE:  19    0.10 INCH OR MORE:   0
MIN 32 OR BELOW:   0    0.50 INCH OR MORE:   0
MIN  0 OR BELOW:   0    1.00 INCH OR MORE:   0

[HDD (BASE 65) ]
TOTAL THIS MO.     0    CLEAR  (SCALE 0-3)  22
DPTR FM NORMAL   -14    PTCLDY (SCALE 4-7)   0
TOTAL FM JUL 1     0    CLOUDY (SCALE 8-10)  0
DPTR FM NORMAL   -28

[CDD (BASE 65) ]
TOTAL THIS MO.   230
DPTR FM NORMAL    90    [PRESSURE DATA]
TOTAL FM JAN 1   796    HIGHEST SLP M ON M
DPTR FM NORMAL   369    LOWEST  SLP 29.66 ON 12

[REMARKS]
