000
CXUS51 KAKQ 291010
CF6RIC
PRELIMINARY LOCAL CLIMATOLOGICAL DATA (WS FORM: F-6)

                                          STATION:   RICHMOND VA
                                          MONTH:     MARCH
                                          YEAR:      2015
                                          LATITUDE:   37 30 N
                                          LONGITUDE:  77 20 W

  TEMPERATURE IN F:       :PCPN:    SNOW:  WIND      :SUNSHINE: SKY     :PK WND
================================================================================
1   2   3   4   5  6A  6B    7    8   9   10  11  12  13   14  15   16   17  18
                                     12Z  AVG MX 2MIN
DY MAX MIN AVG DEP HDD CDD  WTR  SNW DPTH SPD SPD DIR MIN PSBL S-S WX    SPD DR
================================================================================

 1  33  23  28 -16  37   0 0.16  0.0    1  2.5  8 200   M    M   9 16     12 220
 2  54  30  42  -2  23   0 0.00  0.0    0  7.0 18  10   M    M   9 128    23  10
 3  40  28  34 -11  31   0    T  0.0    0  6.3 16 210   M    M  10 1      21 210
 4  62  40  51   6  14   0 0.06  0.0    0  6.8 20 240   M    M  10 1      25 240
 5  53  26  40  -5  25   0 0.98  0.3    0 13.4 23  20   M    M   9 14     32  20
 6  31  16  24 -21  41   0 0.00  0.0    T  7.6 18  10   M    M   1        23  30
 7  55  18  37  -9  28   0 0.00  0.0    0  7.5 17 250   M    M   0        22 230
 8  66  40  53   7  12   0 0.00  0.0    0  9.7 21 300   M    M   5        32 310
 9  71  43  57  11   8   0 0.00  0.0    0  3.8 17 220   M    M   8        21 220
10  64  42  53   6  12   0    T  0.0    0  2.7 14 210   M    M   9        17 210
11  66  53  60  13   5   0 0.36  0.0    0  6.3 14 220   M    M  10 12     18 220
12  63  39  51   4  14   0    T  0.0    0  8.2 18 360   M    M   6 12     23  10
13  59  33  46  -2  19   0 0.07  0.0    0  4.5 13 130   M    M   8 1      16 100
14  57  45  51   3  14   0 0.90  0.0    0  7.3 14 240   M    M  10 1      18 270
15  68  45  57   9   8   0 0.00  0.0    0 11.8 33 310   M    M   2        41 320
16  73  38  56   8   9   0 0.00  0.0    0  4.8 18 230   M    M   6 8      22 250
17  79  46  63  14   2   0 0.00  0.0    0 12.4 28 310   M    M   6        33 320
18  57  30  44  -5  21   0 0.00  0.0    0  7.7 29  10   M    M   6        40  10
19  55  34  45  -4  20   0 0.08  0.0    0  4.4 14 210   M    M   9 1      24  90
20  44  38  41  -9  24   0 0.66  0.0    0  7.8 14 340   M    M  10 1      17 340
21  64  38  51   1  14   0 0.00  0.0    0  5.4 15 220   M    M   7        20 240
22  63  44  54   4  11   0 0.00  0.0    0  5.2 15 360   M    M   9        18 120
23  53  38  46  -5  19   0 0.00  0.0    0  6.6 16  50   M    M   7        22  40
24  55  35  45  -6  20   0    T  0.0    0  5.2 15  60   M    M   9        18  70
25  62  39  51   0  14   0 0.01  0.0    0  3.6  9  70   M    M   9        12 140
26  77  48  63  11   2   0 0.15  0.0    0  9.6 22 210   M    M  10 18     40 150
27  66  40  53   1  12   0 0.30    M    0 10.4 24 360   M    M  10 1      33  20
28  44  28  36 -16  29   0    T    T    0 13.7 24 330   M    M   6        29 340
================================================================================
SM 1634 1017       488   0  3.73     0.3 202.2          M      210
================================================================================
AV 58.4 36.3                               7.2 FASTST   M    M   8    MAX(MPH)
                                 MISC ---->  # 33 310               # 41  320
================================================================================
NOTES:
# LAST OF SEVERAL OCCURRENCES

COLUMN 17 PEAK WIND IN M.P.H.

PRELIMINARY LOCAL CLIMATOLOGICAL DATA (WS FORM: F-6) , PAGE 2

                                          STATION:  RICHMOND VA
                                          MONTH:    MARCH
                                          YEAR:     2015
                                          LATITUDE:   37 30 N
                                          LONGITUDE:  77 20 W

[TEMPERATURE DATA]      [PRECIPITATION DATA]       SYMBOLS USED IN COLUMN 16

AVERAGE MONTHLY: 47.3   TOTAL FOR MONTH:   3.73    1 = FOG OR MIST
DPTR FM NORMAL:  -0.7   DPTR FM NORMAL:    0.09    2 = FOG REDUCING VISIBILITY
HIGHEST:    79 ON 17    GRTST 24HR  0.98 ON  5- 5      TO 1/4 MILE OR LESS
LOWEST:     16 ON  6                               3 = THUNDER
                        SNOW, ICE PELLETS, HAIL    4 = ICE PELLETS
                        TOTAL MONTH:   0.3 INCH    5 = HAIL
                        GRTST 24HR   0.3 ON   M    6 = FREEZING RAIN OR DRIZZLE
                        GRTST DEPTH:   1 ON  1     7 = DUSTSTORM OR SANDSTORM:
                                                       VSBY 1/2 MILE OR LESS
                                                   8 = SMOKE OR HAZE
[NO. OF DAYS WITH]      [WEATHER - DAYS WITH]      9 = BLOWING SNOW
                                                   X = TORNADO
MAX 32 OR BELOW:   1    0.01 INCH OR MORE:  11
MAX 90 OR ABOVE:   0    0.10 INCH OR MORE:   7
MIN 32 OR BELOW:   8    0.50 INCH OR MORE:   3
MIN  0 OR BELOW:   0    1.00 INCH OR MORE:   0

[HDD (BASE 65) ]
TOTAL THIS MO.   488    CLEAR  (SCALE 0-3)   3
DPTR FM NORMAL    10    PTCLDY (SCALE 4-7)   9
TOTAL FM JUL 1  3590    CLOUDY (SCALE 8-10) 16
DPTR FM NORMAL   176

[CDD (BASE 65) ]
TOTAL THIS MO.     0
DPTR FM NORMAL     0    [PRESSURE DATA]
TOTAL FM JAN 1     0    HIGHEST SLP M ON M
DPTR FM NORMAL     0    LOWEST  SLP 29.64 ON 27

[REMARKS]
