000
CXUS55 KGJT 291000
CF6RIL
PRELIMINARY LOCAL CLIMATOLOGICAL DATA (WS FORM: F-6)

                                          STATION:   RIFLE CO
                                          MONTH:     JULY
                                          YEAR:      2014
                                          LATITUDE:   39 31 N
                                          LONGITUDE: 107 43 W

  TEMPERATURE IN F:       :PCPN:    SNOW:  WIND      :SUNSHINE: SKY     :PK WND
================================================================================
1   2   3   4   5  6A  6B    7    8   9   10  11  12  13   14  15   16   17  18
                                     12Z  AVG MX 2MIN
DY MAX MIN AVG DEP HDD CDD  WTR  SNW DPTH SPD SPD DIR MIN PSBL S-S WX    SPD DR
================================================================================

 1  88  49  69  -2   0   4 0.00    M    M  6.5 18 310   M    M   0        25 340
 2  92  47  70  -1   0   5 0.00    M    M  4.0 15 240   M    M   0        20 240
 3  94  51  73   2   0   8 0.00    M    M  6.0 21 300   M    M   0        26 300
 4  91  62  77   5   0  12    T    M    M  6.3 26 320   M    M   0 3      36 330
 5  91  61  76   4   0  11 0.00    M    M  5.2 24 260   M    M   0        28 260
 6  96  56  76   4   0  11 0.00    M    M  5.0 23  90   M    M   0        29  80
 7  96  56  76   4   0  11    T    M    M  8.0 26 150   M    M   0        32 150
 8  97  56  77   5   0  12    T    M    M  7.2 25 240   M    M   0        30 260
 9  92  59  76   4   0  11 0.00    M    M  6.6 22 160   M    M   1 3      27 240
10  91  58  75   2   0  10 0.03    M    M  6.2 28 200   M    M   3 3      34 200
11  90  61  76   3   0  11 0.31    M    M  6.8 24 160   M    M   2 138    27 160
12  91  58  75   2   0  10 0.00    M    M  4.5 14 220   M    M   2 3      18 360
13  95  60  78   5   0  13 0.00    M    M  4.3 17  10   M    M   0        22 360
14  93  59  76   3   0  11 0.00    M    M  4.2 16 130   M    M   0        18 130
15  90  62  76   3   0  11 0.16    M    M  5.6 29 320   M    M   1 3      42 320
16  91  57  74   1   0   9    T    M    M  6.7 23 260   M    M   2 3      30 260
17  86  54  70  -3   0   5 0.00    M    M  5.2 16 270   M    M   0        22 290
18  89  54  72  -1   0   7 0.06    M    M  5.4 22 170   M    M   0        26 170
19  95  54  75   2   0  10 0.00    M    M  5.3 26 320   M    M   0 3      34 320
20  97  56  77   4   0  12    T    M    M  9.7 37 240   M    M   0        47 250
21  95  54  75   2   0  10 0.00    M    M  6.6 20 260   M    M   0        26 260
22  98  52  75   2   0  10 0.00    M    M  3.3 14 140   M    M   0        16 150
23  99  58  79   6   0  14 0.00    M    M  8.6 30 140   M    M   0 3      36 150
24  90  64  77   4   0  12 0.00    M    M  7.4 24 150   M    M   2        29 160
25  91  61  76   3   0  11    T    M    M  7.4 31 260   M    M   1        39 250
26  93  61  77   4   0  12 0.02    M    M  5.7 21 310   M    M   3 3      28  20
27  94  60  77   4   0  12 0.00    M    M  6.0 23 120   M    M   1        27 160
28  88  63  76   3   0  11 0.05    M    M  6.6 26  80   M    M   4 3      30  80
================================================================================
SM 2593 1603         0 286  0.63    M    170.3          M       22
================================================================================
AV 92.6 57.2                               6.1 FASTST   M    M   1    MAX(MPH)
                                 MISC ---->  # 37 240               # 47  250
================================================================================
NOTES:
# LAST OF SEVERAL OCCURRENCES

COLUMN 17 PEAK WIND IN M.P.H.

PRELIMINARY LOCAL CLIMATOLOGICAL DATA (WS FORM: F-6) , PAGE 2

                                          STATION:  RIFLE CO
                                          MONTH:    JULY
                                          YEAR:     2014
                                          LATITUDE:   39 31 N
                                          LONGITUDE: 107 43 W

[TEMPERATURE DATA]      [PRECIPITATION DATA]       SYMBOLS USED IN COLUMN 16

AVERAGE MONTHLY: 74.9   TOTAL FOR MONTH:   0.63    1 = FOG OR MIST
DPTR FM NORMAL:   2.4   DPTR FM NORMAL:   -0.33    2 = FOG REDUCING VISIBILITY
HIGHEST:    99 ON 23    GRTST 24HR  0.34 ON 10-11      TO 1/4 MILE OR LESS
LOWEST:     47 ON  2                               3 = THUNDER
                        SNOW, ICE PELLETS, HAIL    4 = ICE PELLETS
                        TOTAL MONTH:    M          5 = HAIL
                        GRTST 24HR    M  ON   M    6 = FREEZING RAIN OR DRIZZLE
                        GRTST DEPTH:  M  ON   M    7 = DUSTSTORM OR SANDSTORM:
                                                       VSBY 1/2 MILE OR LESS
                                                   8 = SMOKE OR HAZE
[NO. OF DAYS WITH]      [WEATHER - DAYS WITH]      9 = BLOWING SNOW
                                                   X = TORNADO
MAX 32 OR BELOW:   0    0.01 INCH OR MORE:   6
MAX 90 OR ABOVE:  24    0.10 INCH OR MORE:   2
MIN 32 OR BELOW:   0    0.50 INCH OR MORE:   0
MIN  0 OR BELOW:   0    1.00 INCH OR MORE:   0

[HDD (BASE 65) ]
TOTAL THIS MO.     0    CLEAR  (SCALE 0-3)  27
DPTR FM NORMAL     0    PTCLDY (SCALE 4-7)   1
TOTAL FM JUL 1     0    CLOUDY (SCALE 8-10)  0
DPTR FM NORMAL     0

[CDD (BASE 65) ]
TOTAL THIS MO.   286
DPTR FM NORMAL    74    [PRESSURE DATA]
TOTAL FM JAN 1   382    HIGHEST SLP M ON M
DPTR FM NORMAL    68    LOWEST  SLP 29.71 ON 16

[REMARKS]
