000
CXUS54 KCRP 011300
CF6RKP
PRELIMINARY LOCAL CLIMATOLOGICAL DATA (WS FORM: F-6)

                                          STATION:   ROCKPORT
                                          MONTH:     FEBRUARY
                                          YEAR:      2015
                                          LATITUDE:   28  4 N
                                          LONGITUDE:  97  3 W

  TEMPERATURE IN F:       :PCPN:    SNOW:  WIND      :SUNSHINE: SKY     :PK WND
================================================================================
1   2   3   4   5  6A  6B    7    8   9   10  11  12  13   14  15   16   17  18
                                     12Z  AVG MX 2MIN
DY MAX MIN AVG DEP HDD CDD  WTR  SNW DPTH SPD SPD DIR MIN PSBL S-S WX    SPD DR
================================================================================

 1  74  58  66   8   0   1 0.00  0.0    0  8.2 28  10   M    M   2 1      35  10
 2  58  44  51  -7  14   0    T    M    0 13.3 30  10   M    M   1        40  20
 3  49  45  47 -11  18   0 0.13    M    0  9.3 18  10   M    M  10 1      23 360
 4  59  47  53  -5  12   0 0.00  0.0    0  7.2 17 350   M    M  10 18     20 350
 5  57  47  52  -6  13   0    T    M    0 10.4 22 360   M    M  10 1      26 360
 6  55  46  51  -7  14   0 0.00  0.0    0  5.9 10  10   M    M   9 1      14  90
 7  69  43  56  -3   9   0 0.00  0.0    0  6.4 15 140   M    M   3 12     20 140
 8  73  60  67   8   0   2 0.00  0.0    0  8.9 16 170   M    M   2        24 180
 9  80  56  68   9   0   3 0.00  0.0    0  4.6  9 310   M    M   3 12     20 250
10  76  51  64   5   1   0 0.00  0.0    0  7.2 13 140   M    M   0 18     21 110
11  75  54  65   6   0   0 0.00  0.0    0  7.9 14 100   M    M   0 12     18 100
12  71  55  63   4   2   0 0.00  0.0    0 10.9 22  20   M    M   3 12     29  20
13  68  50  59  -1   6   0 0.00  0.0    0  6.8 13  20   M    M   6        15 360
14  75  51  63   3   2   0 0.00  0.0    0  5.0 13 140   M    M   1 128    19 150
15  73  63  68   8   0   3    T  0.0    0  8.3 14 160   M    M   2 1      24 150
16  70  41  56  -4   9   0 0.01    M    0 14.0 29 360   M    M   8 18     36 350
17  57  39  48 -12  17   0 0.06    M    0 10.9 25 350   M    M   6 1      30 350
18  63  35  49 -11  16   0 0.00  0.0    0  6.7 13 140   M    M   0        16 120
19  71  49  60  -1   5   0 0.00  0.0    0  8.2 17 160   M    M   3        24 170
20  71  62  67   6   0   2 0.00  0.0    0 11.0 18 170   M    M   9 1      29 140
21  76  65  71  10   0   6 0.00  0.0    0 11.3 17 160   M    M   7 18     27 170
22  75  50  63   2   2   0 0.00  0.0    0 10.9 28  10   M    M  10 12     35  10
23  50  36  43 -18  22   0    T    M    0 17.7 26  10   M    M  10 18     34  20
24  41  36  39 -23  26   0    T  0.0    0  9.9 17 340   M    M  10 18     21 360
25  62  38  50 -12  15   0    T  0.0    0 11.5 24 340   M    M   4 1      30 330
26  66  44  55  -7  10   0 0.00  0.0    0 13.1 23  40   M    M   0        28  40
27  55  40  48 -14  17   0    T    M    0 18.3 25  60   M    M   9 18     35  40
28  59  46  53  -9  12   0 0.38    M    0 10.9 20  40   M    M  10 18     23  50
================================================================================
SM 1828 1351       242  17  0.58     0.0 274.7          M      148
================================================================================
AV 65.3 48.2                               9.8 FASTST   M    M   5    MAX(MPH)
                                 MISC ---->  # 30  10               # 40   20
================================================================================
NOTES:
# LAST OF SEVERAL OCCURRENCES

COLUMN 17 PEAK WIND IN M.P.H.

PRELIMINARY LOCAL CLIMATOLOGICAL DATA (WS FORM: F-6) , PAGE 2

                                          STATION:  ROCKPORT
                                          MONTH:    FEBRUARY
                                          YEAR:     2015
                                          LATITUDE:   28  4 N
                                          LONGITUDE:  97  3 W

[TEMPERATURE DATA]      [PRECIPITATION DATA]       SYMBOLS USED IN COLUMN 16

AVERAGE MONTHLY: 56.8   TOTAL FOR MONTH:   0.58    1 = FOG OR MIST
DPTR FM NORMAL:  -3.1   DPTR FM NORMAL:   -1.46    2 = FOG REDUCING VISIBILITY
HIGHEST:    80 ON  9    GRTST 24HR  0.38 ON 28-28      TO 1/4 MILE OR LESS
LOWEST:     35 ON 18                               3 = THUNDER
                        SNOW, ICE PELLETS, HAIL    4 = ICE PELLETS
                        TOTAL MONTH:   0.0 INCH    5 = HAIL
                        GRTST 24HR     0.0         6 = FREEZING RAIN OR DRIZZLE
                        GRTST DEPTH:   0           7 = DUSTSTORM OR SANDSTORM:
                                                       VSBY 1/2 MILE OR LESS
                                                   8 = SMOKE OR HAZE
[NO. OF DAYS WITH]      [WEATHER - DAYS WITH]      9 = BLOWING SNOW
                                                   X = TORNADO
MAX 32 OR BELOW:   0    0.01 INCH OR MORE:   4
MAX 90 OR ABOVE:   0    0.10 INCH OR MORE:   2
MIN 32 OR BELOW:   0    0.50 INCH OR MORE:   0
MIN  0 OR BELOW:   0    1.00 INCH OR MORE:   0

[HDD (BASE 65) ]
TOTAL THIS MO.   242    CLEAR  (SCALE 0-3)  12
DPTR FM NORMAL    65    PTCLDY (SCALE 4-7)   6
TOTAL FM JUL 1   964    CLOUDY (SCALE 8-10) 10
DPTR FM NORMAL   179

[CDD (BASE 65) ]
TOTAL THIS MO.    17
DPTR FM NORMAL   -17    [PRESSURE DATA]
TOTAL FM JAN 1    20    HIGHEST SLP 30.44 ON  6
DPTR FM NORMAL   -32    LOWEST  SLP 29.82 ON 25

[REMARKS]
#FINAL-02-15#
