000
CXUS51 KRNK 250812
CF6RNK

PRELIMINARY LOCAL CLIMATOLOGICAL DATA (WS FORM: F-6)

                                          STATION:   BLACKSBURG VA
                                          MONTH:     MAY
                                          YEAR:      2016
                                          LATITUDE:   37 13 N
                                          LONGITUDE:  80 25 W

  TEMPERATURE IN F:       :PCPN:    SNOW:  WIND      :SUNSHINE: SKY     :PK WND
================================================================================
1   2   3   4   5  6A  6B    7    8   9   10  11  12  13   14  15   16   17  18
                                     12Z  AVG MX 2MIN
DY MAX MIN AVG DEP HDD CDD  WTR  SNW DPTH SPD SPD DIR MIN PSBL S-S WX    SPD DR
================================================================================

 1  77  51  64   9   1   0 1.10  0.0    0  5.1 13 310   M    M   8 3      18 190
 2  78  54  66  10   0   1 0.61  0.0    0  3.5 17 300   M    M   8 123    31 300
 3  70  49  60   4   5   0 0.15  0.0    0  4.0 12 300   M    M   7        21 290
 4  63  46  55  -1  10   0    T  0.0    0  3.5  9 320   M    M   9         M  M
 5  49  41  45 -11  20   0 0.44  0.0    0  4.4  9 300   M    M  10 1       M  M
 6  61  44  53  -4  12   0 0.05  0.0    0  7.3 17 310   M    M   9        29 310
 7  72  48  60   3   5   0 0.07  0.0    0  5.3 13 290   M    M   5        20 300
 8  68  48  58   1   7   0    T  0.0    0  7.4 17 310   M    M   7        30 300
 9  77  46  62   5   3   0 0.00  0.0    0  2.0  8 240   M    M   3         M  M
10  77  58  68  10   0   3 0.10  0.0    0  3.8 12 190   M    M   8 1      22 200
11  77  56  67   9   0   2 0.39  0.0    0  3.0  9 230   M    M   7 123    21 320
12  79  60  70  12   0   5 0.08  0.0    0  3.0 12 160   M    M   8 12     17 180
13  71  49  60   2   5   0 0.09  0.0    0  5.5 16 300   M    M   5 1      22 290
14  69  43  56  -3   9   0 0.07  0.0    0  6.0 18 300   M    M   5        31 290
15  58  39  49 -10  16   0 0.00  0.0    0 10.2 21 320   M    M   5        28 320
16  61  38  50  -9  15   0 0.00  0.0    0  2.5 10 310   M    M   6         M  M
17  62  50  56  -4   9   0 0.21  0.0    0  2.3  8 100   M    M  10 1       M  M
18  54  50  52  -8  13   0 0.04  0.0    0  4.4  9  80   M    M  10 12      M  M
19  62  47  55  -5  10   0 0.05  0.0    0  2.9  7  80   M    M   8 1       M  M
20  61  46  54  -6  11   0 0.47  0.0    0  4.7 13  80   M    M  10 12      M  M
21  73  54  64   3   1   0 0.23  0.0    0  3.2  8 300   M    M   9 1      17 300
22  68  46  57  -4   8   0 0.04  0.0    0  9.1 21 320   M    M   6        29 340
23  67  46  57  -4   8   0 0.03  0.0    0  2.8  9 340   M    M   8         M  M
24  78  44  61  -1   4   0 0.00  0.0    0  2.0  9 310   M    M   1 1       M  M
================================================================================
SM 1632 1153       172  11  4.22     0.0 107.9          M      172
================================================================================
AV 68.0 48.0                               4.5 FASTST   M    M   7    MAX(MPH)
                                 MISC ---->  # 21 320               # 31  300
================================================================================
NOTES:
# LAST OF SEVERAL OCCURRENCES

COLUMN 17 PEAK WIND IN M.P.H.

PRELIMINARY LOCAL CLIMATOLOGICAL DATA (WS FORM: F-6) , PAGE 2

                                          STATION:  BLACKSBURG VA
                                          MONTH:    MAY
                                          YEAR:     2016
                                          LATITUDE:   37 13 N
                                          LONGITUDE:  80 25 W

[TEMPERATURE DATA]      [PRECIPITATION DATA]       SYMBOLS USED IN COLUMN 16

AVERAGE MONTHLY: 58.0   TOTAL FOR MONTH:   4.22    1 = FOG OR MIST
DPTR FM NORMAL:  -0.4   DPTR FM NORMAL:    0.99    2 = FOG REDUCING VISIBILITY
HIGHEST:    79 ON 12    GRTST 24HR  1.10 ON  1- 1      TO 1/4 MILE OR LESS
LOWEST:     38 ON 16                               3 = THUNDER
                        SNOW, ICE PELLETS, HAIL    4 = ICE PELLETS
                        TOTAL MONTH:   0.0 INCH    5 = HAIL
                        GRTST 24HR     0.0         6 = FREEZING RAIN OR DRIZZLE
                        GRTST DEPTH:   0           7 = DUSTSTORM OR SANDSTORM:
                                                       VSBY 1/2 MILE OR LESS
                                                   8 = SMOKE OR HAZE
[NO. OF DAYS WITH]      [WEATHER - DAYS WITH]      9 = BLOWING SNOW
                                                   X = TORNADO
MAX 32 OR BELOW:   0    0.01 INCH OR MORE:  18
MAX 90 OR ABOVE:   0    0.10 INCH OR MORE:   9
MIN 32 OR BELOW:   0    0.50 INCH OR MORE:   2
MIN  0 OR BELOW:   0    1.00 INCH OR MORE:   1

[HDD (BASE 65) ]
TOTAL THIS MO.   172    CLEAR  (SCALE 0-3)   2
DPTR FM NORMAL    -3    PTCLDY (SCALE 4-7)  14
TOTAL FM JUL 1  4454    CLOUDY (SCALE 8-10)  8
DPTR FM NORMAL  -926

[CDD (BASE 65) ]
TOTAL THIS MO.    11
DPTR FM NORMAL    -2    [PRESSURE DATA]
TOTAL FM JAN 1    21    HIGHEST SLP M ON M
DPTR FM NORMAL     5    LOWEST  SLP M ON M

[REMARKS]
