000
CXUS51 KBUF 261205
CF6ROC
PRELIMINARY LOCAL CLIMATOLOGICAL DATA (WS FORM: F-6)

                                          STATION:   ROCHESTER NY
                                          MONTH:     DECEMBER
                                          YEAR:      2014
                                          LATITUDE:   43  7 N
                                          LONGITUDE:  77 40 W

  TEMPERATURE IN F:       :PCPN:    SNOW:  WIND      :SUNSHINE: SKY     :PK WND
================================================================================
1   2   3   4   5  6A  6B    7    8   9   10  11  12  13   14  15   16   17  18
                                     12Z  AVG MX 2MIN
DY MAX MIN AVG DEP HDD CDD  WTR  SNW DPTH SPD SPD DIR MIN PSBL S-S WX    SPD DR
================================================================================

 1  56  27  42   7  23   0    T  0.0    0 12.5 20 330   M    M   9 1      25 290
 2  41  23  32  -2  33   0 0.11  0.1    0 10.1 18 190   M    M  10 18     25 210
 3  42  34  38   4  27   0 0.04  0.0    0 13.3 25 270   M    M   8 1      34 260
 4  35  24  30  -4  35   0    T    T    0  8.9 22 280   M    M   6        32 270
 5  41  24  33   0  32   0    T  0.0    0  7.1 17 190   M    M   8 1      24 190
 6  39  35  37   4  28   0 0.36  0.0    0  7.5 17  20   M    M  10 1      20  20
 7  36  22  29  -4  36   0 0.00  0.0    0  9.9 18  40   M    M   5        24  50
 8  37  21  29  -3  36   0 0.00  0.0    0  9.8 23 160   M    M  10        33 150
 9  46  31  39   7  26   0    T    T    0  8.4 20  20   M    M   8        23  20
10  36  28  32   0  33   0 0.79  8.7    T 13.4 22 330   M    M   9 1      28 350
11  28  25  27  -4  38   0 0.15  2.6   11  9.6 16 290   M    M  10 1      21 300
12  33  25  29  -2  36   0    T    T    8  9.2 20 300   M    M   9 1      26 300
13  36  31  34   3  31   0 0.03  0.2    7 10.1 21 260   M    M  10 1      25 270
14  38  35  37   7  28   0 0.01  0.0    6  5.7 13 310   M    M  10 1      15 300
15  37  35  36   6  29   0    T  0.0    3  3.1  9 150   M    M  10 1      12 120
16  44  35  40  10  25   0 0.29  0.0    2  7.3 15 200   M    M   9 1      21 210
17  44  32  38   9  27   0 0.07  0.4    T 16.4 29 260   M    M  10 1      37 260
18  33  28  31   2  34   0 0.02    T    0 13.1 21 270   M    M  10 16     29 290
19  30  25  28  -1  37   0    T    T    T  8.8 16 300   M    M  10 6      21 320
20  32  28  30   1  35   0 0.00  0.0    0  2.8  9 280   M    M  10 8      12 300
21  37  26  32   4  33   0 0.00  0.0    0  3.9  9 140   M    M   9        11 290
22  40  27  34   6  31   0    T  0.0    0  7.9 14 150   M    M   7        17 150
23  51  35  43  15  22   0 0.08  0.0    0  7.0 14 170   M    M   9 1      18 180
24  57  47  52  24  13   0 0.11  0.0    0 10.0 33 270   M    M   8        40 280
25  52  40  46  19  19   0 0.02  0.0    0 22.1 41 250   M    M   8        53 250
================================================================================
SM 1001  743       747   0  2.08    12.0 237.9          M      222
================================================================================
AV 40.0 29.7                               9.5 FASTST   M    M   9    MAX(MPH)
                                 MISC ---->  # 41 250               # 53  250
================================================================================
NOTES:
# LAST OF SEVERAL OCCURRENCES

COLUMN 17 PEAK WIND IN M.P.H.

PRELIMINARY LOCAL CLIMATOLOGICAL DATA (WS FORM: F-6) , PAGE 2

                                          STATION:  ROCHESTER NY
                                          MONTH:    DECEMBER
                                          YEAR:     2014
                                          LATITUDE:   43  7 N
                                          LONGITUDE:  77 40 W

[TEMPERATURE DATA]      [PRECIPITATION DATA]       SYMBOLS USED IN COLUMN 16

AVERAGE MONTHLY: 34.9   TOTAL FOR MONTH:   2.08    1 = FOG OR MIST
DPTR FM NORMAL:   4.1   DPTR FM NORMAL:   -0.07    2 = FOG REDUCING VISIBILITY
HIGHEST:    57 ON 24    GRTST 24HR  0.79 ON 10-10      TO 1/4 MILE OR LESS
LOWEST:     21 ON  8                               3 = THUNDER
                        SNOW, ICE PELLETS, HAIL    4 = ICE PELLETS
                        TOTAL MONTH:  12.0 INCHES  5 = HAIL
                        GRTST 24HR   8.7 ON   M    6 = FREEZING RAIN OR DRIZZLE
                        GRTST DEPTH:  11 ON 11     7 = DUSTSTORM OR SANDSTORM:
                                                       VSBY 1/2 MILE OR LESS
                                                   8 = SMOKE OR HAZE
[NO. OF DAYS WITH]      [WEATHER - DAYS WITH]      9 = BLOWING SNOW
                                                   X = TORNADO
MAX 32 OR BELOW:   3    0.01 INCH OR MORE:  13
MAX 90 OR ABOVE:   0    0.10 INCH OR MORE:   6
MIN 32 OR BELOW:  17    0.50 INCH OR MORE:   1
MIN  0 OR BELOW:   0    1.00 INCH OR MORE:   0

[HDD (BASE 65) ]
TOTAL THIS MO.   747    CLEAR  (SCALE 0-3)   0
DPTR FM NORMAL  -108    PTCLDY (SCALE 4-7)   5
TOTAL FM JUL 1  2027    CLOUDY (SCALE 8-10) 20
DPTR FM NORMAL  -196

[CDD (BASE 65) ]
TOTAL THIS MO.     0
DPTR FM NORMAL     0    [PRESSURE DATA]
TOTAL FM JAN 1   542    HIGHEST SLP M ON M
DPTR FM NORMAL     3    LOWEST  SLP 29.21 ON 24

[REMARKS]
