000
CXUS51 KBUF 161205
CF6ROC
PRELIMINARY LOCAL CLIMATOLOGICAL DATA (WS FORM: F-6)

                                          STATION:   ROCHESTER NY
                                          MONTH:     JANUARY
                                          YEAR:      2018
                                          LATITUDE:   43  7 N
                                          LONGITUDE:  77 40 W

  TEMPERATURE IN F:       :PCPN:    SNOW:  WIND      :SUNSHINE: SKY     :PK WND
================================================================================
1   2   3   4   5  6A  6B    7    8   9   10  11  12  13   14  15   16   17  18
                                     12Z  AVG MX 2MIN
DY MAX MIN AVG DEP HDD CDD  WTR  SNW DPTH SPD SPD DIR MIN PSBL S-S WX    SPD DR
================================================================================

 1  16  -4   6 -20  59   0 0.03  1.1   10 12.1 26 270   M    M   7 19     34 280
 2  20  10  15 -11  50   0 0.02  0.4    8 15.4 32 250   M    M   9 19     43 240
 3  25  10  18  -8  47   0 0.00  0.0    6  8.7 21 210   M    M   9        26 210
 4  22   5  14 -12  51   0 0.07  2.4    5 13.5 25 300   M    M  10 19     35 310
 5   5   0   3 -22  62   0 0.08  3.4    7 17.9 30 300   M    M   9 9      45 290
 6   4   0   2 -23  63   0 0.10  3.0   10 14.7 25 300   M    M  10 19     35 320
 7  30  -6  12 -13  53   0    T  0.1    9 11.2 22 220   M    M   8 1      29 230
 8  38  30  34   9  31   0 0.03  0.4    7 16.0 33 280   M    M  10 1      43 280
 9  36  30  33   8  32   0 0.01  0.1    6 10.3 24 270   M    M  10 1      34 270
10  46  21  34   9  31   0    T  0.0    6  8.0 18 210   M    M   7        27 220
11  60  44  52  27  13   0 0.29  0.0    3 14.2 28 200   M    M  10        37 200
12  60  20  40  15  25   0 0.98  3.2    T 14.5 24 330   M    M  10 146    33  60
13  20   7  14 -10  51   0 0.58  9.6    9 12.6 23 360   M    M   9 19     29  10
14  16  -1   8 -16  57   0    T    T   12  5.5 12 270   M    M   5 18     13 260
15  22   2  12 -12  53   0 0.04  0.6    9  8.0 16 170   M    M   9 1      20 170
================================================================================
SM  420  168       678   0  2.23    24.3 182.6          M      132
================================================================================
AV 28.0 11.2                              12.2 FASTST   M    M   9    MAX(MPH)
                                 MISC ---->  # 33 280               # 45  290
================================================================================
NOTES:
# LAST OF SEVERAL OCCURRENCES

COLUMN 17 PEAK WIND IN M.P.H.

PRELIMINARY LOCAL CLIMATOLOGICAL DATA (WS FORM: F-6) , PAGE 2

                                          STATION:  ROCHESTER NY
                                          MONTH:    JANUARY
                                          YEAR:     2018
                                          LATITUDE:   43  7 N
                                          LONGITUDE:  77 40 W

[TEMPERATURE DATA]      [PRECIPITATION DATA]       SYMBOLS USED IN COLUMN 16

AVERAGE MONTHLY: 19.6   TOTAL FOR MONTH:   2.23    1 = FOG OR MIST
DPTR FM NORMAL:  -5.5   DPTR FM NORMAL:    1.02    2 = FOG REDUCING VISIBILITY
HIGHEST:    60 ON 12,11 GRTST 24HR  0.98 ON 12-12      TO 1/4 MILE OR LESS
LOWEST:     -6 ON  7                               3 = THUNDER
                        SNOW, ICE PELLETS, HAIL    4 = ICE PELLETS
                        TOTAL MONTH:  24.3 INCHES  5 = HAIL
                        GRTST 24HR   9.6 ON 13-13  6 = FREEZING RAIN OR DRIZZLE
                        GRTST DEPTH:  12 ON 14     7 = DUSTSTORM OR SANDSTORM:
                                                       VSBY 1/2 MILE OR LESS
                                                   8 = SMOKE OR HAZE
[NO. OF DAYS WITH]      [WEATHER - DAYS WITH]      9 = BLOWING SNOW
                                                   X = TORNADO
MAX 32 OR BELOW:  10    0.01 INCH OR MORE:  11
MAX 90 OR ABOVE:   0    0.10 INCH OR MORE:   4
MIN 32 OR BELOW:  14    0.50 INCH OR MORE:   2
MIN  0 OR BELOW:   5    1.00 INCH OR MORE:   0

[HDD (BASE 65) ]
TOTAL THIS MO.   678    CLEAR  (SCALE 0-3)   0
DPTR FM NORMAL    80    PTCLDY (SCALE 4-7)   3
TOTAL FM JUL 1  2971    CLOUDY (SCALE 8-10) 12
DPTR FM NORMAL   -80

[CDD (BASE 65) ]
TOTAL THIS MO.     0
DPTR FM NORMAL     0    [PRESSURE DATA]
TOTAL FM JAN 1     0    HIGHEST SLP M ON M
DPTR FM NORMAL     0    LOWEST  SLP 29.60 ON 12

[REMARKS]
