000
CXUS51 KBUF 181205
CF6ROC
PRELIMINARY LOCAL CLIMATOLOGICAL DATA (WS FORM: F-6)

                                          STATION:   ROCHESTER NY
                                          MONTH:     NOVEMBER
                                          YEAR:      2017
                                          LATITUDE:   43  7 N
                                          LONGITUDE:  77 40 W

  TEMPERATURE IN F:       :PCPN:    SNOW:  WIND      :SUNSHINE: SKY     :PK WND
================================================================================
1   2   3   4   5  6A  6B    7    8   9   10  11  12  13   14  15   16   17  18
                                     12Z  AVG MX 2MIN
DY MAX MIN AVG DEP HDD CDD  WTR  SNW DPTH SPD SPD DIR MIN PSBL S-S WX    SPD DR
================================================================================

 1  45  39  42  -4  23   0 0.06  0.0    0  5.9 18 200   M    M  10        22 190
 2  66  45  56  11   9   0 0.48  0.0    0 11.5 22 210   M    M   9 1      29 230
 3  64  35  50   5  15   0 0.45  0.0    0  7.8 18 330   M    M   8 13     26 320
 4  48  34  41  -3  24   0 0.01  0.0    0  7.3 16  90   M    M   7        20  90
 5  60  48  54  10  11   0 1.65  0.0    0 14.4 32 210   M    M   9 13     43 210
 6  60  41  51   7  14   0 0.05  0.0    0 10.9 21 330   M    M   8 1      28 350
 7  44  31  38  -6  27   0 0.00  0.0    0  5.4 15  40   M    M   8        18  40
 8  48  28  38  -5  27   0 0.00  0.0    0  4.4 13 230   M    M   1        16 230
 9  50  31  41  -2  24   0 0.15  0.3    0 11.4 31 300   M    M   6 1      41 300
10  32  20  26 -16  39   0 0.10  1.2    1 13.4 26 340   M    M   7 19     35 270
11  33  22  28 -14  37   0    T    T    0  6.7 14 140   M    M   7        19 130
12  42  24  33  -9  32   0    T  0.0    0  4.3 10 130   M    M   9        13 260
13  43  34  39  -3  26   0 0.21    T    0  4.7  8 310   M    M  10 1      11 340
14  42  34  38  -3  27   0    T  0.0    0  2.9  8 300   M    M  10 1      10 270
15  48  28  38  -3  27   0    T  0.0    0  7.7 20 190   M    M   7 12     27 190
16  48  35  42   2  23   0 0.06  0.0    0 16.5 26 310   M    M   9 1      35 220
17  38  31  35  -5  30   0    T    T    0  9.0 21 330   M    M   7        27 330
================================================================================
SM  811  560       415   0  3.22     1.5 144.2          M      132
================================================================================
AV 47.7 32.9                               8.5 FASTST   M    M   8    MAX(MPH)
                                 MISC ---->  # 32 210               # 43  210
================================================================================
NOTES:
# LAST OF SEVERAL OCCURRENCES

COLUMN 17 PEAK WIND IN M.P.H.

PRELIMINARY LOCAL CLIMATOLOGICAL DATA (WS FORM: F-6) , PAGE 2

                                          STATION:  ROCHESTER NY
                                          MONTH:    NOVEMBER
                                          YEAR:     2017
                                          LATITUDE:   43  7 N
                                          LONGITUDE:  77 40 W

[TEMPERATURE DATA]      [PRECIPITATION DATA]       SYMBOLS USED IN COLUMN 16

AVERAGE MONTHLY: 40.3   TOTAL FOR MONTH:   3.22    1 = FOG OR MIST
DPTR FM NORMAL:  -2.5   DPTR FM NORMAL:    1.59    2 = FOG REDUCING VISIBILITY
HIGHEST:    66 ON  2    GRTST 24HR  1.65 ON  5- 5      TO 1/4 MILE OR LESS
LOWEST:     20 ON 10                               3 = THUNDER
                        SNOW, ICE PELLETS, HAIL    4 = ICE PELLETS
                        TOTAL MONTH:   1.5 INCHES  5 = HAIL
                        GRTST 24HR   1.2 ON 10-10  6 = FREEZING RAIN OR DRIZZLE
                        GRTST DEPTH:   1 ON 10     7 = DUSTSTORM OR SANDSTORM:
                                                       VSBY 1/2 MILE OR LESS
                                                   8 = SMOKE OR HAZE
[NO. OF DAYS WITH]      [WEATHER - DAYS WITH]      9 = BLOWING SNOW
                                                   X = TORNADO
MAX 32 OR BELOW:   1    0.01 INCH OR MORE:  10
MAX 90 OR ABOVE:   0    0.10 INCH OR MORE:   6
MIN 32 OR BELOW:   8    0.50 INCH OR MORE:   1
MIN  0 OR BELOW:   0    1.00 INCH OR MORE:   1

[HDD (BASE 65) ]
TOTAL THIS MO.   415    CLEAR  (SCALE 0-3)   1
DPTR FM NORMAL    38    PTCLDY (SCALE 4-7)   9
TOTAL FM JUL 1   777    CLOUDY (SCALE 8-10)  7
DPTR FM NORMAL  -233

[CDD (BASE 65) ]
TOTAL THIS MO.     0
DPTR FM NORMAL     0    [PRESSURE DATA]
TOTAL FM JAN 1   655    HIGHEST SLP M ON M
DPTR FM NORMAL   116    LOWEST  SLP 29.66 ON 16

[REMARKS]
