000
CXUS55 KABQ 011804
CF6ROW
PRELIMINARY LOCAL CLIMATOLOGICAL DATA (WS FORM: F-6)

                                          STATION:   ROSWELL NM
                                          MONTH:     FEBRUARY
                                          YEAR:      2015
                                          LATITUDE:   33 17 N
                                          LONGITUDE: 104 32 W

  TEMPERATURE IN F:       :PCPN:    SNOW:  WIND      :SUNSHINE: SKY     :PK WND
================================================================================
1   2   3   4   5  6A  6B    7    8   9   10  11  12  13   14  15   16   17  18
                                     12Z  AVG MX 2MIN
DY MAX MIN AVG DEP HDD CDD  WTR  SNW DPTH SPD SPD DIR MIN PSBL S-S WX    SPD DR
================================================================================

 1  51  37  44   1  21   0 0.00  0.0    0  6.3 20  10   M    M   9 12     23  10
 2  58  32  45   2  20   0 0.00  0.0    0 11.2 20 160   M    M   3 1      24 150
 3  73  28  51   8  14   0 0.00  0.0    0  6.2 16 180   M    M   1 12     19 180
 4  76  31  54  11  11   0 0.00  0.0    0 11.2 30  50   M    M   2        37  30
 5  55  31  43  -1  22   0 0.00  0.0    0  6.5 14 180   M    M   4        17 170
 6  73  25  49   5  16   0 0.00  0.0    0  3.3 10 260   M    M   3 12     13 170
 7  84  31  58  14   7   0 0.00  0.0    0  8.5 24 290   M    M   0        30 280
 8  80  45  63  19   2   0 0.00  0.0    0  8.0 23 350   M    M   0        34 270
 9  79  38  59  15   6   0 0.00  0.0    0  7.8 20 150   M    M   0        24 170
10  79  35  57  12   8   0 0.00  0.0    0  5.3 14 160   M    M   0        17 160
11  53  37  45   0  20   0 0.09  0.0    0 14.0 29  20   M    M   6 1      38 360
12  56  35  46   1  19   0 0.00  0.0    0  5.2 13 160   M    M   4        15 170
13  68  29  49   4  16   0 0.00  0.0    0  4.2  9 350   M    M   0        13  50
14  72  34  53   7  12   0 0.00  0.0    0  6.8 15 200   M    M   0        19 160
15  81  35  58  12   7   0    T  0.0    0  7.7 29  40   M    M   0 8      33  40
16  50  31  41  -5  24   0 0.37    T    0  7.5 21  10   M    M   3 1      25  20
17  51  33  42  -4  23   0    T    T    0  6.7 14 170   M    M   5 1      18 150
18  68  25  47   1  18   0 0.00  0.0    0  4.6 12  30   M    M   0        17  20
19  74  30  52   5  13   0 0.00  0.0    0  6.6 13 240   M    M   0        18 130
20  80  34  57  10   8   0 0.00  0.0    0  7.2 18 310   M    M   0        24 260
21  64  38  51   4  14   0 0.00  0.0    0 10.0 23  10   M    M   0        35  20
22  50  21  36 -11  29   0 0.03  0.3    0 15.4 32 360   M    M   7 18     39 360
23  26  19  23 -25  42   0 0.02  0.2    0  5.9 15  30   M    M   8 18     18  40
24  49  24  37 -11  28   0 0.00  0.0    0  6.3 15 360   M    M   4        19 330
25  68  24  46  -2  19   0 0.00  0.0    0 10.0 26 320   M    M   2        34 300
26  45  24  35 -13  30   0 0.08    T    0 13.2 21  10   M    M  10 1      26  10
27  24  19  22 -26  43   0 0.34  3.8    4 10.7 17 120   M    M  10 128    20 120
28  30  20  25 -24  40   0 0.00  0.0    3  9.0 15 160   M    M  10 1      18 160
================================================================================
SM 1717  845       532   0  0.93     4.3 225.3          M       91
================================================================================
AV 61.3 30.2                               8.0 FASTST   M    M   3    MAX(MPH)
                                 MISC ---->  # 32 360               # 39  360
================================================================================
NOTES:
# LAST OF SEVERAL OCCURRENCES

COLUMN 17 PEAK WIND IN M.P.H.

PRELIMINARY LOCAL CLIMATOLOGICAL DATA (WS FORM: F-6) , PAGE 2

                                          STATION:  ROSWELL NM
                                          MONTH:    FEBRUARY
                                          YEAR:     2015
                                          LATITUDE:   33 17 N
                                          LONGITUDE: 104 32 W

[TEMPERATURE DATA]      [PRECIPITATION DATA]       SYMBOLS USED IN COLUMN 16

AVERAGE MONTHLY: 45.8   TOTAL FOR MONTH:   0.93    1 = FOG OR MIST
DPTR FM NORMAL:   0.0   DPTR FM NORMAL:    0.51    2 = FOG REDUCING VISIBILITY
HIGHEST:    84 ON  7    GRTST 24HR  0.42 ON 26-27      TO 1/4 MILE OR LESS
LOWEST:     19 ON 27,23                            3 = THUNDER
                        SNOW, ICE PELLETS, HAIL    4 = ICE PELLETS
                        TOTAL MONTH:   4.3 INCHES  5 = HAIL
                        GRTST 24HR   3.8 ON   M    6 = FREEZING RAIN OR DRIZZLE
                        GRTST DEPTH:   4 ON 27     7 = DUSTSTORM OR SANDSTORM:
                                                       VSBY 1/2 MILE OR LESS
                                                   8 = SMOKE OR HAZE
[NO. OF DAYS WITH]      [WEATHER - DAYS WITH]      9 = BLOWING SNOW
                                                   X = TORNADO
MAX 32 OR BELOW:   3    0.01 INCH OR MORE:   6
MAX 90 OR ABOVE:   0    0.10 INCH OR MORE:   2
MIN 32 OR BELOW:  17    0.50 INCH OR MORE:   0
MIN  0 OR BELOW:   0    1.00 INCH OR MORE:   0

[HDD (BASE 65) ]
TOTAL THIS MO.   532    CLEAR  (SCALE 0-3)  17
DPTR FM NORMAL    -9    PTCLDY (SCALE 4-7)   7
TOTAL FM JUL 1  2717    CLOUDY (SCALE 8-10)  4
DPTR FM NORMAL    10

[CDD (BASE 65) ]
TOTAL THIS MO.     0
DPTR FM NORMAL     0    [PRESSURE DATA]
TOTAL FM JAN 1     0    HIGHEST SLP 30.57 ON 23
DPTR FM NORMAL     0    LOWEST  SLP 29.60 ON 20

[REMARKS]
#FINAL-02-15#
