000
CXUS55 KABQ 171000
CF6ROW
PRELIMINARY LOCAL CLIMATOLOGICAL DATA (WS FORM: F-6)

                                          STATION:   ROSWELL NM
                                          MONTH:     APRIL
                                          YEAR:      2014
                                          LATITUDE:   33 17 N
                                          LONGITUDE: 104 32 W

  TEMPERATURE IN F:       :PCPN:    SNOW:  WIND      :SUNSHINE: SKY     :PK WND
================================================================================
1   2   3   4   5  6A  6B    7    8   9   10  11  12  13   14  15   16   17  18
                                     12Z  AVG MX 2MIN
DY MAX MIN AVG DEP HDD CDD  WTR  SNW DPTH SPD SPD DIR MIN PSBL S-S WX    SPD DR
================================================================================

 1  84  42  63   6   2   0 0.00  0.0    0 11.8 37 190   M    M   0        42 190
 2  83  41  62   5   3   0 0.00  0.0    0 14.9 37 210   M    M   2        44 210
 3  68  43  56  -1   9   0 0.00  0.0    0 14.2 35 270   M    M   0 8      45 260
 4  65  29  47 -10  18   0 0.00  0.0    0  9.6 24 150   M    M   0        32 150
 5  75  39  57  -1   8   0 0.00  0.0    0 11.3 30 200   M    M   0        35 220
 6  72  42  57  -1   8   0    T  0.0    0 10.8 29 320   M    M   2        35 350
 7  69  43  56  -2   9   0 0.00  0.0    0  9.3 26  30   M    M   1        32  20
 8  75  36  56  -2   9   0 0.00  0.0    0  6.5 16 140   M    M   0        21 140
 9  90  39  65   6   0   0 0.00  0.0    0  6.6 16 260   M    M   0        19 260
10  90  55  73  14   0   8 0.00  0.0    0 12.0 22 310   M    M   0        28 330
11  86  46  66   7   0   1 0.00  0.0    0  6.7 21 210   M    M   0        41 200
12  85  52  69   9   0   4 0.00  0.0    0 12.6 35 210   M    M   1 8      43 210
13  85  42  64   4   1   0 0.00  0.0    0 15.4 37  10   M    M   1 8      46  10
14  51  32  42 -18  23   0    T    T    T 14.6 29  30   M    M   4        36  40
15  72  24  48 -12  17   0 0.00  0.0    0 15.6 28 160   M    M   0        37 160
16  84  42  63   2   2   0 0.00  0.0    0 13.0 33 360   M    M   0 8      42 350
================================================================================
SM 1234  647       109  13    T     T    184.9          M       11
================================================================================
AV 77.1 40.4                              11.6 FASTST   M    M   1    MAX(MPH)
                                 MISC ---->  # 37 190               # 46   10
================================================================================
NOTES:
# LAST OF SEVERAL OCCURRENCES

COLUMN 17 PEAK WIND IN M.P.H.

PRELIMINARY LOCAL CLIMATOLOGICAL DATA (WS FORM: F-6) , PAGE 2

                                          STATION:  ROSWELL NM
                                          MONTH:    APRIL
                                          YEAR:     2014
                                          LATITUDE:   33 17 N
                                          LONGITUDE: 104 32 W

[TEMPERATURE DATA]      [PRECIPITATION DATA]       SYMBOLS USED IN COLUMN 16

AVERAGE MONTHLY: 58.8   TOTAL FOR MONTH:      T    1 = FOG OR MIST
DPTR FM NORMAL:   0.2   DPTR FM NORMAL:   -0.26    2 = FOG REDUCING VISIBILITY
HIGHEST:    90 ON 10, 9 GRTST 24HR    T  ON 14-14      TO 1/4 MILE OR LESS
LOWEST:     24 ON 15                               3 = THUNDER
                        SNOW, ICE PELLETS, HAIL    4 = ICE PELLETS
                        TOTAL MONTH:    T          5 = HAIL
                        GRTST 24HR    T  ON 14-14  6 = FREEZING RAIN OR DRIZZLE
                        GRTST DEPTH:   T           7 = DUSTSTORM OR SANDSTORM:
                                                       VSBY 1/2 MILE OR LESS
                                                   8 = SMOKE OR HAZE
[NO. OF DAYS WITH]      [WEATHER - DAYS WITH]      9 = BLOWING SNOW
                                                   X = TORNADO
MAX 32 OR BELOW:   0    0.01 INCH OR MORE:   0
MAX 90 OR ABOVE:   2    0.10 INCH OR MORE:   0
MIN 32 OR BELOW:   3    0.50 INCH OR MORE:   0
MIN  0 OR BELOW:   0    1.00 INCH OR MORE:   0

[HDD (BASE 65) ]
TOTAL THIS MO.   109    CLEAR  (SCALE 0-3)  15
DPTR FM NORMAL    -2    PTCLDY (SCALE 4-7)   1
TOTAL FM JUL 1  3193    CLOUDY (SCALE 8-10)  0
DPTR FM NORMAL   -12

[CDD (BASE 65) ]
TOTAL THIS MO.    13
DPTR FM NORMAL     2    [PRESSURE DATA]
TOTAL FM JAN 1    14    HIGHEST SLP M ON M
DPTR FM NORMAL     0    LOWEST  SLP 29.41 ON 13

[REMARKS]
