000
CXUS55 KABQ 271000
CF6ROW
PRELIMINARY LOCAL CLIMATOLOGICAL DATA (WS FORM: F-6)

                                          STATION:   ROSWELL NM
                                          MONTH:     JANUARY
                                          YEAR:      2015
                                          LATITUDE:   33 17 N
                                          LONGITUDE: 104 32 W

  TEMPERATURE IN F:       :PCPN:    SNOW:  WIND      :SUNSHINE: SKY     :PK WND
================================================================================
1   2   3   4   5  6A  6B    7    8   9   10  11  12  13   14  15   16   17  18
                                     12Z  AVG MX 2MIN
DY MAX MIN AVG DEP HDD CDD  WTR  SNW DPTH SPD SPD DIR MIN PSBL S-S WX    SPD DR
================================================================================

 1  25  18  22 -17  43   0 0.00  0.0    0  2.2  8 330   M    M  10         9 340
 2  33  21  27 -12  38   0 0.22  2.2    0  5.6 14  50   M    M  10 12     18  50
 3  47  14  31  -8  34   0 0.02  0.3    2  5.9 15 120   M    M   3 12     17 170
 4  39  17  28 -11  37   0 0.00  0.0    0  6.9 16 160   M    M   1 1      20  40
 5  41  25  33  -6  32   0 0.00  0.0    0  5.4 14 180   M    M   5 128    17 160
 6  57  24  41   2  24   0 0.00  0.0    0  7.0 18  20   M    M   0 1      22  20
 7  35  23  29 -11  36   0 0.00  0.0    0 10.6 28  30   M    M   6 18     32  50
 8  38  20  29 -11  36   0 0.00  0.0    0  8.1 17 350   M    M   4 1      23 350
 9  39  24  32  -8  33   0 0.00  0.0    0  7.5 21 360   M    M   7        26  10
10  43  21  32  -8  33   0 0.00  0.0    0  8.9 17 160   M    M   2 1      21 140
11  64  25  45   5  20   0 0.00  0.0    0  5.1 18 310   M    M   4 12     24 300
12  42  31  37  -3  28   0 0.01    T    0  8.9 18  10   M    M   7 1      22  10
13  32  30  31  -9  34   0    T  0.0    0  6.9 13 150   M    M  10 16     16 170
14  39  27  33  -7  32   0 0.01  0.1    0  2.5  7 190   M    M  10 18      8 190
15  57  20  39  -1  26   0 0.00  0.0    0  5.9 15  20   M    M   0        18  30
16  63  19  41   1  24   0 0.00  0.0    0  6.1 16 150   M    M   0        20 160
17  65  22  44   4  21   0 0.00  0.0    0  6.8 24  10   M    M   0        30 360
18  71  23  47   6  18   0 0.00  0.0    0  4.2 14 300   M    M   0        17 290
19  77  30  54  13  11   0 0.00  0.0    0  8.1 23 330   M    M   0        29 330
20  65  35  50   9  15   0 0.00  0.0    0  8.1 22 360   M    M   0        26  10
21  42  32  37  -4  28   0 0.11  0.0    0  4.8 16  50   M    M   8 1      18  80
22  36  18  27 -14  38   0 0.41  6.0    3 11.2 20  10   M    M   9 1      23  20
23  37   6  22 -19  43   0 0.00  0.0    6  2.4  9 300   M    M   0 1      10 270
24  52  16  34  -8  31   0 0.00  0.0    3  3.7 12 180   M    M   0        14 180
25  57  26  42   0  23   0 0.00  0.0    2  6.0 15 170   M    M   0        18 150
26  63  29  46   4  19   0 0.00  0.0    0  3.9 13 260   M    M   0        14 260
================================================================================
SM 1259  596       757   0  0.78     8.6 162.7          M       96
================================================================================
AV 48.4 22.9                               6.3 FASTST   M    M   4    MAX(MPH)
                                 MISC ---->  # 28  30               # 32   50
================================================================================
NOTES:
# LAST OF SEVERAL OCCURRENCES

COLUMN 17 PEAK WIND IN M.P.H.

PRELIMINARY LOCAL CLIMATOLOGICAL DATA (WS FORM: F-6) , PAGE 2

                                          STATION:  ROSWELL NM
                                          MONTH:    JANUARY
                                          YEAR:     2015
                                          LATITUDE:   33 17 N
                                          LONGITUDE: 104 32 W

[TEMPERATURE DATA]      [PRECIPITATION DATA]       SYMBOLS USED IN COLUMN 16

AVERAGE MONTHLY: 35.7   TOTAL FOR MONTH:   0.78    1 = FOG OR MIST
DPTR FM NORMAL:  -4.6   DPTR FM NORMAL:    0.46    2 = FOG REDUCING VISIBILITY
HIGHEST:    77 ON 19    GRTST 24HR  0.52 ON 21-22      TO 1/4 MILE OR LESS
LOWEST:      6 ON 23                               3 = THUNDER
                        SNOW, ICE PELLETS, HAIL    4 = ICE PELLETS
                        TOTAL MONTH:   8.6 INCHES  5 = HAIL
                        GRTST 24HR   6.0 ON 22-22  6 = FREEZING RAIN OR DRIZZLE
                        GRTST DEPTH:   6 ON 23     7 = DUSTSTORM OR SANDSTORM:
                                                       VSBY 1/2 MILE OR LESS
                                                   8 = SMOKE OR HAZE
[NO. OF DAYS WITH]      [WEATHER - DAYS WITH]      9 = BLOWING SNOW
                                                   X = TORNADO
MAX 32 OR BELOW:   2    0.01 INCH OR MORE:   6
MAX 90 OR ABOVE:   0    0.10 INCH OR MORE:   3
MIN 32 OR BELOW:  25    0.50 INCH OR MORE:   0
MIN  0 OR BELOW:   0    1.00 INCH OR MORE:   0

[HDD (BASE 65) ]
TOTAL THIS MO.   757    CLEAR  (SCALE 0-3)  14
DPTR FM NORMAL   114    PTCLDY (SCALE 4-7)   7
TOTAL FM JUL 1  2100    CLOUDY (SCALE 8-10)  5
DPTR FM NORMAL    47

[CDD (BASE 65) ]
TOTAL THIS MO.     0
DPTR FM NORMAL     0    [PRESSURE DATA]
TOTAL FM JAN 1     0    HIGHEST SLP M ON M
DPTR FM NORMAL     0    LOWEST  SLP 29.85 ON  3

[REMARKS]
