000
CXUS53 KGRB 290730
CF6RRL
PRELIMINARY LOCAL CLIMATOLOGICAL DATA (WS FORM: F-6)

                                          STATION:   MERRILL MUNICIPAL AI
                                          MONTH:     MAY
                                          YEAR:      2017
                                          LATITUDE:   45 10 N
                                          LONGITUDE:  89 42 W

  TEMPERATURE IN F:       :PCPN:    SNOW:  WIND      :SUNSHINE: SKY     :PK WND
================================================================================
1   2   3   4   5  6A  6B    7    8   9   10  11  12  13   14  15   16   17  18
                                     12Z  AVG MX 2MIN
DY MAX MIN AVG DEP HDD CDD  WTR  SNW DPTH SPD SPD DIR MIN PSBL S-S WX    SPD DR
================================================================================

 1  45  36  41   M  24   0 0.27    M    0  6.6 16  90   M    M  10 1      23  90
 2  52  32  42   M  23   0 0.00  0.0    0 11.0 20 350   M    M   6        29 360
 3  65  27  46   M  19   0 0.00  0.0    0  4.7 12 250   M    M   1        16 220
 4  64  32  48   M  17   0 0.00  0.0    0  4.7 15  20   M    M   4        23  10
 5  65  31  48   M  17   0 0.00  0.0    0  3.8 12  50   M    M   3        17  30
 6  59  32  46   M  19   0 0.00  0.0    0  9.7 20  30   M    M   1        27  20
 7  57  28  43   M  22   0 0.00  0.0    0  7.5 17 360   M    M   0        22 360
 8  62  24  43   M  22   0 0.00  0.0    0  1.4  6 130   M    M   1         M  M
 9  55  42  49   M  16   0 0.02    M    0  3.3  8 230   M    M   9         M  M
10  67  45  56   M   9   0 0.01    M    0  1.5  6  40   M    M   9 12      M  M
11  68  38  53   M  12   0 0.00  0.0    0  3.2 12 360   M    M   6 12     16 360
12  70  40  55   M  10   0 0.00  0.0    0  4.0 16  40   M    M   4        27  30
13  65  41  53   M  12   0 0.00  0.0    0  4.3 10 320   M    M   5        20 360
14  70  35  53   M  12   0 0.00  0.0    0  6.4 10 150   M    M   1        17 150
15  74  49  62   M   3   0 0.26    M    0  7.6 15 100   M    M   5 3      22 100
16  76  52  64   M   1   0 0.41  0.0    0  5.9 15 150   M    M   8 3      22 150
17  75  55  65   M   0   0 1.86  0.0    0  5.6 14 200   M    M   8 13     43 250
18  58  34  46   M  19   0 0.07    M    0 10.5 20 350   M    M   8        27  10
19  55  33  44   M  21   0 0.00  0.0    0  7.3 14  60   M    M   0        20  70
20  54  36  45   M  20   0 0.26    M    0 10.1 17 110   M    M   6 1      25 120
21  55  44  50   M  15   0 0.07    M    0  9.3 16 240   M    M  10 13     21 250
22  62  41  52   M  13   0 0.03    M    0  9.9 16 270   M    M   8 1      27 270
23  59  42  51   M  14   0 0.19    M    0  4.3 10  60   M    M  10         M  M
24  57  46  52   M  13   0 0.04    M    0  5.7  9  70   M    M  10        16  40
25  73  45  59   M   6   0 0.00  0.0    0  2.9  8 110   M    M   6         M  M
26  71  54  63   M   2   0 0.01  0.0    0  4.5  8 180   M    M   7         M  M
27  74  50  62   M   3   0 0.07  0.0    0  4.6 16 250   M    M   6 12     21 250
28  71  49  60   M   5   0 0.06    M    0  8.0 22 260   M    M   6        44 280
================================================================================
SM 1778 1113       369   0  3.63     0.0 168.3          M      158
================================================================================
AV 63.5 39.8                               6.0 FASTST   M    M   6    MAX(MPH)
                                 MISC ---->  # 22 260               # 44  280
================================================================================
NOTES:
# LAST OF SEVERAL OCCURRENCES

COLUMN 17 PEAK WIND IN M.P.H.

PRELIMINARY LOCAL CLIMATOLOGICAL DATA (WS FORM: F-6) , PAGE 2

                                          STATION:  MERRILL MUNICIPAL AI
                                          MONTH:    MAY
                                          YEAR:     2017
                                          LATITUDE:   45 10 N
                                          LONGITUDE:  89 42 W

[TEMPERATURE DATA]      [PRECIPITATION DATA]       SYMBOLS USED IN COLUMN 16

AVERAGE MONTHLY: 51.6   TOTAL FOR MONTH:   3.63    1 = FOG OR MIST
DPTR FM NORMAL:     M   DPTR FM NORMAL:       M    2 = FOG REDUCING VISIBILITY
HIGHEST:    76 ON 16    GRTST 24HR  1.86 ON 17-17      TO 1/4 MILE OR LESS
LOWEST:     24 ON  8                               3 = THUNDER
                        SNOW, ICE PELLETS, HAIL    4 = ICE PELLETS
                        TOTAL MONTH:   0.0 INCH    5 = HAIL
                        GRTST 24HR     0.0         6 = FREEZING RAIN OR DRIZZLE
                        GRTST DEPTH:   0           7 = DUSTSTORM OR SANDSTORM:
                                                       VSBY 1/2 MILE OR LESS
                                                   8 = SMOKE OR HAZE
[NO. OF DAYS WITH]      [WEATHER - DAYS WITH]      9 = BLOWING SNOW
                                                   X = TORNADO
MAX 32 OR BELOW:   0    0.01 INCH OR MORE:  15
MAX 90 OR ABOVE:   0    0.10 INCH OR MORE:   6
MIN 32 OR BELOW:   7    0.50 INCH OR MORE:   1
MIN  0 OR BELOW:   0    1.00 INCH OR MORE:   1

[HDD (BASE 65) ]
TOTAL THIS MO.   369    CLEAR  (SCALE 0-3)   6
DPTR FM NORMAL     M    PTCLDY (SCALE 4-7)  15
TOTAL FM JUL 1  6712    CLOUDY (SCALE 8-10)  7
DPTR FM NORMAL  6332

[CDD (BASE 65) ]
TOTAL THIS MO.     0
DPTR FM NORMAL     M    [PRESSURE DATA]
TOTAL FM JAN 1     0    HIGHEST SLP M ON M
DPTR FM NORMAL     0    LOWEST  SLP M ON M

[REMARKS]
