000
CXUS51 KBTV 260700
CF6RUT
PRELIMINARY LOCAL CLIMATOLOGICAL DATA (WS FORM: F-6)

                                          STATION:   RUTLAND VT
                                          MONTH:     MARCH
                                          YEAR:      2015
                                          LATITUDE:   43 31 N
                                          LONGITUDE:  72 57 W

  TEMPERATURE IN F:       :PCPN:    SNOW:  WIND      :SUNSHINE: SKY     :PK WND
================================================================================
1   2   3   4   5  6A  6B    7    8   9   10  11  12  13   14  15   16   17  18
                                     12Z  AVG MX 2MIN
DY MAX MIN AVG DEP HDD CDD  WTR  SNW DPTH SPD SPD DIR MIN PSBL S-S WX    SPD DR
================================================================================

 1  27  -2  13   M  52   0 0.02    M    0  6.3 13 120   M    M   7         M  M
 2  28  16  22   M  43   0    M    M    0  9.5 22 300   M    M   9        31 280
 3  28   1  15   M  50   0 0.01    M    0  7.4 21 130   M    M   4        23 130
 4  37  27  32   M  33   0 0.00  0.0    0  8.5 15 280   M    M   8        22 250
 5  30   0  15   M  50   0 0.00  0.0    0  9.7 15 350   M    M   2        24 350
 6  21  -9   6   M  59   0 0.00  0.0    0  5.4 10 130   M    M   0         M  M
 7  28   5  17   M  48   0 0.00  0.0    0  5.8 13 240   M    M   7        18 270
 8  34  18  26   M  39   0 0.00  0.0    0  4.3 13 320   M    M   7        21 320
 9  43  23  33   M  32   0 0.00  0.0    0  8.3 17 270   M    M   5        23 300
10  50  27  39   M  26   0 0.00  0.0    0  6.4 12 120   M    M   4         M  M
11  46  37  42   M  23   0 0.00  0.0    0  9.4 18 330   M    M   5        28 330
12  39  16  28   M  37   0 0.00  0.0    0 11.7 18 350   M    M   2        33 330
13  30  10  20   M  45   0 0.00  0.0    0  2.9  7 130   M    M   5         M  M
14  36  25  31   M  34   0 0.04    M    0 12.9 22 120   M    M   9        29 120
15  36  25  31   M  34   0 0.04    M    0  9.3 18 330   M    M  10        32 330
16  39  18  29   M  36   0 0.00  0.0    0  2.6  8 330   M    M   5         M  M
17  43  27  35   M  30   0 0.08    M    0 10.0 27 360   M    M   9        37 360
18  21  12  17   M  48   0 0.00  0.0    0 12.7 22 310   M    M   6        35 310
19  27   9  18   M  47   0 0.00  0.0    0  7.1 14 360   M    M   0        27 350
20  34  14  24   M  41   0 0.00  0.0    0  8.5 13 120   M    M   5        16 130
21  41  23  32   M  33   0 0.00  0.0    0  6.0 14 310   M    M   9        22 290
22  19  12  16   M  49   0 0.00  0.0    0 12.0 17 340   M    M   6        28 320
23  25   7  16   M  49   0 0.00  0.0    0  8.9 13 350   M    M   2        20 310
24  36   7  22   M  43   0 0.00  0.0    0  4.8 10 120   M    M   0         M  M
25  55  16  36   M  29   0 0.00  0.0    0  8.1 20 160   M    M   4        25 190
================================================================================
SM  853  364      1010   0  0.19     0.0 198.5          M      130
================================================================================
AV 34.1 14.6                               7.9 FASTST   M    M   5    MAX(MPH)
                                 MISC ---->  # 27 360                 37    M
================================================================================
NOTES:
# LAST OF SEVERAL OCCURRENCES

COLUMN 17 PEAK WIND IN M.P.H.

PRELIMINARY LOCAL CLIMATOLOGICAL DATA (WS FORM: F-6) , PAGE 2

                                          STATION:  RUTLAND VT
                                          MONTH:    MARCH
                                          YEAR:     2015
                                          LATITUDE:   43 31 N
                                          LONGITUDE:  72 57 W

[TEMPERATURE DATA]      [PRECIPITATION DATA]       SYMBOLS USED IN COLUMN 16

AVERAGE MONTHLY: 24.3   TOTAL FOR MONTH:   0.19    1 = FOG OR MIST
DPTR FM NORMAL:     M   DPTR FM NORMAL:       M    2 = FOG REDUCING VISIBILITY
HIGHEST:    55 ON 25    GRTST 24HR  0.08 ON 17-17      TO 1/4 MILE OR LESS
LOWEST:     -9 ON  6                               3 = THUNDER
                        SNOW, ICE PELLETS, HAIL    4 = ICE PELLETS
                        TOTAL MONTH:   0.0 INCH    5 = HAIL
                        GRTST 24HR     0.0         6 = FREEZING RAIN OR DRIZZLE
                        GRTST DEPTH:   0           7 = DUSTSTORM OR SANDSTORM:
                                                       VSBY 1/2 MILE OR LESS
                                                   8 = SMOKE OR HAZE
[NO. OF DAYS WITH]      [WEATHER - DAYS WITH]      9 = BLOWING SNOW
                                                   X = TORNADO
MAX 32 OR BELOW:  11    0.01 INCH OR MORE:   5
MAX 90 OR ABOVE:   0    0.10 INCH OR MORE:   0
MIN 32 OR BELOW:  24    0.50 INCH OR MORE:   0
MIN  0 OR BELOW:   3    1.00 INCH OR MORE:   0

[HDD (BASE 65) ]
TOTAL THIS MO.  1010    CLEAR  (SCALE 0-3)   6
DPTR FM NORMAL     M    PTCLDY (SCALE 4-7)  14
TOTAL FM JUL 1  6738    CLOUDY (SCALE 8-10)  5
DPTR FM NORMAL     M

[CDD (BASE 65) ]
TOTAL THIS MO.     0
DPTR FM NORMAL     M    [PRESSURE DATA]
TOTAL FM JAN 1     0    HIGHEST SLP M ON M
DPTR FM NORMAL     M    LOWEST  SLP M ON M

[REMARKS]
