000
CXUS51 KBTV 230700
CF6RUT
PRELIMINARY LOCAL CLIMATOLOGICAL DATA (WS FORM: F-6)

                                          STATION:   RUTLAND VT
                                          MONTH:     OCTOBER
                                          YEAR:      2014
                                          LATITUDE:   43 31 N
                                          LONGITUDE:  72 57 W

  TEMPERATURE IN F:       :PCPN:    SNOW:  WIND      :SUNSHINE: SKY     :PK WND
================================================================================
1   2   3   4   5  6A  6B    7    8   9   10  11  12  13   14  15   16   17  18
                                     12Z  AVG MX 2MIN
DY MAX MIN AVG DEP HDD CDD  WTR  SNW DPTH SPD SPD DIR MIN PSBL S-S WX    SPD DR
================================================================================

 1  61  55  58   M   7   0 0.02  0.0    0  3.1  8 120   M    M  10         M  M
 2  70  55  63   M   2   0 0.00  0.0    0  4.6 10 120   M    M   8         M  M
 3  70  48  59   M   6   0 0.00  0.0    0 11.2 20 140   M    M   0        25 140
 4  57  48  53   M  12   0 0.18    M    0  8.4 15 140   M    M   9        23 160
 5  55  39  47   M  18   0 0.00  0.0    0  6.2 13 270   M    M   3        20 270
 6  64  36  50   M  15   0 0.00  0.0    0 10.2 18 140   M    M   2        24 190
 7  68  55  62   M   3   0 0.01  0.0    0 11.6 17 200   M    M   6        27 140
 8  64  50  57   M   8   0 0.00  0.0    0  9.4 15 240   M    M   9        25 220
 9  57  46  52   M  13   0 0.00  0.0    0  8.1 16 260   M    M   8        22 250
10  54  36  45   M  20   0 0.00  0.0    0  4.7  9 120   M    M   4         M  M
11  55  36  46   M  19   0 0.00  0.0    0  3.9  9 140   M    M   7         M  M
12  55  32  44   M  21   0 0.00  0.0    0  5.7 12 130   M    M   0         M  M
13  59  34  47   M  18   0 0.00  0.0    0  5.8 10 120   M    M   7         M  M
14  75  55  65   M   0   0 0.00  0.0    0  9.4 16 120   M    M   8        22 180
15  81  66  74   M   0   9 0.00  0.0    0  9.8 16 120   M    M   9        25 180
16  72  59  66   M   0   1 0.00  0.0    0 10.4 16 140   M    M   7        21 140
17  64  55  60   M   5   0 0.00  0.0    0  7.2 14 250   M    M   8        21 240
18  59  46  53   M  12   0    M  0.0    0  6.4 10 130   M    M   9 3       M  M
19  46  34  40   M  25   0 0.00  0.0    0  9.6 15 320   M    M   9        21 340
20  52  27  40   M  25   0 0.00  0.0    0  3.5  9 250   M    M   6         M  M
21  50  45  48   M  17   0 0.00  0.0    0  4.2 10 160   M    M  10         M  M
22  50  46  48   M  17   0 0.00  0.0    0  8.5 22  10   M    M  10        25  10
================================================================================
SM 1338 1003       263  10  0.21     0.0 161.9          M      149
================================================================================
AV 60.8 45.6                               7.4 FASTST   M    M   7    MAX(MPH)
                                 MISC ---->    22   M               # 27  140
================================================================================
NOTES:
# LAST OF SEVERAL OCCURRENCES

COLUMN 17 PEAK WIND IN M.P.H.

PRELIMINARY LOCAL CLIMATOLOGICAL DATA (WS FORM: F-6) , PAGE 2

                                          STATION:  RUTLAND VT
                                          MONTH:    OCTOBER
                                          YEAR:     2014
                                          LATITUDE:   43 31 N
                                          LONGITUDE:  72 57 W

[TEMPERATURE DATA]      [PRECIPITATION DATA]       SYMBOLS USED IN COLUMN 16

AVERAGE MONTHLY: 53.2   TOTAL FOR MONTH:   0.21    1 = FOG OR MIST
DPTR FM NORMAL:     M   DPTR FM NORMAL:       M    2 = FOG REDUCING VISIBILITY
HIGHEST:    81 ON 15    GRTST 24HR  0.18 ON  4- 4      TO 1/4 MILE OR LESS
LOWEST:     27 ON 20                               3 = THUNDER
                        SNOW, ICE PELLETS, HAIL    4 = ICE PELLETS
                        TOTAL MONTH:   0.0 INCH    5 = HAIL
                        GRTST 24HR     0.0         6 = FREEZING RAIN OR DRIZZLE
                        GRTST DEPTH:   0           7 = DUSTSTORM OR SANDSTORM:
                                                       VSBY 1/2 MILE OR LESS
                                                   8 = SMOKE OR HAZE
[NO. OF DAYS WITH]      [WEATHER - DAYS WITH]      9 = BLOWING SNOW
                                                   X = TORNADO
MAX 32 OR BELOW:   0    0.01 INCH OR MORE:   3
MAX 90 OR ABOVE:   0    0.10 INCH OR MORE:   1
MIN 32 OR BELOW:   2    0.50 INCH OR MORE:   0
MIN  0 OR BELOW:   0    1.00 INCH OR MORE:   0

[HDD (BASE 65) ]
TOTAL THIS MO.   263    CLEAR  (SCALE 0-3)   3
DPTR FM NORMAL     M    PTCLDY (SCALE 4-7)  10
TOTAL FM JUL 1   525    CLOUDY (SCALE 8-10)  9
DPTR FM NORMAL     M

[CDD (BASE 65) ]
TOTAL THIS MO.    10
DPTR FM NORMAL     M    [PRESSURE DATA]
TOTAL FM JAN 1   280    HIGHEST SLP M ON M
DPTR FM NORMAL     M    LOWEST  SLP M ON M

[REMARKS]
