000
CXUS51 KBTV 190700
CF6RUT
PRELIMINARY LOCAL CLIMATOLOGICAL DATA (WS FORM: F-6)

                                          STATION:   RUTLAND VT
                                          MONTH:     DECEMBER
                                          YEAR:      2014
                                          LATITUDE:   43 31 N
                                          LONGITUDE:  72 57 W

  TEMPERATURE IN F:       :PCPN:    SNOW:  WIND      :SUNSHINE: SKY     :PK WND
================================================================================
1   2   3   4   5  6A  6B    7    8   9   10  11  12  13   14  15   16   17  18
                                     12Z  AVG MX 2MIN
DY MAX MIN AVG DEP HDD CDD  WTR  SNW DPTH SPD SPD DIR MIN PSBL S-S WX    SPD DR
================================================================================

 1  52  30  41   M  24   0 0.00  0.0    0  5.7 10 280   M    M   9        17 300
 2  32  16  24   M  41   0 0.00  0.0    0  9.9 25 120   M    M   5        38 120
 3  43  30  37   M  28   0 0.00  0.0    0 10.8 17 130   M    M  10        27 140
 4  34  18  26   M  39   0 0.00  0.0    0  7.7 14 300   M    M   7        29 300
 5  34  16  25   M  40   0 0.00  0.0    0 10.7 18 140   M    M   4        24 140
 6  36  30  33   M  32   0    M  0.0    0  6.7 15 120   M    M  10        21 130
 7  30   9  20   M  45   0 0.00  0.0    0  8.7 16 340   M    M   3        24 340
 8  23   7  15   M  50   0 0.00  0.0    0 10.2 17 160   M    M   4        20 150
 9  36  23  30   M  35   0 0.00  0.0    0  9.0 15 180   M    M  10        22 180
10  32  28  30   M  35   0 0.17    M    0  7.7 12 340   M    M  10        17 340
11  30  28  29   M  36   0 0.12    M    0  1.6  6 340   M    M  10         M  M
12  28  27  28   M  37   0 0.03    M    0  0.0  M   M   M    M  10         M  M
13  28  25  27   M  38   0 0.00  0.0    0  0.0  M   M   M    M   9         M  M
14  32  25  29   M  36   0 0.00  0.0    0   M   M   M   M    M  10         M  M
15  30  28  29   M  36   0 0.00  0.0    0  3.5 10 160   M    M  10         M  M
16  37  27  32   M  33   0 0.00  0.0    0 10.4 15 120   M    M   9        21 120
17  37  34  36   M  29   0 0.11    M    0  4.0 13 140   M    M  10        16 160
18  36  28  32   M  33   0 0.00  0.0    0  8.6 14 280   M    M  10        21 300
================================================================================
SM  610  429       647   0  0.43     0.0 115.2          M      150
================================================================================
AV 33.9 23.8                               6.8 FASTST   M    M   8    MAX(MPH)
                                 MISC ---->    25   M               # 38  120
================================================================================
NOTES:
# LAST OF SEVERAL OCCURRENCES

COLUMN 17 PEAK WIND IN M.P.H.

PRELIMINARY LOCAL CLIMATOLOGICAL DATA (WS FORM: F-6) , PAGE 2

                                          STATION:  RUTLAND VT
                                          MONTH:    DECEMBER
                                          YEAR:     2014
                                          LATITUDE:   43 31 N
                                          LONGITUDE:  72 57 W

[TEMPERATURE DATA]      [PRECIPITATION DATA]       SYMBOLS USED IN COLUMN 16

AVERAGE MONTHLY: 28.9   TOTAL FOR MONTH:   0.43    1 = FOG OR MIST
DPTR FM NORMAL:     M   DPTR FM NORMAL:       M    2 = FOG REDUCING VISIBILITY
HIGHEST:    52 ON  1    GRTST 24HR  0.17 ON 10-10      TO 1/4 MILE OR LESS
LOWEST:      7 ON  8                               3 = THUNDER
                        SNOW, ICE PELLETS, HAIL    4 = ICE PELLETS
                        TOTAL MONTH:   0.0 INCH    5 = HAIL
                        GRTST 24HR     0.0         6 = FREEZING RAIN OR DRIZZLE
                        GRTST DEPTH:   0           7 = DUSTSTORM OR SANDSTORM:
                                                       VSBY 1/2 MILE OR LESS
                                                   8 = SMOKE OR HAZE
[NO. OF DAYS WITH]      [WEATHER - DAYS WITH]      9 = BLOWING SNOW
                                                   X = TORNADO
MAX 32 OR BELOW:   9    0.01 INCH OR MORE:   4
MAX 90 OR ABOVE:   0    0.10 INCH OR MORE:   3
MIN 32 OR BELOW:  17    0.50 INCH OR MORE:   0
MIN  0 OR BELOW:   0    1.00 INCH OR MORE:   0

[HDD (BASE 65) ]
TOTAL THIS MO.   647    CLEAR  (SCALE 0-3)   1
DPTR FM NORMAL     M    PTCLDY (SCALE 4-7)   4
TOTAL FM JUL 1  2216    CLOUDY (SCALE 8-10) 13
DPTR FM NORMAL     M

[CDD (BASE 65) ]
TOTAL THIS MO.     0
DPTR FM NORMAL     M    [PRESSURE DATA]
TOTAL FM JAN 1   280    HIGHEST SLP M ON M
DPTR FM NORMAL     M    LOWEST  SLP M ON M

[REMARKS]
