000
CXUS54 KTSA 250840
CF6RVS
PRELIMINARY LOCAL CLIMATOLOGICAL DATA (WS FORM: F-6)

                                          STATION:   TULSA-RIVERSIDE  OKLAHOMA
                                          MONTH:     MAY
                                          YEAR:      2015
                                          LATITUDE:   36  2 N
                                          LONGITUDE:  95 59 W

  TEMPERATURE IN F:       :PCPN:    SNOW:  WIND      :SUNSHINE: SKY     :PK WND
================================================================================
1   2   3   4   5  6A  6B    7    8   9   10  11  12  13   14  15   16   17  18
                                     12Z  AVG MX 2MIN
DY MAX MIN AVG DEP HDD CDD  WTR  SNW DPTH SPD SPD DIR MIN PSBL S-S WX    SPD DR
================================================================================

 1  78  46  62  -2   3   0 0.00  0.0    0  2.1 10 120   M    M   0        15 130
 2  82  50  66   2   0   1 0.00  0.0    0  7.0 18 190   M    M   0        24 180
 3  82  56  69   4   0   4    T  0.0    0  9.5 22 190   M    M   0        29 200
 4  84  58  71   6   0   6 0.00  0.0    0  7.9 20 180   M    M   1        27 180
 5  81  56  69   4   0   4 0.28  0.0    0  8.4 23 170   M    M   3 1      29 170
 6  78  60  69   3   0   4 1.71  0.0    0 12.1 26 170   M    M   6 13     34 160
 7  82  64  73   7   0   8 0.17  0.0    0  8.2 32 170   M    M   2 13     44 180
 8  76  63  70   4   0   5 0.82  0.0    0  5.9 26 100   M    M   9 13     36  90
 9  72  62  67   1   0   2 0.89  0.0    0  8.4 29 120   M    M   6 13     41 110
10  77  63  70   3   0   5 0.12  0.0    0  8.1 20 190   M    M   5 138    27 180
11  70  49  60  -7   5   0 0.00  0.0    0  4.8 14  10   M    M   1 8      20 320
12  71  47  59  -8   6   0 0.00  0.0    0  4.6 14  60   M    M   0 8      18  60
13  68  51  60  -8   5   0 0.03  0.0    0  9.1 18 130   M    M   8 18     24 120
14  82  59  71   3   0   6 0.03  0.0    0  9.1 18 190   M    M   7 138    30 210
15  79  66  73   5   0   8 0.12  0.0    0  9.2 18 180   M    M   4 38     25 180
16  83  65  74   5   0   9 1.38  0.0    0 10.6 22 270   M    M   5 13     35 270
17  84  64  74   5   0   9 0.05  0.0    0  8.4 15 190   M    M   3 138    20 150
18  86  62  74   5   0   9    T  0.0    0  7.6 15  40   M    M   3 128    22  10
19  68  58  63  -6   2   0 0.46  0.0    0  9.7 17  50   M    M   6 18     24  60
20  68  55  62  -8   3   0 0.01  0.0    0  6.3 14  20   M    M   9 1      21 340
21  66  50  58 -12   7   0 0.00  0.0    0  6.9 14  40   M    M   6 8      20  10
22  62  51  57 -13   8   0 0.23  0.0    0  6.9 14 130   M    M   8 8      19 130
23  75  59  67  -4   0   2 3.70  0.0    0  8.6 18 300   M    M   9 13     30 300
24  70  58  64  -7   1   0 0.56  0.0    0  4.8 13 130   M    M   9 18     21 130
================================================================================
SM 1824 1372        40  82 10.56     0.0 184.2          M      110
================================================================================
AV 76.0 57.2                               7.7 FASTST   M    M   5    MAX(MPH)
                                 MISC ---->  # 32 170               # 44  180
================================================================================
NOTES:
# LAST OF SEVERAL OCCURRENCES

COLUMN 17 PEAK WIND IN M.P.H.

PRELIMINARY LOCAL CLIMATOLOGICAL DATA (WS FORM: F-6) , PAGE 2

                                          STATION:  TULSA-RIVERSIDE  OKLAHOMA
                                          MONTH:    MAY
                                          YEAR:     2015
                                          LATITUDE:   36  2 N
                                          LONGITUDE:  95 59 W

[TEMPERATURE DATA]      [PRECIPITATION DATA]       SYMBOLS USED IN COLUMN 16

AVERAGE MONTHLY: 66.6   TOTAL FOR MONTH:  10.56    1 = FOG OR MIST
DPTR FM NORMAL:  -0.9   DPTR FM NORMAL:    6.19    2 = FOG REDUCING VISIBILITY
HIGHEST:    86 ON 18    GRTST 24HR  4.14 ON 23-24      TO 1/4 MILE OR LESS
LOWEST:     46 ON  1                               3 = THUNDER
                        SNOW, ICE PELLETS, HAIL    4 = ICE PELLETS
                        TOTAL MONTH:   0.0 INCH    5 = HAIL
                        GRTST 24HR     0.0         6 = FREEZING RAIN OR DRIZZLE
                        GRTST DEPTH:   0           7 = DUSTSTORM OR SANDSTORM:
                                                       VSBY 1/2 MILE OR LESS
                                                   8 = SMOKE OR HAZE
[NO. OF DAYS WITH]      [WEATHER - DAYS WITH]      9 = BLOWING SNOW
                                                   X = TORNADO
MAX 32 OR BELOW:   0    0.01 INCH OR MORE:  16
MAX 90 OR ABOVE:   0    0.10 INCH OR MORE:  12
MIN 32 OR BELOW:   0    0.50 INCH OR MORE:   6
MIN  0 OR BELOW:   0    1.00 INCH OR MORE:   3

[HDD (BASE 65) ]
TOTAL THIS MO.    40    CLEAR  (SCALE 0-3)   9
DPTR FM NORMAL     0    PTCLDY (SCALE 4-7)  10
TOTAL FM JUL 1  3662    CLOUDY (SCALE 8-10)  5
DPTR FM NORMAL   -29

[CDD (BASE 65) ]
TOTAL THIS MO.    82
DPTR FM NORMAL   -17    [PRESSURE DATA]
TOTAL FM JAN 1   138    HIGHEST SLP M ON M
DPTR FM NORMAL   -13    LOWEST  SLP 29.76 ON 16

[REMARKS]
