000
CXUS53 KMPX 211000
CF6RWF
PRELIMINARY LOCAL CLIMATOLOGICAL DATA (WS FORM: F-6)

                                          STATION:   REDWOOD FALLS MN
                                          MONTH:     OCTOBER
                                          YEAR:      2017
                                          LATITUDE:   44 32 N
                                          LONGITUDE:  95  5 W

  TEMPERATURE IN F:       :PCPN:    SNOW:  WIND      :SUNSHINE: SKY     :PK WND
================================================================================
1   2   3   4   5  6A  6B    7    8   9   10  11  12  13   14  15   16   17  18
                                     12Z  AVG MX 2MIN
DY MAX MIN AVG DEP HDD CDD  WTR  SNW DPTH SPD SPD DIR MIN PSBL S-S WX    SPD DR
================================================================================

 1  66  53  60   6   5   0 0.58    M    M 21.1 33 170   M    M   6 13     44 160
 2  62  53  58   4   7   0 2.54    M    M  6.9 23 170   M    M   7 13     29 170
 3  66  49  58   4   7   0 1.95    M    M  9.5 21 290   M    M   4 13     28 290
 4  63  41  52  -1  13   0    T    M    M  7.9 16 280   M    M   0        22 280
 5  59  50  55   2  10   0 0.02    M    M  3.7 14  90   M    M   9 123    19  80
 6  56  47  52   0  13   0 0.51    M    M  5.1 17 110   M    M  10 123    23 100
 7  73  52  63  11   2   0 0.07    M    M  8.5 17 270   M    M   4 1      22 250
 8  71  49  60   8   5   0 0.00    M    M  8.6 20 360   M    M   0        31 360
 9  51  34  43  -8  22   0 0.01    M    M  7.6 15 320   M    M   5        23 330
10  54  28  41 -10  24   0 0.00    M    M  2.2 10 110   M    M   0 1      12 110
11  63  31  47  -3  18   0 0.00    M    M  7.4 17 150   M    M   0 1      23 160
12  64  47  56   6   9   0 0.00    M    M 14.7 26 150   M    M   4        37 140
13  61  44  53   4  12   0    T    M    M  6.7 13 310   M    M   1        18  30
14  59  43  51   2  14   0 0.29    M    M  9.9 21 340   M    M   6 18     30  30
15  56  35  46  -2  19   0    T    M    M 10.2 21 290   M    M   4        26 290
16  71  34  53   5  12   0 0.00    M    M 10.2 23 210   M    M   0        28 210
17  77  41  59  11   6   0 0.00    M    M  6.9 15 200   M    M   0        21 200
18  72  44  58  11   7   0 0.00    M    M  9.4 21 290   M    M   0        30 290
19  75  37  56   9   9   0 0.00    M    M 12.1 26 180   M    M   0        33 190
20  80  51  66  20   0   1 0.00    M    M 19.4 37 180   M    M   0        43 180
================================================================================
SM 1299  863       214   1  5.97    M    188.0          M       60
================================================================================
AV 65.0 43.2                               9.4 FASTST   M    M   3    MAX(MPH)
                                 MISC ---->  # 37 180               # 44  160
================================================================================
NOTES:
# LAST OF SEVERAL OCCURRENCES

COLUMN 17 PEAK WIND IN M.P.H.

PRELIMINARY LOCAL CLIMATOLOGICAL DATA (WS FORM: F-6) , PAGE 2

                                          STATION:  REDWOOD FALLS MN
                                          MONTH:    OCTOBER
                                          YEAR:     2017
                                          LATITUDE:   44 32 N
                                          LONGITUDE:  95  5 W

[TEMPERATURE DATA]      [PRECIPITATION DATA]       SYMBOLS USED IN COLUMN 16

AVERAGE MONTHLY: 54.1   TOTAL FOR MONTH:   5.97    1 = FOG OR MIST
DPTR FM NORMAL:   3.6   DPTR FM NORMAL:    4.39    2 = FOG REDUCING VISIBILITY
HIGHEST:    80 ON 20    GRTST 24HR  2.54 ON  2- 2      TO 1/4 MILE OR LESS
LOWEST:     28 ON 10                               3 = THUNDER
                        SNOW, ICE PELLETS, HAIL    4 = ICE PELLETS
                        TOTAL MONTH:    M          5 = HAIL
                        GRTST 24HR    M  ON   M    6 = FREEZING RAIN OR DRIZZLE
                        GRTST DEPTH:  M  ON   M    7 = DUSTSTORM OR SANDSTORM:
                                                       VSBY 1/2 MILE OR LESS
                                                   8 = SMOKE OR HAZE
[NO. OF DAYS WITH]      [WEATHER - DAYS WITH]      9 = BLOWING SNOW
                                                   X = TORNADO
MAX 32 OR BELOW:   0    0.01 INCH OR MORE:   8
MAX 90 OR ABOVE:   0    0.10 INCH OR MORE:   5
MIN 32 OR BELOW:   2    0.50 INCH OR MORE:   4
MIN  0 OR BELOW:   0    1.00 INCH OR MORE:   2

[HDD (BASE 65) ]
TOTAL THIS MO.   214    CLEAR  (SCALE 0-3)  10
DPTR FM NORMAL   -82    PTCLDY (SCALE 4-7)   8
TOTAL FM JUL 1   307    CLOUDY (SCALE 8-10)  2
DPTR FM NORMAL  -189

[CDD (BASE 65) ]
TOTAL THIS MO.     1
DPTR FM NORMAL     1    [PRESSURE DATA]
TOTAL FM JAN 1   678    HIGHEST SLP M ON M
DPTR FM NORMAL    14    LOWEST  SLP 29.42 ON  7

[REMARKS]
