000
CXUS54 KEWX 250910
CF6RYW
PRELIMINARY LOCAL CLIMATOLOGICAL DATA (WS FORM: F-6)

                                          STATION:   LAGO VISTA
                                          MONTH:     MARCH
                                          YEAR:      2017
                                          LATITUDE:   30 30 N
                                          LONGITUDE:  97 58 W

  TEMPERATURE IN F:       :PCPN:    SNOW:  WIND      :SUNSHINE: SKY     :PK WND
================================================================================
1   2   3   4   5  6A  6B    7    8   9   10  11  12  13   14  15   16   17  18
                                     12Z  AVG MX 2MIN
DY MAX MIN AVG DEP HDD CDD  WTR  SNW DPTH SPD SPD DIR MIN PSBL S-S WX    SPD DR
================================================================================

 1  69  51  60   M   5   0 0.00    M    M  9.5 17 360   M    M   0 1      25 360
 2  64  45  55   M  10   0 0.00    M    M  8.9 14  80   M    M   0        22  80
 3  69  45  57   M   8   0 0.00    M    M  6.8 10 160   M    M   3        17 170
 4  58  53  56   M   9   0 0.53    M    M  8.1 14 120   M    M  10 1      20 120
 5  73  58  66   M   0   1 0.08    M    M  5.9 10 200   M    M   8 1      16 200
 6  81  64  73   M   0   8 0.01    M    M 11.4 20 200   M    M  10 1      29 180
 7  71  57  64   M   1   0 0.00    M    M 10.1 21  40   M    M   9 1      29  30
 8  74  55  65   M   0   0 0.00    M    M  6.1  8  80   M    M  10         M  M
 9  79  65  72   M   0   7 0.00    M    M  7.0 13 190   M    M   8 3      22 170
10  83  60  72   M   0   7 0.00    M    M  4.8  9 150   M    M   3 2      17 150
11  66  61  64   M   1   0 0.59    M    M  5.4 10  80   M    M   8 1       M  M
12  61  45  53   M  12   0 0.05    M    M  7.9 18  40   M    M  10 1      30  30
13  68  47  58   M   7   0 0.00    M    M  7.0 13  30   M    M   6 12     21  30
14  73  41  57   M   8   0 0.00    M    M  5.8 10  50   M    M   0        17 200
15  73  49  61   M   4   0 0.00    M    M  5.4 10 150   M    M   2        17 150
16  79  58  69   M   0   4 0.00    M    M  9.2 15 180   M    M   8 1      23 190
17  81  65  73   M   0   8 0.00    M    M 12.4 20 200   M    M   7        28 200
18  82  63  73   M   0   8 0.00    M    M  5.5 10 190   M    M   7        16 190
19  83  64  74   M   0   9 0.00    M    M  8.4 12 180   M    M   4        20 180
20  83  62  73   M   0   8 0.00    M    M 10.0 14 230   M    M   3        23 220
21  83  61  72   M   0   7 0.00    M    M  8.3 13 190   M    M   3        21 210
22  81  67  74   M   0   9 0.00    M    M  8.4 12 180   M    M   5        21 160
23  83  64  74   M   0   9 0.00    M    M 13.7 21 190   M    M   5        35 170
24  84  64  74   M   0   9 0.04    M    0  8.7 15 160   M    M   6        32 180
================================================================================
SM 1801 1364        65  94  1.30    M    194.7          M      135
================================================================================
AV 75.0 56.8                               8.1 FASTST   M    M   6    MAX(MPH)
                                 MISC ---->  # 21  40               # 35  170
================================================================================
NOTES:
# LAST OF SEVERAL OCCURRENCES

COLUMN 17 PEAK WIND IN M.P.H.

PRELIMINARY LOCAL CLIMATOLOGICAL DATA (WS FORM: F-6) , PAGE 2

                                          STATION:  LAGO VISTA
                                          MONTH:    MARCH
                                          YEAR:     2017
                                          LATITUDE:   30 30 N
                                          LONGITUDE:  97 58 W

[TEMPERATURE DATA]      [PRECIPITATION DATA]       SYMBOLS USED IN COLUMN 16

AVERAGE MONTHLY: 65.9   TOTAL FOR MONTH:   1.30    1 = FOG OR MIST
DPTR FM NORMAL:     M   DPTR FM NORMAL:       M    2 = FOG REDUCING VISIBILITY
HIGHEST:    84 ON 24    GRTST 24HR  0.59 ON 11-11      TO 1/4 MILE OR LESS
LOWEST:     41 ON 14                               3 = THUNDER
                        SNOW, ICE PELLETS, HAIL    4 = ICE PELLETS
                        TOTAL MONTH:    M          5 = HAIL
                        GRTST 24HR    M  ON   M    6 = FREEZING RAIN OR DRIZZLE
                        GRTST DEPTH:   0           7 = DUSTSTORM OR SANDSTORM:
                                                       VSBY 1/2 MILE OR LESS
                                                   8 = SMOKE OR HAZE
[NO. OF DAYS WITH]      [WEATHER - DAYS WITH]      9 = BLOWING SNOW
                                                   X = TORNADO
MAX 32 OR BELOW:   0    0.01 INCH OR MORE:   6
MAX 90 OR ABOVE:   0    0.10 INCH OR MORE:   2
MIN 32 OR BELOW:   0    0.50 INCH OR MORE:   2
MIN  0 OR BELOW:   0    1.00 INCH OR MORE:   0

[HDD (BASE 65) ]
TOTAL THIS MO.    65    CLEAR  (SCALE 0-3)   7
DPTR FM NORMAL     M    PTCLDY (SCALE 4-7)  10
TOTAL FM JUL 1   945    CLOUDY (SCALE 8-10)  7
DPTR FM NORMAL     M

[CDD (BASE 65) ]
TOTAL THIS MO.    94
DPTR FM NORMAL     M    [PRESSURE DATA]
TOTAL FM JAN 1   195    HIGHEST SLP M ON M
DPTR FM NORMAL     M    LOWEST  SLP M ON M

[REMARKS]
