776
CXUS56 KSGX 191445
CF6SAN
PRELIMINARY LOCAL CLIMATOLOGICAL DATA (WS FORM: F-6)

                                          STATION:   SAN DIEGO INTL AIRPORT CA
                                          MONTH:     SEPTEMBER
                                          YEAR:      2017
                                          LATITUDE:   32 43 N
                                          LONGITUDE: 117 10 W

  TEMPERATURE IN F:       :PCPN:    SNOW:  WIND      :SUNSHINE: SKY     :PK WND
================================================================================
1   2   3   4   5  6A  6B    7    8   9   10  11  12  13   14  15   16   17  18
                                     12Z  AVG MX 2MIN
DY MAX MIN AVG DEP HDD CDD  WTR  SNW DPTH SPD SPD DIR MIN PSBL S-S WX    SPD DR
================================================================================

 1  89  69  79   7   0  14 0.00  0.0    0  5.2 14 290   M    M   5 1      18 300
 2  94  70  82  10   0  17 0.00  0.0    0  5.4 12 320   M    M   7        17 330
 3  91  71  81   9   0  16 0.03  0.0    0  7.7 17 120   M    M   8 1      22 110
 4  77  70  74   2   0   9 0.00  0.0    0  6.2 13 200   M    M   7 8      16 180
 5  80  70  75   3   0  10 0.00  0.0    0  7.5 17 300   M    M   6 18     21 290
 6  80  70  75   3   0  10 0.00  0.0    0  8.3 18 290   M    M   4        23 280
 7  80  69  75   4   0  10 0.00  0.0    0  7.7 16 290   M    M   5        20 290
 8  78  69  74   3   0   9 0.01  0.0    0  6.8 14 290   M    M   7        18 300
 9  78  69  74   3   0   9 0.04  0.0    0  7.7 16 280   M    M   7 1      20 280
10  80  69  75   4   0  10 0.00  0.0    0  6.6 15 290   M    M   6        18 290
11  82  71  77   6   0  12 0.00  0.0    0  6.0 15 300   M    M   3        19 300
12  78  71  75   4   0  10 0.00  0.0    0  7.9 17 280   M    M   6        22 300
13  78  68  73   2   0   8 0.00  0.0    0  7.7 16 290   M    M   7        21 290
14  77  67  72   1   0   7    T  0.0    0  7.5 16 330   M    M   6        22 330
15  76  68  72   1   0   7 0.00  0.0    0  5.9 15 260   M    M   7        19 280
16  74  67  71   0   0   6 0.00  0.0    0  5.7 13 230   M    M   7        19 290
17  75  68  72   2   0   7 0.00  0.0    0  8.2 17 290   M    M   7        22 290
18  76  68  72   2   0   7 0.00  0.0    0  6.4 14 270   M    M   7        22 270
================================================================================
SM 1443 1244         0 178  0.08     0.0 124.4          M      112
================================================================================
AV 80.2 69.1                               6.9 FASTST   M    M   6    MAX(MPH)
                                 MISC ---->  # 18 290               # 23  280
================================================================================
NOTES:
# LAST OF SEVERAL OCCURRENCES

COLUMN 17 PEAK WIND IN M.P.H.

PRELIMINARY LOCAL CLIMATOLOGICAL DATA (WS FORM: F-6) , PAGE 2

                                          STATION:  SAN DIEGO INTL AIRPORT CA
                                          MONTH:    SEPTEMBER
                                          YEAR:     2017
                                          LATITUDE:   32 43 N
                                          LONGITUDE: 117 10 W

[TEMPERATURE DATA]      [PRECIPITATION DATA]       SYMBOLS USED IN COLUMN 16

AVERAGE MONTHLY: 74.6   TOTAL FOR MONTH:   0.08    1 = FOG OR MIST
DPTR FM NORMAL:   3.4   DPTR FM NORMAL:    0.02    2 = FOG REDUCING VISIBILITY
HIGHEST:    94 ON  2    GRTST 24HR  0.04 ON  9- 9      TO 1/4 MILE OR LESS
LOWEST:     67 ON 16,14                            3 = THUNDER
                        SNOW, ICE PELLETS, HAIL    4 = ICE PELLETS
                        TOTAL MONTH:   0.0 INCH    5 = HAIL
                        GRTST 24HR     0.0         6 = FREEZING RAIN OR DRIZZLE
                        GRTST DEPTH:   0           7 = DUSTSTORM OR SANDSTORM:
                                                       VSBY 1/2 MILE OR LESS
                                                   8 = SMOKE OR HAZE
[NO. OF DAYS WITH]      [WEATHER - DAYS WITH]      9 = BLOWING SNOW
                                                   X = TORNADO
MAX 32 OR BELOW:   0    0.01 INCH OR MORE:   3
MAX 90 OR ABOVE:   2    0.10 INCH OR MORE:   0
MIN 32 OR BELOW:   0    0.50 INCH OR MORE:   0
MIN  0 OR BELOW:   0    1.00 INCH OR MORE:   0

[HDD (BASE 65) ]
TOTAL THIS MO.     0    CLEAR  (SCALE 0-3)   1
DPTR FM NORMAL     0    PTCLDY (SCALE 4-7)  17
TOTAL FM JUL 1     0    CLOUDY (SCALE 8-10)  0
DPTR FM NORMAL    -1

[CDD (BASE 65) ]
TOTAL THIS MO.   178
DPTR FM NORMAL    65    [PRESSURE DATA]
TOTAL FM JAN 1   881    HIGHEST SLP M ON M
DPTR FM NORMAL   300    LOWEST  SLP 29.71 ON  1

[REMARKS]
