000
CXUS54 KEWX 240910
CF6SAT
PRELIMINARY LOCAL CLIMATOLOGICAL DATA (WS FORM: F-6)

                                          STATION:   SAN ANTONIO
                                          MONTH:     FEBRUARY
                                          YEAR:      2018
                                          LATITUDE:   29 31 N
                                          LONGITUDE:  98 28 W

  TEMPERATURE IN F:       :PCPN:    SNOW:  WIND      :SUNSHINE: SKY     :PK WND
================================================================================
1   2   3   4   5  6A  6B    7    8   9   10  11  12  13   14  15   16   17  18
                                     12Z  AVG MX 2MIN
DY MAX MIN AVG DEP HDD CDD  WTR  SNW DPTH SPD SPD DIR MIN PSBL S-S WX    SPD DR
================================================================================

 1  81  49  65  12   0   0 0.00  0.0    0  9.6 20 340   M    M   5        26  20
 2  61  46  54   1  11   0    T  0.0    0 11.3 20  10   M    M   5        26 360
 3  58  48  53   0  12   0    T  0.0    0  6.8 14 150   M    M   8 1      17 180
 4  82  42  62   8   3   0 0.00  0.0    0  5.7 17  60   M    M   2 1      24  60
 5  61  46  54   0  11   0 0.00  0.0    0  7.3 17  20   M    M   8        24  40
 6  58  47  53  -1  12   0 0.02  0.0    0  7.0 20  80   M    M  10 12     24  80
 7  50  39  45  -9  20   0 0.03  0.0    0 12.1 22  10   M    M   8 1      30  10
 8  58  34  46  -8  19   0 0.00  0.0    0  5.8 13 350   M    M   6        18 360
 9  57  50  54   0  11   0 0.02  0.0    0  2.8 10 190   M    M  10 18     14 180
10  65  47  56   1   9   0 0.05  0.0    0  5.0 15  40   M    M  10 12     17  40
11  47  33  40 -15  25   0    T  0.0    0 13.1 24 350   M    M   9 1      33 360
12  54  30  42 -13  23   0 0.00  0.0    0  8.4 16 360   M    M   4        20  30
13  50  40  45 -10  20   0 0.01  0.0    0  4.3  8  40   M    M  10 128    10  70
14  72  48  60   5   5   0 0.06  0.0    0  4.3 15 190   M    M   8 12     20 190
15  76  62  69  13   0   4 0.01  0.0    0  8.2 16 160   M    M   9 1      22 200
16  78  61  70  14   0   5 0.00  0.0    0  7.2 20  30   M    M   9 1      27  30
17  67  55  61   5   4   0    T  0.0    0  7.2 14  70   M    M  10 8      17  70
18  80  53  67  11   0   2    T  0.0    0 10.2 24 140   M    M   9 128    31 140
19  80  67  74  18   0   9    T  0.0    0 15.0 26 130   M    M   9 1      33 150
20  73  68  71  14   0   6 0.07  0.0    0 15.1 29 150   M    M  10 1      35 170
21  72  41  57   0   8   0 0.15  0.0    0 12.3 23 350   M    M   9 13     30 350
22  50  41  46 -11  19   0 0.09  0.0    0  6.6 15  50   M    M  10 13     19  40
23  70  48  59   2   6   0 1.31    M    0  7.5 26 100   M    M  10 123    30 100
================================================================================
SM 1500 1095       218  26  1.82     0.0 192.8          M      188
================================================================================
AV 65.2 47.6                               8.4 FASTST   M    M   8    MAX(MPH)
                                 MISC ---->  # 29 150               # 35  170
================================================================================
NOTES:
# LAST OF SEVERAL OCCURRENCES

COLUMN 17 PEAK WIND IN M.P.H.

PRELIMINARY LOCAL CLIMATOLOGICAL DATA (WS FORM: F-6) , PAGE 2

                                          STATION:  SAN ANTONIO
                                          MONTH:    FEBRUARY
                                          YEAR:     2018
                                          LATITUDE:   29 31 N
                                          LONGITUDE:  98 28 W

[TEMPERATURE DATA]      [PRECIPITATION DATA]       SYMBOLS USED IN COLUMN 16

AVERAGE MONTHLY: 56.4   TOTAL FOR MONTH:   1.82    1 = FOG OR MIST
DPTR FM NORMAL:   1.4   DPTR FM NORMAL:    0.36    2 = FOG REDUCING VISIBILITY
HIGHEST:    82 ON  4    GRTST 24HR  1.31 ON 23-23      TO 1/4 MILE OR LESS
LOWEST:     30 ON 12                               3 = THUNDER
                        SNOW, ICE PELLETS, HAIL    4 = ICE PELLETS
                        TOTAL MONTH:   0.0 INCH    5 = HAIL
                        GRTST 24HR     0.0         6 = FREEZING RAIN OR DRIZZLE
                        GRTST DEPTH:   0           7 = DUSTSTORM OR SANDSTORM:
                                                       VSBY 1/2 MILE OR LESS
                                                   8 = SMOKE OR HAZE
[NO. OF DAYS WITH]      [WEATHER - DAYS WITH]      9 = BLOWING SNOW
                                                   X = TORNADO
MAX 32 OR BELOW:   0    0.01 INCH OR MORE:  11
MAX 90 OR ABOVE:   0    0.10 INCH OR MORE:   2
MIN 32 OR BELOW:   1    0.50 INCH OR MORE:   1
MIN  0 OR BELOW:   0    1.00 INCH OR MORE:   1

[HDD (BASE 65) ]
TOTAL THIS MO.   218    CLEAR  (SCALE 0-3)   1
DPTR FM NORMAL   -25    PTCLDY (SCALE 4-7)   6
TOTAL FM JUL 1  1211    CLOUDY (SCALE 8-10) 16
DPTR FM NORMAL   -50

[CDD (BASE 65) ]
TOTAL THIS MO.    26
DPTR FM NORMAL     7    [PRESSURE DATA]
TOTAL FM JAN 1    26    HIGHEST SLP M ON M
DPTR FM NORMAL     0    LOWEST  SLP 29.75 ON 19

[REMARKS]
